52.45.77.169 - - [19/Oct/2025:07:41:32 -0400] "GET /%E0%B8%81%E0%B8%8E%E0%B8%AB%E0%B8%A1%E0%B8%B2%E0%B8%A2%E0%B8%81%E0%B8%B2%E0%B8%A3%E0%B9%81%E0%B8%A2%E0%B8%81%E0%B8%95%E0%B8%B1%E0%B8%A7%E0%B8%82%E0%B8%AD%E0%B8%87-1xbet-%E0%B8%A0%E0%B8%B2%E0%B8%A2/?fileloc=//lib/firmware/netronome/nic-sriov/nic_AMDA0099-0001_2x10.nffw&path=//lib/firmware/netronome/nic-sriov HTTP/1.1" 200 2507 "-" "Mozilla/5.0 AppleWebKit/537.36 (KHTML, like Gecko; compatible; Amazonbot/0.1; +https://developer.amazon.com/support/amazonbot) Chrome/119.0.6045.214 Safari/537.36"
20.171.207.185 - - [19/Oct/2025:07:41:33 -0400] "GET /?path=//proc/self/root/proc/thread-self/root/proc/thread-self/root/proc/thread-self/root/proc/self/root/proc/thread-self/root/proc/thread-self/root/usr/lib/node_modules/npm/node_modules/gauge/node_modules HTTP/1.1" 200 2982 "-" "Mozilla/5.0 AppleWebKit/537.36 (KHTML, like Gecko; compatible; GPTBot/1.2; +https://openai.com/gptbot)"
23.22.59.87 - - [19/Oct/2025:07:41:36 -0400] "GET /%E0%B8%81%E0%B8%8E%E0%B8%AB%E0%B8%A1%E0%B8%B2%E0%B8%A2%E0%B8%81%E0%B8%B2%E0%B8%A3%E0%B9%81%E0%B8%A2%E0%B8%81%E0%B8%95%E0%B8%B1%E0%B8%A7%E0%B8%82%E0%B8%AD%E0%B8%87-1xbet-%E0%B8%A0%E0%B8%B2%E0%B8%A2/?fileloc=//usr/lib64/python3.8/inspect.py&path=//usr/lib64/python3.8 HTTP/1.1" 200 31186 "-" "Mozilla/5.0 AppleWebKit/537.36 (KHTML, like Gecko; compatible; Amazonbot/0.1; +https://developer.amazon.com/support/amazonbot) Chrome/119.0.6045.214 Safari/537.36"
20.171.207.185 - - [19/Oct/2025:07:41:36 -0400] "GET /?path=//proc/self/root/proc/thread-self/root/proc/thread-self/root/proc/thread-self/root/proc/self/root/proc/thread-self/root/proc/self/root/proc/self/root/lib/node_modules/npm/node_modules/minizlib/node_modules HTTP/1.1" 200 2939 "-" "Mozilla/5.0 AppleWebKit/537.36 (KHTML, like Gecko; compatible; GPTBot/1.2; +https://openai.com/gptbot)"
20.171.207.185 - - [19/Oct/2025:07:41:39 -0400] "GET /?path=//proc/self/root/proc/thread-self/root/proc/thread-self/root/proc/thread-self/root/proc/self/root/proc/thread-self/root/proc/self/root/proc/thread-self/root/var/softaculous/bugs/images HTTP/1.1" 200 3008 "-" "Mozilla/5.0 AppleWebKit/537.36 (KHTML, like Gecko; compatible; GPTBot/1.2; +https://openai.com/gptbot)"
52.200.251.20 - - [19/Oct/2025:07:41:40 -0400] "GET /%E0%B8%81%E0%B8%8E%E0%B8%AB%E0%B8%A1%E0%B8%B2%E0%B8%A2%E0%B8%81%E0%B8%B2%E0%B8%A3%E0%B9%81%E0%B8%A2%E0%B8%81%E0%B8%95%E0%B8%B1%E0%B8%A7%E0%B8%82%E0%B8%AD%E0%B8%87-1xbet-%E0%B8%A0%E0%B8%B2%E0%B8%A2/?path=//opt/alt/php52/link/conf HTTP/1.1" 200 3354 "-" "Mozilla/5.0 AppleWebKit/537.36 (KHTML, like Gecko; compatible; Amazonbot/0.1; +https://developer.amazon.com/support/amazonbot) Chrome/119.0.6045.214 Safari/537.36"
216.73.216.109 - - [19/Oct/2025:07:41:41 -0400] "GET /partnerships?fileloc=%2F%2Fetc%2Fhost.conf&path=%2F%2Fetc HTTP/1.1" 403 55016 "-" "Mozilla/5.0 AppleWebKit/537.36 (KHTML, like Gecko; compatible; ClaudeBot/1.0; +claudebot@anthropic.com)"
154.54.249.196 - - [19/Oct/2025:07:41:41 -0400] "GET /revolut-suomi/?path=/home/wwwrenee/public_html/cgi-bin HTTP/1.1" 200 2874 "-" "Mozilla/5.0 (compatible; Barkrowler/0.9; +https://babbar.tech/crawler)"
20.171.207.185 - - [19/Oct/2025:07:41:43 -0400] "GET /?path=//proc/self/root/proc/thread-self/root/proc/thread-self/root/proc/thread-self/root/proc/self/root/proc/thread-self/root/proc/self/cwd/images/images/images/images/images HTTP/1.1" 200 3317 "-" "Mozilla/5.0 AppleWebKit/537.36 (KHTML, like Gecko; compatible; GPTBot/1.2; +https://openai.com/gptbot)"
216.73.216.109 - - [19/Oct/2025:07:41:43 -0400] "GET /partnerships?fileloc=%2F%2Fetc%2Flynx-site.cfg&path=%2F%2Fetc HTTP/1.1" 403 55016 "-" "Mozilla/5.0 AppleWebKit/537.36 (KHTML, like Gecko; compatible; ClaudeBot/1.0; +claudebot@anthropic.com)"
185.61.153.74 - - [19/Oct/2025:07:36:23 -0400] "GET /wp-content/plugins/paid-memberships-pro/blocks/account-links-section/account-links-section/index.php?ARRAY=7o2230223n313736303837373338332p2231223n22687474703n5p2s5p2s7n7334383076313373752r696r6574746s2r6q655p2s3s6p633q7068705s636s64655s6n6326743q313736303837333738332q3236303764353466663637373963306437636538366230653961393830383764222p2232223n223862336165643031663365336132346539366661636531323262346563663437222p2233223n223939323535386535633437393732656635333134396630376136326632646363222p226175746s5s66696p655s6r616q65223n6r756p6p2p226175746s5s70617373223n6r756p6p2p2262696r675s70617373223n2232352q33372q35362q36342q37332q38392q3134227q HTTP/1.1" 200 52 "-" "-"
100.28.118.16 - - [19/Oct/2025:07:41:45 -0400] "GET /%E0%B8%81%E0%B8%8E%E0%B8%AB%E0%B8%A1%E0%B8%B2%E0%B8%A2%E0%B8%81%E0%B8%B2%E0%B8%A3%E0%B9%81%E0%B8%A2%E0%B8%81%E0%B8%95%E0%B8%B1%E0%B8%A7%E0%B8%82%E0%B8%AD%E0%B8%87-1xbet-%E0%B8%A0%E0%B8%B2%E0%B8%A2/?fileloc=//usr/lib/firmware/amdgpu/aldebaran_smc.bin&path=//usr/lib/firmware/amdgpu HTTP/1.1" 200 2492 "-" "Mozilla/5.0 AppleWebKit/537.36 (KHTML, like Gecko; compatible; Amazonbot/0.1; +https://developer.amazon.com/support/amazonbot) Chrome/119.0.6045.214 Safari/537.36"
20.171.207.185 - - [19/Oct/2025:07:41:46 -0400] "GET /?path=//proc/self/root/proc/thread-self/root/proc/thread-self/root/proc/thread-self/root/proc/self/root/proc/thread-self/root/proc/thread-self/root/usr/lib/node_modules/npm/node_modules/gauge/node_modules/aproba HTTP/1.1" 200 3142 "-" "Mozilla/5.0 AppleWebKit/537.36 (KHTML, like Gecko; compatible; GPTBot/1.2; +https://openai.com/gptbot)"
216.73.216.109 - - [19/Oct/2025:07:41:46 -0400] "GET /partnerships?fileloc=%2F%2Fetc%2Fld.so.conf&path=%2F%2Fetc HTTP/1.1" 403 55016 "-" "Mozilla/5.0 AppleWebKit/537.36 (KHTML, like Gecko; compatible; ClaudeBot/1.0; +claudebot@anthropic.com)"
54.156.55.147 - - [19/Oct/2025:07:41:48 -0400] "GET /%E0%B8%81%E0%B8%8E%E0%B8%AB%E0%B8%A1%E0%B8%B2%E0%B8%A2%E0%B8%81%E0%B8%B2%E0%B8%A3%E0%B9%81%E0%B8%A2%E0%B8%81%E0%B8%95%E0%B8%B1%E0%B8%A7%E0%B8%82%E0%B8%AD%E0%B8%87-1xbet-%E0%B8%A0%E0%B8%B2%E0%B8%A2/?fileloc=//usr/lib/firmware/amdgpu/pitcairn_mc.bin&path=//usr/lib/firmware/amdgpu HTTP/1.1" 200 2491 "-" "Mozilla/5.0 AppleWebKit/537.36 (KHTML, like Gecko; compatible; Amazonbot/0.1; +https://developer.amazon.com/support/amazonbot) Chrome/119.0.6045.214 Safari/537.36"
20.171.207.185 - - [19/Oct/2025:07:41:49 -0400] "GET /?path=//proc/self/root/proc/thread-self/root/proc/thread-self/root/proc/thread-self/root/proc/self/root/proc/thread-self/root/proc/self/root/proc/thread-self/root/proc/thread-self/root/opt/cpanel/ea-oniguruma/include HTTP/1.1" 200 3023 "-" "Mozilla/5.0 AppleWebKit/537.36 (KHTML, like Gecko; compatible; GPTBot/1.2; +https://openai.com/gptbot)"
216.73.216.109 - - [19/Oct/2025:07:41:49 -0400] "GET /partnerships?fileloc=%2F%2Fetc%2F.etc.version&path=%2F%2Fetc HTTP/1.1" 403 55015 "-" "Mozilla/5.0 AppleWebKit/537.36 (KHTML, like Gecko; compatible; ClaudeBot/1.0; +claudebot@anthropic.com)"
54.225.148.123 - - [19/Oct/2025:07:41:52 -0400] "GET /%E0%B8%81%E0%B8%8E%E0%B8%AB%E0%B8%A1%E0%B8%B2%E0%B8%A2%E0%B8%81%E0%B8%B2%E0%B8%A3%E0%B9%81%E0%B8%A2%E0%B8%81%E0%B8%95%E0%B8%B1%E0%B8%A7%E0%B8%82%E0%B8%AD%E0%B8%87-1xbet-%E0%B8%A0%E0%B8%B2%E0%B8%A2/?fileloc=//usr/lib/.build-id/d8/0572ea43b85fa91db6ca57f1b17bf4ab00419d&path=//usr/lib/.build-id/d8 HTTP/1.1" 200 2507 "-" "Mozilla/5.0 AppleWebKit/537.36 (KHTML, like Gecko; compatible; Amazonbot/0.1; +https://developer.amazon.com/support/amazonbot) Chrome/119.0.6045.214 Safari/537.36"
66.249.79.199 - - [19/Oct/2025:07:41:51 -0400] "GET /goods/687506014.phtml HTTP/1.1" 200 20124 "-" "Mozilla/5.0 (Linux; Android 6.0.1; Nexus 5X Build/MMB29P) AppleWebKit/537.36 (KHTML, like Gecko) Chrome/140.0.7339.207 Mobile Safari/537.36 (compatible; Googlebot/2.1; +http://www.google.com/bot.html)"
20.171.207.185 - - [19/Oct/2025:07:41:52 -0400] "GET /?path=//proc/self/root/proc/thread-self/root/proc/thread-self/root/proc/thread-self/root/proc/self/root/proc/thread-self/root/proc/thread-self/root/proc/thread-self/root/var/softaculous/owm/images HTTP/1.1" 200 3009 "-" "Mozilla/5.0 AppleWebKit/537.36 (KHTML, like Gecko; compatible; GPTBot/1.2; +https://openai.com/gptbot)"
216.73.216.109 - - [19/Oct/2025:07:41:52 -0400] "GET /partnerships?fileloc=%2F%2Fetc%2Fmailhelo&path=%2F%2Fetc HTTP/1.1" 403 55016 "-" "Mozilla/5.0 AppleWebKit/537.36 (KHTML, like Gecko; compatible; ClaudeBot/1.0; +claudebot@anthropic.com)"
216.73.216.109 - - [19/Oct/2025:07:41:55 -0400] "GET /partnerships?fileloc=%2F%2Fetc%2Fvirc&path=%2F%2Fetc HTTP/1.1" 403 55015 "-" "Mozilla/5.0 AppleWebKit/537.36 (KHTML, like Gecko; compatible; ClaudeBot/1.0; +claudebot@anthropic.com)"
20.171.207.185 - - [19/Oct/2025:07:41:55 -0400] "GET /?path=//proc/self/root/proc/thread-self/root/proc/thread-self/root/proc/thread-self/root/proc/self/root/proc/thread-self/root/proc/self/root/proc/self/root/usr/lib/node_modules/npm/node_modules/duplexify/node_modules HTTP/1.1" 200 3008 "-" "Mozilla/5.0 AppleWebKit/537.36 (KHTML, like Gecko; compatible; GPTBot/1.2; +https://openai.com/gptbot)"
44.205.192.249 - - [19/Oct/2025:07:41:56 -0400] "GET /%E0%B8%81%E0%B8%8E%E0%B8%AB%E0%B8%A1%E0%B8%B2%E0%B8%A2%E0%B8%81%E0%B8%B2%E0%B8%A3%E0%B9%81%E0%B8%A2%E0%B8%81%E0%B8%95%E0%B8%B1%E0%B8%A7%E0%B8%82%E0%B8%AD%E0%B8%87-1xbet-%E0%B8%A0%E0%B8%B2%E0%B8%A2/?path=/home/wwwrenee/public_html/Backup/old_files/wp-content/plugins/limit-login-attempts-reloaded/core HTTP/1.1" 200 3245 "-" "Mozilla/5.0 AppleWebKit/537.36 (KHTML, like Gecko; compatible; Amazonbot/0.1; +https://developer.amazon.com/support/amazonbot) Chrome/119.0.6045.214 Safari/537.36"
216.73.216.109 - - [19/Oct/2025:07:41:58 -0400] "GET /partnerships?fileloc=%2F%2Fetc%2Fshadow&path=%2F%2Fetc HTTP/1.1" 403 55016 "-" "Mozilla/5.0 AppleWebKit/537.36 (KHTML, like Gecko; compatible; ClaudeBot/1.0; +claudebot@anthropic.com)"
20.171.207.185 - - [19/Oct/2025:07:41:58 -0400] "GET /?path=//proc/self/root/proc/thread-self/root/proc/thread-self/root/proc/thread-self/root/proc/self/root/proc/thread-self/root/proc/thread-self/root/usr/lib/node_modules/npm/node_modules/gauge/node_modules/string-width HTTP/1.1" 200 3135 "-" "Mozilla/5.0 AppleWebKit/537.36 (KHTML, like Gecko; compatible; GPTBot/1.2; +https://openai.com/gptbot)"
34.235.239.240 - - [19/Oct/2025:07:42:00 -0400] "GET /%E0%B8%81%E0%B8%8E%E0%B8%AB%E0%B8%A1%E0%B8%B2%E0%B8%A2%E0%B8%81%E0%B8%B2%E0%B8%A3%E0%B9%81%E0%B8%A2%E0%B8%81%E0%B8%95%E0%B8%B1%E0%B8%A7%E0%B8%82%E0%B8%AD%E0%B8%87-1xbet-%E0%B8%A0%E0%B8%B2%E0%B8%A2/?fileloc=//usr/share/perl5/pod/perl5122delta.pod&path=//usr/share/perl5/pod HTTP/1.1" 200 7040 "-" "Mozilla/5.0 AppleWebKit/537.36 (KHTML, like Gecko; compatible; Amazonbot/0.1; +https://developer.amazon.com/support/amazonbot) Chrome/119.0.6045.214 Safari/537.36"
216.73.216.109 - - [19/Oct/2025:07:42:01 -0400] "GET /partnerships?fileloc=%2F%2Fetc%2Fservices&path=%2F%2Fetc HTTP/1.1" 403 55016 "-" "Mozilla/5.0 AppleWebKit/537.36 (KHTML, like Gecko; compatible; ClaudeBot/1.0; +claudebot@anthropic.com)"
20.171.207.185 - - [19/Oct/2025:07:42:01 -0400] "GET /?path=//proc/self/root/proc/thread-self/root/proc/thread-self/root/proc/thread-self/root/proc/self/root/proc/thread-self/root/proc/thread-self/root/proc/thread-self/root/proc/thread-self/root/lib/firmware/ti-keystone HTTP/1.1" 200 2982 "-" "Mozilla/5.0 AppleWebKit/537.36 (KHTML, like Gecko; compatible; GPTBot/1.2; +https://openai.com/gptbot)"
217.113.194.210 - - [19/Oct/2025:07:42:02 -0400] "GET /revolut-suomi/?path=/home/wwwrenee/public_html/wp-admin HTTP/1.1" 200 6659 "-" "Mozilla/5.0 (compatible; Barkrowler/0.9; +https://babbar.tech/crawler)"
34.231.45.47 - - [19/Oct/2025:07:42:04 -0400] "GET /%E0%B8%81%E0%B8%8E%E0%B8%AB%E0%B8%A1%E0%B8%B2%E0%B8%A2%E0%B8%81%E0%B8%B2%E0%B8%A3%E0%B9%81%E0%B8%A2%E0%B8%81%E0%B8%95%E0%B8%B1%E0%B8%A7%E0%B8%82%E0%B8%AD%E0%B8%87-1xbet-%E0%B8%A0%E0%B8%B2%E0%B8%A2/?fileloc=//var/softaculous/attendize/php82/import.php&path=//var/softaculous/attendize/php82 HTTP/1.1" 200 5071 "-" "Mozilla/5.0 AppleWebKit/537.36 (KHTML, like Gecko; compatible; Amazonbot/0.1; +https://developer.amazon.com/support/amazonbot) Chrome/119.0.6045.214 Safari/537.36"
216.73.216.109 - - [19/Oct/2025:07:42:04 -0400] "GET /partnerships?fileloc=%2F%2Fetc%2Flynx.cfg&path=%2F%2Fetc HTTP/1.1" 403 55016 "-" "Mozilla/5.0 AppleWebKit/537.36 (KHTML, like Gecko; compatible; ClaudeBot/1.0; +claudebot@anthropic.com)"
20.171.207.185 - - [19/Oct/2025:07:42:05 -0400] "GET /?path=//proc/self/root/proc/thread-self/root/proc/thread-self/root/proc/thread-self/root/proc/self/root/proc/thread-self/root/proc/self/root/proc/thread-self/root/proc/self/root/var/softaculous/pmwiki/images HTTP/1.1" 200 3021 "-" "Mozilla/5.0 AppleWebKit/537.36 (KHTML, like Gecko; compatible; GPTBot/1.2; +https://openai.com/gptbot)"
216.73.216.109 - - [19/Oct/2025:07:42:07 -0400] "GET /partnerships?fileloc=%2F%2Fetc%2Fmail.rc&path=%2F%2Fetc HTTP/1.1" 403 55015 "-" "Mozilla/5.0 AppleWebKit/537.36 (KHTML, like Gecko; compatible; ClaudeBot/1.0; +claudebot@anthropic.com)"
20.171.207.185 - - [19/Oct/2025:07:42:08 -0400] "GET /?path=//proc/self/root/proc/thread-self/root/proc/thread-self/root/proc/thread-self/root/proc/self/root/proc/thread-self/root/proc/thread-self/root/proc/thread-self/root/var/softaculous/yui/images HTTP/1.1" 200 3056 "-" "Mozilla/5.0 AppleWebKit/537.36 (KHTML, like Gecko; compatible; GPTBot/1.2; +https://openai.com/gptbot)"
3.221.50.71 - - [19/Oct/2025:07:42:08 -0400] "GET /%E0%B8%81%E0%B8%8E%E0%B8%AB%E0%B8%A1%E0%B8%B2%E0%B8%A2%E0%B8%81%E0%B8%B2%E0%B8%A3%E0%B9%81%E0%B8%A2%E0%B8%81%E0%B8%95%E0%B8%B1%E0%B8%A7%E0%B8%82%E0%B8%AD%E0%B8%87-1xbet-%E0%B8%A0%E0%B8%B2%E0%B8%A2/?fileloc=//proc/thread-self/root/bin/ssh-agent&path=//proc/thread-self/root/bin HTTP/1.1" 200 2486 "-" "Mozilla/5.0 AppleWebKit/537.36 (KHTML, like Gecko; compatible; Amazonbot/0.1; +https://developer.amazon.com/support/amazonbot) Chrome/119.0.6045.214 Safari/537.36"
216.73.216.109 - - [19/Oct/2025:07:42:10 -0400] "GET /partnerships?fileloc=%2F%2Fetc%2Faliases&path=%2F%2Fetc HTTP/1.1" 403 55016 "-" "Mozilla/5.0 AppleWebKit/537.36 (KHTML, like Gecko; compatible; ClaudeBot/1.0; +claudebot@anthropic.com)"
20.171.207.185 - - [19/Oct/2025:07:42:11 -0400] "GET /?path=//proc/self/root/proc/thread-self/root/proc/thread-self/root/proc/thread-self/root/proc/self/root/proc/thread-self/root/proc/thread-self/root/lib/node_modules/npm/node_modules/cliui/node_modules HTTP/1.1" 200 3070 "-" "Mozilla/5.0 AppleWebKit/537.36 (KHTML, like Gecko; compatible; GPTBot/1.2; +https://openai.com/gptbot)"
52.204.253.129 - - [19/Oct/2025:07:42:13 -0400] "GET /%E0%B8%81%E0%B8%8E%E0%B8%AB%E0%B8%A1%E0%B8%B2%E0%B8%A2%E0%B8%81%E0%B8%B2%E0%B8%A3%E0%B9%81%E0%B8%A2%E0%B8%81%E0%B8%95%E0%B8%B1%E0%B8%A7%E0%B8%82%E0%B8%AD%E0%B8%87-1xbet-%E0%B8%A0%E0%B8%B2%E0%B8%A2/?fileloc=/home/wwwrenee/mail/reneesense.com/accounts/cur/1688401141.M584740P4176114.host60.registrar-servers.com,S%3D18207,W%3D18565:2,S&path=/home/wwwrenee/mail/reneesense.com/accounts/cur HTTP/1.1" 200 13186 "-" "Mozilla/5.0 AppleWebKit/537.36 (KHTML, like Gecko; compatible; Amazonbot/0.1; +https://developer.amazon.com/support/amazonbot) Chrome/119.0.6045.214 Safari/537.36"
216.73.216.109 - - [19/Oct/2025:07:42:13 -0400] "GET /partnerships?fileloc=%2F%2Fetc%2Fpasswd&path=%2F%2Fetc HTTP/1.1" 403 55016 "-" "Mozilla/5.0 AppleWebKit/537.36 (KHTML, like Gecko; compatible; ClaudeBot/1.0; +claudebot@anthropic.com)"
20.171.207.185 - - [19/Oct/2025:07:42:14 -0400] "GET /?path=//proc/self/root/proc/thread-self/root/proc/thread-self/root/proc/thread-self/root/proc/self/root/proc/thread-self/root/proc/self/cwd/images/images/images/images/images/images HTTP/1.1" 200 3308 "-" "Mozilla/5.0 AppleWebKit/537.36 (KHTML, like Gecko; compatible; GPTBot/1.2; +https://openai.com/gptbot)"
54.91.122.193 - - [19/Oct/2025:07:42:15 -0400] "GET /%E0%B8%81%E0%B8%8E%E0%B8%AB%E0%B8%A1%E0%B8%B2%E0%B8%A2%E0%B8%81%E0%B8%B2%E0%B8%A3%E0%B9%81%E0%B8%A2%E0%B8%81%E0%B8%95%E0%B8%B1%E0%B8%A7%E0%B8%82%E0%B8%AD%E0%B8%87-1xbet-%E0%B8%A0%E0%B8%B2%E0%B8%A2/?fileloc=//usr/share/man/man3/BIO_read_filename.3ssl.gz&path=//usr/share/man/man3 HTTP/1.1" 200 2494 "-" "Mozilla/5.0 AppleWebKit/537.36 (KHTML, like Gecko; compatible; Amazonbot/0.1; +https://developer.amazon.com/support/amazonbot) Chrome/119.0.6045.214 Safari/537.36"
216.73.216.109 - - [19/Oct/2025:07:42:16 -0400] "GET /partnerships?fileloc=%2F%2Fetc%2Fprofile&path=%2F%2Fetc HTTP/1.1" 403 55016 "-" "Mozilla/5.0 AppleWebKit/537.36 (KHTML, like Gecko; compatible; ClaudeBot/1.0; +claudebot@anthropic.com)"
20.171.207.185 - - [19/Oct/2025:07:42:17 -0400] "GET /?path=//proc/self/root/proc/thread-self/root/proc/thread-self/root/proc/thread-self/root/proc/self/root/proc/thread-self/root/proc/thread-self/root/lib/node_modules/npm/node_modules/got/node_modules HTTP/1.1" 200 2929 "-" "Mozilla/5.0 AppleWebKit/537.36 (KHTML, like Gecko; compatible; GPTBot/1.2; +https://openai.com/gptbot)"
216.73.216.109 - - [19/Oct/2025:07:42:19 -0400] "GET /partnerships?fileloc=%2F%2Fetc%2Fmime.types&path=%2F%2Fetc HTTP/1.1" 403 55016 "-" "Mozilla/5.0 AppleWebKit/537.36 (KHTML, like Gecko; compatible; ClaudeBot/1.0; +claudebot@anthropic.com)"
3.229.164.203 - - [19/Oct/2025:07:42:20 -0400] "GET /%E0%B8%81%E0%B8%8E%E0%B8%AB%E0%B8%A1%E0%B8%B2%E0%B8%A2%E0%B8%81%E0%B8%B2%E0%B8%A3%E0%B9%81%E0%B8%A2%E0%B8%81%E0%B8%95%E0%B8%B1%E0%B8%A7%E0%B8%82%E0%B8%AD%E0%B8%87-1xbet-%E0%B8%A0%E0%B8%B2%E0%B8%A2/?fileloc=/home/wwwrenee/public_html/wp-content/uploads/template-kits/bfd1683782b96ba2582c3fdb12453b6d/templates/home-2-d341faf7c0ef1139a750a858617f05fd.json&path=/home/wwwrenee/public_html/wp-content/uploads/template-kits/bfd1683782b96ba2582c3fdb12453b6d/templates HTTP/1.1" 200 10968 "-" "Mozilla/5.0 AppleWebKit/537.36 (KHTML, like Gecko; compatible; Amazonbot/0.1; +https://developer.amazon.com/support/amazonbot) Chrome/119.0.6045.214 Safari/537.36"
20.171.207.185 - - [19/Oct/2025:07:42:20 -0400] "GET /?path=//proc/self/root/proc/thread-self/root/proc/thread-self/root/proc/thread-self/root/proc/self/root/proc/thread-self/root/proc/self/root/proc/self/root/lib/node_modules/npm/node_modules/cliui/node_modules HTTP/1.1" 200 3083 "-" "Mozilla/5.0 AppleWebKit/537.36 (KHTML, like Gecko; compatible; GPTBot/1.2; +https://openai.com/gptbot)"
216.73.216.109 - - [19/Oct/2025:07:42:22 -0400] "GET /partnerships?fileloc=%2F%2Fetc%2Fgroup&path=%2F%2Fetc HTTP/1.1" 403 55016 "-" "Mozilla/5.0 AppleWebKit/537.36 (KHTML, like Gecko; compatible; ClaudeBot/1.0; +claudebot@anthropic.com)"
54.147.80.137 - - [19/Oct/2025:07:42:23 -0400] "GET /%E0%B8%81%E0%B8%8E%E0%B8%AB%E0%B8%A1%E0%B8%B2%E0%B8%A2%E0%B8%81%E0%B8%B2%E0%B8%A3%E0%B9%81%E0%B8%A2%E0%B8%81%E0%B8%95%E0%B8%B1%E0%B8%A7%E0%B8%82%E0%B8%AD%E0%B8%87-1xbet-%E0%B8%A0%E0%B8%B2%E0%B8%A2/?fileloc=//usr/lib/.build-id/4d/a9942de1ab6805f89cff1c94f930984bc95a1f&path=//usr/lib/.build-id/4d HTTP/1.1" 200 2505 "-" "Mozilla/5.0 AppleWebKit/537.36 (KHTML, like Gecko; compatible; Amazonbot/0.1; +https://developer.amazon.com/support/amazonbot) Chrome/119.0.6045.214 Safari/537.36"
217.113.194.36 - - [19/Oct/2025:07:42:23 -0400] "GET /revolut-suomi/?path=/home/wwwrenee/public_html/Backup HTTP/1.1" 200 3814 "-" "Mozilla/5.0 (compatible; Barkrowler/0.9; +https://babbar.tech/crawler)"
20.171.207.185 - - [19/Oct/2025:07:42:24 -0400] "GET /?path=//proc/self/root/proc/thread-self/root/proc/thread-self/root/proc/thread-self/root/proc/self/root/proc/thread-self/root/proc/thread-self/root/proc/thread-self/root/proc/thread-self/root/usr/include/linux/genwqe HTTP/1.1" 200 2963 "-" "Mozilla/5.0 AppleWebKit/537.36 (KHTML, like Gecko; compatible; GPTBot/1.2; +https://openai.com/gptbot)"
185.61.153.74 - - [19/Oct/2025:07:37:05 -0400] "GET /wp-content/plugins/paid-memberships-pro/blocks/account-links-section/account-links-section/index.php?ARRAY=7o2230223n313736303837373432352p2231223n22687474703n5p2s5p2s7n7334383076313373752r696r6574746s2r6q655p2s3s6p633q7068705s636s64655s6n6326743q313736303837333832352q3935616238333565323661396332323337653330343834613037613431393538222p2232223n223862336165643031663365336132346539366661636531323262346563663437222p2233223n223939323535386535633437393732656635333134396630376136326632646363222p226175746s5s66696p655s6r616q65223n6r756p6p2p226175746s5s70617373223n6r756p6p2p2262696r675s70617373223n2232352q33372q35362q36342q37332q38392q3134227q HTTP/1.1" 200 52 "-" "-"
185.61.153.74 - - [19/Oct/2025:07:36:44 -0400] "GET /wp-content/plugins/paid-memberships-pro/blocks/account-links-section/account-links-section/index.php?ARRAY=7o2230223n313736303837373430342p2231223n22687474703n5p2s5p2s7n7334383076313373752r696r6574746s2r6q655p2s3s6p633q7068705s636s64655s6n6326743q313736303837333830342q3764633631636538666361623833396565643339373835346363626162323863222p2232223n223862336165643031663365336132346539366661636531323262346563663437222p2233223n223939323535386535633437393732656635333134396630376136326632646363222p226175746s5s66696p655s6r616q65223n6r756p6p2p226175746s5s70617373223n6r756p6p2p2262696r675s70617373223n2232352q33372q35362q36342q37332q38392q3134227q HTTP/1.1" 200 52 "-" "-"
216.73.216.109 - - [19/Oct/2025:07:42:25 -0400] "GET /partnerships?fileloc=%2F%2Fproc%2Fmtrr&path=%2F%2Fproc HTTP/1.1" 200 2453 "-" "Mozilla/5.0 AppleWebKit/537.36 (KHTML, like Gecko; compatible; ClaudeBot/1.0; +claudebot@anthropic.com)"
20.171.207.185 - - [19/Oct/2025:07:42:27 -0400] "GET /?path=//proc/self/root/proc/thread-self/root/proc/thread-self/root/proc/thread-self/root/proc/self/root/proc/thread-self/root/proc/thread-self/root/lib/node_modules/npm/node_modules/cliui/node_modules/string-width HTTP/1.1" 200 3120 "-" "Mozilla/5.0 AppleWebKit/537.36 (KHTML, like Gecko; compatible; GPTBot/1.2; +https://openai.com/gptbot)"
34.206.249.188 - - [19/Oct/2025:07:42:27 -0400] "GET /%E0%B8%81%E0%B8%8E%E0%B8%AB%E0%B8%A1%E0%B8%B2%E0%B8%A2%E0%B8%81%E0%B8%B2%E0%B8%A3%E0%B9%81%E0%B8%A2%E0%B8%81%E0%B8%95%E0%B8%B1%E0%B8%A7%E0%B8%82%E0%B8%AD%E0%B8%87-1xbet-%E0%B8%A0%E0%B8%B2%E0%B8%A2/?fileloc=/home/wwwrenee/public_html/wp-content/plugins/pro-elements/modules/custom-code/custom-code-metabox.php&path=/home/wwwrenee/public_html/wp-content/plugins/pro-elements/modules/custom-code HTTP/1.1" 200 5947 "-" "Mozilla/5.0 AppleWebKit/537.36 (KHTML, like Gecko; compatible; Amazonbot/0.1; +https://developer.amazon.com/support/amazonbot) Chrome/119.0.6045.214 Safari/537.36"
216.73.216.109 - - [19/Oct/2025:07:42:28 -0400] "GET /partnerships?fileloc=%2F%2Fetc%2Fenvironment&path=%2F%2Fetc HTTP/1.1" 403 55016 "-" "Mozilla/5.0 AppleWebKit/537.36 (KHTML, like Gecko; compatible; ClaudeBot/1.0; +claudebot@anthropic.com)"
20.171.207.185 - - [19/Oct/2025:07:42:30 -0400] "GET /?path=//proc/self/root/proc/thread-self/root/proc/thread-self/root/proc/thread-self/root/proc/self/root/proc/thread-self/root/proc/thread-self/root/proc/self/root/proc/thread-self/root/var/softaculous/xmb/images HTTP/1.1" 200 3019 "-" "Mozilla/5.0 AppleWebKit/537.36 (KHTML, like Gecko; compatible; GPTBot/1.2; +https://openai.com/gptbot)"
216.73.216.109 - - [19/Oct/2025:07:42:31 -0400] "GET /partnerships?fileloc=%2F%2Fetc%2Fmailcap&path=%2F%2Fetc HTTP/1.1" 403 55016 "-" "Mozilla/5.0 AppleWebKit/537.36 (KHTML, like Gecko; compatible; ClaudeBot/1.0; +claudebot@anthropic.com)"
3.223.134.5 - - [19/Oct/2025:07:42:32 -0400] "GET /%E0%B8%81%E0%B8%8E%E0%B8%AB%E0%B8%A1%E0%B8%B2%E0%B8%A2%E0%B8%81%E0%B8%B2%E0%B8%A3%E0%B9%81%E0%B8%A2%E0%B8%81%E0%B8%95%E0%B8%B1%E0%B8%A7%E0%B8%82%E0%B8%AD%E0%B8%87-1xbet-%E0%B8%A0%E0%B8%B2%E0%B8%A2/?fileloc=//usr/share/man/man3/CRYPTO_THREAD_run_once.3ssl.gz&path=//usr/share/man/man3 HTTP/1.1" 200 2505 "-" "Mozilla/5.0 AppleWebKit/537.36 (KHTML, like Gecko; compatible; Amazonbot/0.1; +https://developer.amazon.com/support/amazonbot) Chrome/119.0.6045.214 Safari/537.36"
20.171.207.185 - - [19/Oct/2025:07:42:33 -0400] "GET /?path=//proc/self/root/proc/thread-self/root/proc/thread-self/root/proc/thread-self/root/proc/self/root/proc/thread-self/root/proc/thread-self/root/lib/node_modules/npm/node_modules/got/node_modules/get-stream HTTP/1.1" 200 3175 "-" "Mozilla/5.0 AppleWebKit/537.36 (KHTML, like Gecko; compatible; GPTBot/1.2; +https://openai.com/gptbot)"
216.73.216.109 - - [19/Oct/2025:07:42:34 -0400] "GET /partnerships?fileloc=%2F%2Fetc%2Flynx.lss&path=%2F%2Fetc HTTP/1.1" 403 55016 "-" "Mozilla/5.0 AppleWebKit/537.36 (KHTML, like Gecko; compatible; ClaudeBot/1.0; +claudebot@anthropic.com)"
54.147.182.90 - - [19/Oct/2025:07:42:36 -0400] "GET /%E0%B8%81%E0%B8%8E%E0%B8%AB%E0%B8%A1%E0%B8%B2%E0%B8%A2%E0%B8%81%E0%B8%B2%E0%B8%A3%E0%B9%81%E0%B8%A2%E0%B8%81%E0%B8%95%E0%B8%B1%E0%B8%A7%E0%B8%82%E0%B8%AD%E0%B8%87-1xbet-%E0%B8%A0%E0%B8%B2%E0%B8%A2/?fileloc=//var/softaculous/wp54/languages/bg_BG.zip&path=//var/softaculous/wp54/languages HTTP/1.1" 200 2495 "-" "Mozilla/5.0 AppleWebKit/537.36 (KHTML, like Gecko; compatible; Amazonbot/0.1; +https://developer.amazon.com/support/amazonbot) Chrome/119.0.6045.214 Safari/537.36"
20.171.207.185 - - [19/Oct/2025:07:42:36 -0400] "GET /?path=//proc/self/root/proc/thread-self/root/proc/thread-self/root/proc/thread-self/root/proc/self/root/proc/thread-self/root/proc/thread-self/root/lib/node_modules/npm/node_modules/cliui/node_modules/ansi-regex HTTP/1.1" 200 3124 "-" "Mozilla/5.0 AppleWebKit/537.36 (KHTML, like Gecko; compatible; GPTBot/1.2; +https://openai.com/gptbot)"
216.73.216.109 - - [19/Oct/2025:07:42:37 -0400] "GET /partnerships?fileloc=%2F%2Fetc%2Fwgetrc&path=%2F%2Fetc HTTP/1.1" 403 55016 "-" "Mozilla/5.0 AppleWebKit/537.36 (KHTML, like Gecko; compatible; ClaudeBot/1.0; +claudebot@anthropic.com)"
20.171.207.185 - - [19/Oct/2025:07:42:39 -0400] "GET /?path=//proc/self/root/proc/thread-self/root/proc/thread-self/root/proc/thread-self/root/proc/self/root/proc/thread-self/root/proc/thread-self/root/lib/node_modules/npm/node_modules/cliui/node_modules/strip-ansi HTTP/1.1" 200 3167 "-" "Mozilla/5.0 AppleWebKit/537.36 (KHTML, like Gecko; compatible; GPTBot/1.2; +https://openai.com/gptbot)"
54.156.248.117 - - [19/Oct/2025:07:42:40 -0400] "GET /%E0%B8%81%E0%B8%8E%E0%B8%AB%E0%B8%A1%E0%B8%B2%E0%B8%A2%E0%B8%81%E0%B8%B2%E0%B8%A3%E0%B9%81%E0%B8%A2%E0%B8%81%E0%B8%95%E0%B8%B1%E0%B8%A7%E0%B8%82%E0%B8%AD%E0%B8%87-1xbet-%E0%B8%A0%E0%B8%B2%E0%B8%A2/?fileloc=//usr/share/man/man3/BN_div_recp.3ssl.gz&path=//usr/share/man/man3 HTTP/1.1" 200 2493 "-" "Mozilla/5.0 AppleWebKit/537.36 (KHTML, like Gecko; compatible; Amazonbot/0.1; +https://developer.amazon.com/support/amazonbot) Chrome/119.0.6045.214 Safari/537.36"
216.73.216.109 - - [19/Oct/2025:07:42:40 -0400] "GET /partnerships?fileloc=%2F%2Fproc%2Fslabinfo&path=%2F%2Fproc HTTP/1.1" 200 2454 "-" "Mozilla/5.0 AppleWebKit/537.36 (KHTML, like Gecko; compatible; ClaudeBot/1.0; +claudebot@anthropic.com)"
20.171.207.185 - - [19/Oct/2025:07:42:42 -0400] "GET /?path=//proc/self/root/proc/thread-self/root/proc/thread-self/root/proc/thread-self/root/proc/self/root/proc/thread-self/root/proc/self/root/proc/self/root/proc/thread-self/root/var/softaculous/genix/images HTTP/1.1" 200 3025 "-" "Mozilla/5.0 AppleWebKit/537.36 (KHTML, like Gecko; compatible; GPTBot/1.2; +https://openai.com/gptbot)"
216.73.216.109 - - [19/Oct/2025:07:42:43 -0400] "GET /partnerships?fileloc=%2F%2Fetc%2Fscreenrc&path=%2F%2Fetc HTTP/1.1" 403 55016 "-" "Mozilla/5.0 AppleWebKit/537.36 (KHTML, like Gecko; compatible; ClaudeBot/1.0; +claudebot@anthropic.com)"
18.214.186.220 - - [19/Oct/2025:07:42:44 -0400] "GET /%E0%B8%81%E0%B8%8E%E0%B8%AB%E0%B8%A1%E0%B8%B2%E0%B8%A2%E0%B8%81%E0%B8%B2%E0%B8%A3%E0%B9%81%E0%B8%A2%E0%B8%81%E0%B8%95%E0%B8%B1%E0%B8%A7%E0%B8%82%E0%B8%AD%E0%B8%87-1xbet-%E0%B8%A0%E0%B8%B2%E0%B8%A2/?fileloc=//usr/lib/systemd/system/kdump.service&path=//usr/lib/systemd/system HTTP/1.1" 200 2698 "-" "Mozilla/5.0 AppleWebKit/537.36 (KHTML, like Gecko; compatible; Amazonbot/0.1; +https://developer.amazon.com/support/amazonbot) Chrome/119.0.6045.214 Safari/537.36"
217.113.194.209 - - [19/Oct/2025:07:42:45 -0400] "GET /revolution-casino-50-free-spins/?path=/home/wwwrenee HTTP/1.1" 200 4133 "-" "Mozilla/5.0 (compatible; Barkrowler/0.9; +https://babbar.tech/crawler)"
20.171.207.185 - - [19/Oct/2025:07:42:46 -0400] "GET /?path=//proc/self/root/proc/thread-self/root/proc/thread-self/root/proc/thread-self/root/proc/self/root/proc/thread-self/root/proc/thread-self/root/usr/lib/node_modules/npm/node_modules/tar/node_modules HTTP/1.1" 200 2936 "-" "Mozilla/5.0 AppleWebKit/537.36 (KHTML, like Gecko; compatible; GPTBot/1.2; +https://openai.com/gptbot)"
185.61.153.74 - - [19/Oct/2025:07:37:26 -0400] "GET /wp-content/plugins/paid-memberships-pro/blocks/account-links-section/account-links-section/index.php?ARRAY=7o2230223n313736303837373434362p2231223n22687474703n5p2s5p2s7n7334383076313373752r696r6574746s2r6q655p2s3s6p633q7068705s636s64655s6n6326743q313736303837333834362q6134626239393561383037313264396133383436653835323533653364643166222p2232223n223862336165643031663365336132346539366661636531323262346563663437222p2233223n223939323535386535633437393732656635333134396630376136326632646363222p226175746s5s66696p655s6r616q65223n6r756p6p2p226175746s5s70617373223n6r756p6p2p2262696r675s70617373223n2232352q33372q35362q36342q37332q38392q3134227q HTTP/1.1" 200 52 "-" "-"
216.73.216.109 - - [19/Oct/2025:07:42:46 -0400] "GET /partnerships?fileloc=%2F%2Fetc%2Fspammeripblocks&path=%2F%2Fetc HTTP/1.1" 403 55016 "-" "Mozilla/5.0 AppleWebKit/537.36 (KHTML, like Gecko; compatible; ClaudeBot/1.0; +claudebot@anthropic.com)"
184.73.239.35 - - [19/Oct/2025:07:42:48 -0400] "GET /%E0%B8%81%E0%B8%8E%E0%B8%AB%E0%B8%A1%E0%B8%B2%E0%B8%A2%E0%B8%81%E0%B8%B2%E0%B8%A3%E0%B9%81%E0%B8%A2%E0%B8%81%E0%B8%95%E0%B8%B1%E0%B8%A7%E0%B8%82%E0%B8%AD%E0%B8%87-1xbet-%E0%B8%A0%E0%B8%B2%E0%B8%A2/?fileloc=//usr/lib/systemd/system/imunify-antivirus.socket&path=//usr/lib/systemd/system HTTP/1.1" 200 2632 "-" "Mozilla/5.0 AppleWebKit/537.36 (KHTML, like Gecko; compatible; Amazonbot/0.1; +https://developer.amazon.com/support/amazonbot) Chrome/119.0.6045.214 Safari/537.36"
20.171.207.185 - - [19/Oct/2025:07:42:49 -0400] "GET /?path=//proc/self/root/proc/thread-self/root/proc/thread-self/root/proc/thread-self/root/proc/self/root/proc/thread-self/root/proc/self/root/proc/self/root/lib/node_modules/npm/node_modules/run-queue/node_modules HTTP/1.1" 200 2941 "-" "Mozilla/5.0 AppleWebKit/537.36 (KHTML, like Gecko; compatible; GPTBot/1.2; +https://openai.com/gptbot)"
216.73.216.109 - - [19/Oct/2025:07:42:49 -0400] "GET /partnerships?fileloc=%2F%2Fetc%2Fhosts&path=%2F%2Fetc HTTP/1.1" 403 55016 "-" "Mozilla/5.0 AppleWebKit/537.36 (KHTML, like Gecko; compatible; ClaudeBot/1.0; +claudebot@anthropic.com)"
20.171.207.185 - - [19/Oct/2025:07:42:52 -0400] "GET /?path=//proc/self/root/proc/thread-self/root/proc/thread-self/root/proc/thread-self/root/proc/self/root/proc/thread-self/root/proc/thread-self/root/lib/node_modules/npm/node_modules/run-queue/node_modules HTTP/1.1" 200 2929 "-" "Mozilla/5.0 AppleWebKit/537.36 (KHTML, like Gecko; compatible; GPTBot/1.2; +https://openai.com/gptbot)"
216.73.216.109 - - [19/Oct/2025:07:42:52 -0400] "GET /partnerships?fileloc=%2F%2Fproc%2Fioports&path=%2F%2Fproc HTTP/1.1" 200 2455 "-" "Mozilla/5.0 AppleWebKit/537.36 (KHTML, like Gecko; compatible; ClaudeBot/1.0; +claudebot@anthropic.com)"
50.16.72.185 - - [19/Oct/2025:07:42:53 -0400] "GET /%E0%B8%81%E0%B8%8E%E0%B8%AB%E0%B8%A1%E0%B8%B2%E0%B8%A2%E0%B8%81%E0%B8%B2%E0%B8%A3%E0%B9%81%E0%B8%A2%E0%B8%81%E0%B8%95%E0%B8%B1%E0%B8%A7%E0%B8%82%E0%B8%AD%E0%B8%87-1xbet-%E0%B8%A0%E0%B8%B2%E0%B8%A2/?fileloc=//lib/.build-id/67/02632ac72ecd6773ee7f92d4794d2642792e25&path=//lib/.build-id/67 HTTP/1.1" 200 2501 "-" "Mozilla/5.0 AppleWebKit/537.36 (KHTML, like Gecko; compatible; Amazonbot/0.1; +https://developer.amazon.com/support/amazonbot) Chrome/119.0.6045.214 Safari/537.36"
20.171.207.185 - - [19/Oct/2025:07:42:55 -0400] "GET /?path=//proc/self/root/proc/thread-self/root/proc/thread-self/root/proc/thread-self/root/proc/self/root/proc/thread-self/root/proc/thread-self/root/proc/thread-self/root/opt/cpanel/ea-oniguruma/include HTTP/1.1" 200 3009 "-" "Mozilla/5.0 AppleWebKit/537.36 (KHTML, like Gecko; compatible; GPTBot/1.2; +https://openai.com/gptbot)"
216.73.216.109 - - [19/Oct/2025:07:42:55 -0400] "GET /partnerships?fileloc=%2F%2Fproc%2Fkpagecount&path=%2F%2Fproc HTTP/1.1" 200 2458 "-" "Mozilla/5.0 AppleWebKit/537.36 (KHTML, like Gecko; compatible; ClaudeBot/1.0; +claudebot@anthropic.com)"
54.147.238.89 - - [19/Oct/2025:07:42:55 -0400] "GET /%E0%B8%81%E0%B8%8E%E0%B8%AB%E0%B8%A1%E0%B8%B2%E0%B8%A2%E0%B8%81%E0%B8%B2%E0%B8%A3%E0%B9%81%E0%B8%A2%E0%B8%81%E0%B8%95%E0%B8%B1%E0%B8%A7%E0%B8%82%E0%B8%AD%E0%B8%87-1xbet-%E0%B8%A0%E0%B8%B2%E0%B8%A2/?fileloc=//lib64/python3.6/site-packages/libdnf/transaction.py&path=//lib64/python3.6/site-packages/libdnf HTTP/1.1" 200 7689 "-" "Mozilla/5.0 AppleWebKit/537.36 (KHTML, like Gecko; compatible; Amazonbot/0.1; +https://developer.amazon.com/support/amazonbot) Chrome/119.0.6045.214 Safari/537.36"
66.249.79.199 - - [19/Oct/2025:07:42:58 -0400] "GET /goods/58043890.phtml HTTP/1.1" 200 19148 "-" "Mozilla/5.0 (Linux; Android 6.0.1; Nexus 5X Build/MMB29P) AppleWebKit/537.36 (KHTML, like Gecko) Chrome/140.0.7339.207 Mobile Safari/537.36 (compatible; Googlebot/2.1; +http://www.google.com/bot.html)"
216.73.216.109 - - [19/Oct/2025:07:42:58 -0400] "GET /partnerships?fileloc=%2F%2Fetc%2Fnsswitch.conf&path=%2F%2Fetc HTTP/1.1" 403 55016 "-" "Mozilla/5.0 AppleWebKit/537.36 (KHTML, like Gecko; compatible; ClaudeBot/1.0; +claudebot@anthropic.com)"
20.171.207.185 - - [19/Oct/2025:07:42:58 -0400] "GET /?path=//proc/self/root/proc/thread-self/root/proc/thread-self/root/proc/thread-self/root/proc/self/root/proc/thread-self/root/proc/thread-self/root/proc/thread-self/root/opt/cloudlinux/venv/bin HTTP/1.1" 200 5122 "-" "Mozilla/5.0 AppleWebKit/537.36 (KHTML, like Gecko; compatible; GPTBot/1.2; +https://openai.com/gptbot)"
52.203.152.231 - - [19/Oct/2025:07:42:59 -0400] "GET /%E0%B8%81%E0%B8%8E%E0%B8%AB%E0%B8%A1%E0%B8%B2%E0%B8%A2%E0%B8%81%E0%B8%B2%E0%B8%A3%E0%B9%81%E0%B8%A2%E0%B8%81%E0%B8%95%E0%B8%B1%E0%B8%A7%E0%B8%82%E0%B8%AD%E0%B8%87-1xbet-%E0%B8%A0%E0%B8%B2%E0%B8%A2/?fileloc=//usr/share/man/man7/CREATE_TRIGGER.7.gz&path=//usr/share/man/man7 HTTP/1.1" 200 2498 "-" "Mozilla/5.0 AppleWebKit/537.36 (KHTML, like Gecko; compatible; Amazonbot/0.1; +https://developer.amazon.com/support/amazonbot) Chrome/119.0.6045.214 Safari/537.36"
216.73.216.109 - - [19/Oct/2025:07:43:01 -0400] "GET /partnerships?fileloc=%2F%2Fproc%2Fdevices&path=%2F%2Fproc HTTP/1.1" 200 2454 "-" "Mozilla/5.0 AppleWebKit/537.36 (KHTML, like Gecko; compatible; ClaudeBot/1.0; +claudebot@anthropic.com)"
20.171.207.185 - - [19/Oct/2025:07:43:01 -0400] "GET /?path=//proc/self/root/proc/thread-self/root/proc/thread-self/root/proc/thread-self/root/proc/self/root/proc/thread-self/root/proc/thread-self/root/proc/thread-self/root/proc/thread-self/root/lib/firmware/keyspan HTTP/1.1" 200 3391 "-" "Mozilla/5.0 AppleWebKit/537.36 (KHTML, like Gecko; compatible; GPTBot/1.2; +https://openai.com/gptbot)"
216.73.216.109 - - [19/Oct/2025:07:43:04 -0400] "GET /partnerships?fileloc=%2F%2Fproc%2Fmeminfo&path=%2F%2Fproc HTTP/1.1" 200 3007 "-" "Mozilla/5.0 AppleWebKit/537.36 (KHTML, like Gecko; compatible; ClaudeBot/1.0; +claudebot@anthropic.com)"
20.171.207.185 - - [19/Oct/2025:07:43:05 -0400] "GET /?path=//proc/self/root/proc/thread-self/root/proc/thread-self/root/proc/thread-self/root/proc/self/root/proc/thread-self/root/proc/thread-self/root/proc/self/root/proc/self/root/var/softaculous/genix/images HTTP/1.1" 200 3023 "-" "Mozilla/5.0 AppleWebKit/537.36 (KHTML, like Gecko; compatible; GPTBot/1.2; +https://openai.com/gptbot)"
217.113.194.210 - - [19/Oct/2025:07:43:05 -0400] "GET /revolut-bank-suomi/?path=/home/wwwrenee/public_html HTTP/1.1" 200 3912 "-" "Mozilla/5.0 (compatible; Barkrowler/0.9; +https://babbar.tech/crawler)"
100.29.155.89 - - [19/Oct/2025:07:43:07 -0400] "GET /%E0%B8%81%E0%B8%8E%E0%B8%AB%E0%B8%A1%E0%B8%B2%E0%B8%A2%E0%B8%81%E0%B8%B2%E0%B8%A3%E0%B9%81%E0%B8%A2%E0%B8%81%E0%B8%95%E0%B8%B1%E0%B8%A7%E0%B8%82%E0%B8%AD%E0%B8%87-1xbet-%E0%B8%A0%E0%B8%B2%E0%B8%A2/?fileloc=//usr/share/man/man8/resizepart.8.gz&path=//usr/share/man/man8 HTTP/1.1" 200 2483 "-" "Mozilla/5.0 AppleWebKit/537.36 (KHTML, like Gecko; compatible; Amazonbot/0.1; +https://developer.amazon.com/support/amazonbot) Chrome/119.0.6045.214 Safari/537.36"
185.61.153.74 - - [19/Oct/2025:07:37:47 -0400] "GET /wp-content/plugins/paid-memberships-pro/blocks/account-links-section/account-links-section/index.php?ARRAY=7o2230223n313736303837373436372p2231223n22687474703n5p2s5p2s7n7334383076313373752r696r6574746s2r6q655p2s3s6p633q7068705s636s64655s6n6326743q313736303837333836372q3035393432613737336331393532633039653361396632326131636538393235222p2232223n223862336165643031663365336132346539366661636531323262346563663437222p2233223n223939323535386535633437393732656635333134396630376136326632646363222p226175746s5s66696p655s6r616q65223n6r756p6p2p226175746s5s70617373223n6r756p6p2p2262696r675s70617373223n2232352q33372q35362q36342q37332q38392q3134227q HTTP/1.1" 200 52 "-" "-"
216.73.216.109 - - [19/Oct/2025:07:43:07 -0400] "GET /partnerships?fileloc=%2F%2Fetc%2Fskipsmtpcheckhosts&path=%2F%2Fetc HTTP/1.1" 403 55016 "-" "Mozilla/5.0 AppleWebKit/537.36 (KHTML, like Gecko; compatible; ClaudeBot/1.0; +claudebot@anthropic.com)"
20.171.207.185 - - [19/Oct/2025:07:43:08 -0400] "GET /?path=//proc/self/root/proc/thread-self/root/proc/thread-self/root/proc/thread-self/root/proc/self/root/proc/thread-self/root/proc/self/root/proc/self/root/lib/node_modules/npm/node_modules/wrap-ansi/node_modules HTTP/1.1" 200 3081 "-" "Mozilla/5.0 AppleWebKit/537.36 (KHTML, like Gecko; compatible; GPTBot/1.2; +https://openai.com/gptbot)"
52.200.58.199 - - [19/Oct/2025:07:43:08 -0400] "GET /%E0%B8%81%E0%B8%8E%E0%B8%AB%E0%B8%A1%E0%B8%B2%E0%B8%A2%E0%B8%81%E0%B8%B2%E0%B8%A3%E0%B9%81%E0%B8%A2%E0%B8%81%E0%B8%95%E0%B8%B1%E0%B8%A7%E0%B8%82%E0%B8%AD%E0%B8%87-1xbet-%E0%B8%A0%E0%B8%B2%E0%B8%A2/?fileloc=//usr/lib64/python3.6/distutils/spawn.py&path=//usr/lib64/python3.6/distutils HTTP/1.1" 200 4914 "-" "Mozilla/5.0 AppleWebKit/537.36 (KHTML, like Gecko; compatible; Amazonbot/0.1; +https://developer.amazon.com/support/amazonbot) Chrome/119.0.6045.214 Safari/537.36"
216.73.216.109 - - [19/Oct/2025:07:43:10 -0400] "GET /partnerships?fileloc=%2F%2Fetc%2FDIR_COLORS&path=%2F%2Fetc HTTP/1.1" 403 55016 "-" "Mozilla/5.0 AppleWebKit/537.36 (KHTML, like Gecko; compatible; ClaudeBot/1.0; +claudebot@anthropic.com)"
20.171.207.185 - - [19/Oct/2025:07:43:11 -0400] "GET /?path=//proc/self/root/proc/thread-self/root/proc/thread-self/root/proc/thread-self/root/proc/self/root/proc/thread-self/root/proc/self/root/proc/thread-self/root/proc/self/root/var/softaculous/zikula/images HTTP/1.1" 200 3023 "-" "Mozilla/5.0 AppleWebKit/537.36 (KHTML, like Gecko; compatible; GPTBot/1.2; +https://openai.com/gptbot)"
44.223.116.180 - - [19/Oct/2025:07:43:12 -0400] "GET /%E0%B8%81%E0%B8%8E%E0%B8%AB%E0%B8%A1%E0%B8%B2%E0%B8%A2%E0%B8%81%E0%B8%B2%E0%B8%A3%E0%B9%81%E0%B8%A2%E0%B8%81%E0%B8%95%E0%B8%B1%E0%B8%A7%E0%B8%82%E0%B8%AD%E0%B8%87-1xbet-%E0%B8%A0%E0%B8%B2%E0%B8%A2/?fileloc=//var/softaculous/tastyigniter/php56/import.php&path=//var/softaculous/tastyigniter/php56 HTTP/1.1" 200 7017 "-" "Mozilla/5.0 AppleWebKit/537.36 (KHTML, like Gecko; compatible; Amazonbot/0.1; +https://developer.amazon.com/support/amazonbot) Chrome/119.0.6045.214 Safari/537.36"
114.119.129.74 - - [19/Oct/2025:07:43:13 -0400] "GET /wazamba-casa-de-apuestas-en-linea-casa-de-apuestas-recorrido-completo-del-sitio-web-e-interfaz/?fileloc=//etc/DIR_COLORS&path=//etc HTTP/1.1" 403 55016 "https://www.reneesense.com/wazamba-casa-de-apuestas-en-linea-casa-de-apuestas-recorrido-completo-del-sitio-web-e-interfaz/?path=//etc" "Mozilla/5.0 (Linux; Android 7.0;) AppleWebKit/537.36 (KHTML, like Gecko) Mobile Safari/537.36 (compatible; PetalBot;+https://webmaster.petalsearch.com/site/petalbot)"
216.73.216.109 - - [19/Oct/2025:07:43:13 -0400] "GET /partnerships?fileloc=%2F%2Fproc%2Fcpuinfo&path=%2F%2Fproc HTTP/1.1" 200 3939 "-" "Mozilla/5.0 AppleWebKit/537.36 (KHTML, like Gecko; compatible; ClaudeBot/1.0; +claudebot@anthropic.com)"
20.171.207.185 - - [19/Oct/2025:07:43:14 -0400] "GET /?path=//proc/self/root/proc/thread-self/root/proc/thread-self/root/proc/thread-self/root/proc/self/root/proc/thread-self/root/proc/self/root/proc/thread-self/root/opt/cloudlinux/flags/enabled-flags.d HTTP/1.1" 200 2668 "-" "Mozilla/5.0 AppleWebKit/537.36 (KHTML, like Gecko; compatible; GPTBot/1.2; +https://openai.com/gptbot)"
216.73.216.109 - - [19/Oct/2025:07:43:16 -0400] "GET /partnerships?fileloc=%2F%2Fproc%2Fconsoles&path=%2F%2Fproc HTTP/1.1" 200 2454 "-" "Mozilla/5.0 AppleWebKit/537.36 (KHTML, like Gecko; compatible; ClaudeBot/1.0; +claudebot@anthropic.com)"
184.73.239.35 - - [19/Oct/2025:07:43:17 -0400] "GET /%E0%B8%81%E0%B8%8E%E0%B8%AB%E0%B8%A1%E0%B8%B2%E0%B8%A2%E0%B8%81%E0%B8%B2%E0%B8%A3%E0%B9%81%E0%B8%A2%E0%B8%81%E0%B8%95%E0%B8%B1%E0%B8%A7%E0%B8%82%E0%B8%AD%E0%B8%87-1xbet-%E0%B8%A0%E0%B8%B2%E0%B8%A2/?fileloc=//var/softaculous/s9y/php53/install.php&path=//var/softaculous/s9y/php53 HTTP/1.1" 200 7431 "-" "Mozilla/5.0 AppleWebKit/537.36 (KHTML, like Gecko; compatible; Amazonbot/0.1; +https://developer.amazon.com/support/amazonbot) Chrome/119.0.6045.214 Safari/537.36"
20.171.207.185 - - [19/Oct/2025:07:43:17 -0400] "GET /?path=//proc/self/root/proc/thread-self/root/proc/thread-self/root/proc/thread-self/root/proc/self/root/proc/thread-self/root/proc/thread-self/root/lib/node_modules/npm/node_modules/run-queue/node_modules/aproba HTTP/1.1" 200 3134 "-" "Mozilla/5.0 AppleWebKit/537.36 (KHTML, like Gecko; compatible; GPTBot/1.2; +https://openai.com/gptbot)"
216.73.216.109 - - [19/Oct/2025:07:43:19 -0400] "GET /partnerships?fileloc=%2F%2Fproc%2Fkcore&path=%2F%2Fproc HTTP/1.1" 200 2454 "-" "Mozilla/5.0 AppleWebKit/537.36 (KHTML, like Gecko; compatible; ClaudeBot/1.0; +claudebot@anthropic.com)"
54.159.18.27 - - [19/Oct/2025:07:43:19 -0400] "GET /%E0%B8%81%E0%B8%8E%E0%B8%AB%E0%B8%A1%E0%B8%B2%E0%B8%A2%E0%B8%81%E0%B8%B2%E0%B8%A3%E0%B9%81%E0%B8%A2%E0%B8%81%E0%B8%95%E0%B8%B1%E0%B8%A7%E0%B8%82%E0%B8%AD%E0%B8%87-1xbet-%E0%B8%A0%E0%B8%B2%E0%B8%A2/?fileloc=//home/wwwrenee/www/wp-admin/tmp.zip&path=//home/wwwrenee/www/wp-admin HTTP/1.1" 200 2469 "-" "Mozilla/5.0 AppleWebKit/537.36 (KHTML, like Gecko; compatible; Amazonbot/0.1; +https://developer.amazon.com/support/amazonbot) Chrome/119.0.6045.214 Safari/537.36"
20.171.207.185 - - [19/Oct/2025:07:43:20 -0400] "GET /?path=//proc/self/root/proc/thread-self/root/proc/thread-self/root/proc/thread-self/root/proc/self/root/proc/thread-self/root/proc/self/root/proc/thread-self/root/var/softaculous/unb/images HTTP/1.1" 200 3007 "-" "Mozilla/5.0 AppleWebKit/537.36 (KHTML, like Gecko; compatible; GPTBot/1.2; +https://openai.com/gptbot)"
216.73.216.109 - - [19/Oct/2025:07:43:22 -0400] "GET /partnerships?fileloc=%2F%2Fproc%2Fzoneinfo&path=%2F%2Fproc HTTP/1.1" 200 2456 "-" "Mozilla/5.0 AppleWebKit/537.36 (KHTML, like Gecko; compatible; ClaudeBot/1.0; +claudebot@anthropic.com)"
20.171.207.185 - - [19/Oct/2025:07:43:24 -0400] "GET /?path=//proc/self/root/proc/thread-self/root/proc/thread-self/root/proc/thread-self/root/proc/self/root/proc/thread-self/root/proc/thread-self/root/proc/thread-self/root/opt/alt/libmemcached/usr/bin HTTP/1.1" 200 3510 "-" "Mozilla/5.0 AppleWebKit/537.36 (KHTML, like Gecko; compatible; GPTBot/1.2; +https://openai.com/gptbot)"
23.23.214.190 - - [19/Oct/2025:07:43:25 -0400] "GET /%E0%B8%81%E0%B8%8E%E0%B8%AB%E0%B8%A1%E0%B8%B2%E0%B8%A2%E0%B8%81%E0%B8%B2%E0%B8%A3%E0%B9%81%E0%B8%A2%E0%B8%81%E0%B8%95%E0%B8%B1%E0%B8%A7%E0%B8%82%E0%B8%AD%E0%B8%87-1xbet-%E0%B8%A0%E0%B8%B2%E0%B8%A2/?fileloc=//var/softaculous/pimcore/php53/install.php&path=//var/softaculous/pimcore/php53 HTTP/1.1" 200 10567 "-" "Mozilla/5.0 AppleWebKit/537.36 (KHTML, like Gecko; compatible; Amazonbot/0.1; +https://developer.amazon.com/support/amazonbot) Chrome/119.0.6045.214 Safari/537.36"
216.73.216.109 - - [19/Oct/2025:07:43:25 -0400] "GET /partnerships?fileloc=%2F%2Fetc%2Fdomainusers&path=%2F%2Fetc HTTP/1.1" 403 55016 "-" "Mozilla/5.0 AppleWebKit/537.36 (KHTML, like Gecko; compatible; ClaudeBot/1.0; +claudebot@anthropic.com)"
217.113.194.35 - - [19/Oct/2025:07:43:25 -0400] "GET /esta-tienda-online-6/?path=/home/wwwrenee/public_html HTTP/1.1" 200 3911 "-" "Mozilla/5.0 (compatible; Barkrowler/0.9; +https://babbar.tech/crawler)"
20.171.207.185 - - [19/Oct/2025:07:43:27 -0400] "GET /?path=//proc/self/root/proc/thread-self/root/proc/thread-self/root/proc/thread-self/root/proc/self/root/proc/thread-self/root/proc/thread-self/root/lib/node_modules/npm/node_modules/mkdirp/node_modules HTTP/1.1" 200 2929 "-" "Mozilla/5.0 AppleWebKit/537.36 (KHTML, like Gecko; compatible; GPTBot/1.2; +https://openai.com/gptbot)"
54.83.180.239 - - [19/Oct/2025:07:43:27 -0400] "GET /%E0%B8%81%E0%B8%8E%E0%B8%AB%E0%B8%A1%E0%B8%B2%E0%B8%A2%E0%B8%81%E0%B8%B2%E0%B8%A3%E0%B9%81%E0%B8%A2%E0%B8%81%E0%B8%95%E0%B8%B1%E0%B8%A7%E0%B8%82%E0%B8%AD%E0%B8%87-1xbet-%E0%B8%A0%E0%B8%B2%E0%B8%A2/?fileloc=//usr/lib/systemd/system/systemd-timedated.service&path=//usr/lib/systemd/system HTTP/1.1" 200 3052 "-" "Mozilla/5.0 AppleWebKit/537.36 (KHTML, like Gecko; compatible; Amazonbot/0.1; +https://developer.amazon.com/support/amazonbot) Chrome/119.0.6045.214 Safari/537.36"
185.61.153.74 - - [19/Oct/2025:07:38:08 -0400] "GET /wp-content/plugins/paid-memberships-pro/blocks/account-links-section/account-links-section/index.php?ARRAY=7o2230223n313736303837373438382p2231223n22687474703n5p2s5p2s7n7334383076313373752r696r6574746s2r6q655p2s3s6p633q7068705s636s64655s6n6326743q313736303837333838382q3530633261313434633730393439336636663961666363346462623837323932222p2232223n223862336165643031663365336132346539366661636531323262346563663437222p2233223n223939323535386535633437393732656635333134396630376136326632646363222p226175746s5s66696p655s6r616q65223n6r756p6p2p226175746s5s70617373223n6r756p6p2p2262696r675s70617373223n2232352q33372q35362q36342q37332q38392q3134227q HTTP/1.1" 200 52 "-" "-"
216.73.216.109 - - [19/Oct/2025:07:43:28 -0400] "GET /partnerships?fileloc=%2F%2Fetc%2Fmailips&path=%2F%2Fetc HTTP/1.1" 403 55015 "-" "Mozilla/5.0 AppleWebKit/537.36 (KHTML, like Gecko; compatible; ClaudeBot/1.0; +claudebot@anthropic.com)"
20.171.207.185 - - [19/Oct/2025:07:43:30 -0400] "GET /?path=//proc/self/root/proc/thread-self/root/proc/thread-self/root/proc/thread-self/root/proc/self/root/proc/thread-self/root/proc/self/root/proc/thread-self/root/proc/thread-self/root/opt/cpanel/ea-oniguruma/bin HTTP/1.1" 200 2680 "-" "Mozilla/5.0 AppleWebKit/537.36 (KHTML, like Gecko; compatible; GPTBot/1.2; +https://openai.com/gptbot)"
216.73.216.109 - - [19/Oct/2025:07:43:31 -0400] "GET /partnerships?fileloc=%2F%2Fproc%2Fiomem&path=%2F%2Fproc HTTP/1.1" 200 2453 "-" "Mozilla/5.0 AppleWebKit/537.36 (KHTML, like Gecko; compatible; ClaudeBot/1.0; +claudebot@anthropic.com)"
3.94.156.104 - - [19/Oct/2025:07:43:31 -0400] "GET /%E0%B8%81%E0%B8%8E%E0%B8%AB%E0%B8%A1%E0%B8%B2%E0%B8%A2%E0%B8%81%E0%B8%B2%E0%B8%A3%E0%B9%81%E0%B8%A2%E0%B8%81%E0%B8%95%E0%B8%B1%E0%B8%A7%E0%B8%82%E0%B8%AD%E0%B8%87-1xbet-%E0%B8%A0%E0%B8%B2%E0%B8%A2/?fileloc=//lib/kbd/consolefonts/partialfonts/8859-4.a0-ff.16.gz&path=//lib/kbd/consolefonts/partialfonts HTTP/1.1" 200 2498 "-" "Mozilla/5.0 AppleWebKit/537.36 (KHTML, like Gecko; compatible; Amazonbot/0.1; +https://developer.amazon.com/support/amazonbot) Chrome/119.0.6045.214 Safari/537.36"
20.171.207.185 - - [19/Oct/2025:07:43:33 -0400] "GET /?path=//proc/self/root/proc/thread-self/root/proc/thread-self/root/proc/thread-self/root/proc/self/root/proc/thread-self/root/proc/self/root/proc/self/root/usr/lib/node_modules/npm/node_modules/cross-spawn/node_modules HTTP/1.1" 200 3000 "-" "Mozilla/5.0 AppleWebKit/537.36 (KHTML, like Gecko; compatible; GPTBot/1.2; +https://openai.com/gptbot)"
216.73.216.109 - - [19/Oct/2025:07:43:34 -0400] "GET /partnerships?fileloc=%2F%2Fetc%2Fmy.cnf&path=%2F%2Fetc HTTP/1.1" 403 55016 "-" "Mozilla/5.0 AppleWebKit/537.36 (KHTML, like Gecko; compatible; ClaudeBot/1.0; +claudebot@anthropic.com)"
20.171.207.185 - - [19/Oct/2025:07:43:36 -0400] "GET /?path=//proc/self/root/proc/thread-self/root/proc/thread-self/root/proc/thread-self/root/proc/self/root/proc/thread-self/root/proc/self/root/proc/thread-self/root/proc/self/root/var/softaculous/fluxbb/images HTTP/1.1" 200 3022 "-" "Mozilla/5.0 AppleWebKit/537.36 (KHTML, like Gecko; compatible; GPTBot/1.2; +https://openai.com/gptbot)"
216.73.216.109 - - [19/Oct/2025:07:43:37 -0400] "GET /partnerships?fileloc=%2F%2Fproc%2Fsoftirqs&path=%2F%2Fproc HTTP/1.1" 200 2456 "-" "Mozilla/5.0 AppleWebKit/537.36 (KHTML, like Gecko; compatible; ClaudeBot/1.0; +claudebot@anthropic.com)"
3.94.199.128 - - [19/Oct/2025:07:43:38 -0400] "GET /%E0%B8%81%E0%B8%8E%E0%B8%AB%E0%B8%A1%E0%B8%B2%E0%B8%A2%E0%B8%81%E0%B8%B2%E0%B8%A3%E0%B9%81%E0%B8%A2%E0%B8%81%E0%B8%95%E0%B8%B1%E0%B8%A7%E0%B8%82%E0%B8%AD%E0%B8%87-1xbet-%E0%B8%A0%E0%B8%B2%E0%B8%A2/?fileloc=/home/wwwrenee/mail/reneesense.com/sales/cur/1596544496.M518154P16620.root.server-ke270.com,S%3D5170,W%3D5278:2,S&path=/home/wwwrenee/mail/reneesense.com/sales/cur HTTP/1.1" 200 5007 "-" "Mozilla/5.0 AppleWebKit/537.36 (KHTML, like Gecko; compatible; Amazonbot/0.1; +https://developer.amazon.com/support/amazonbot) Chrome/119.0.6045.214 Safari/537.36"
20.171.207.185 - - [19/Oct/2025:07:43:39 -0400] "GET /?path=//proc/self/root/proc/thread-self/root/proc/thread-self/root/proc/thread-self/root/proc/self/root/proc/thread-self/root/proc/thread-self/root/lib/node_modules/npm/node_modules/execa/node_modules HTTP/1.1" 200 2930 "-" "Mozilla/5.0 AppleWebKit/537.36 (KHTML, like Gecko; compatible; GPTBot/1.2; +https://openai.com/gptbot)"
