20.171.207.185 - - [18/Oct/2025:18:51:59 -0400] "GET /?fileloc=//proc/self/root/proc/thread-self/root/proc/thread-self/root/proc/thread-self/root/proc/self/root/proc/thread-self/root/proc/self/root/lib/node_modules/npm/node_modules/is-date-object/README.md&path=//proc/self/root/proc/thread-self/root/proc/thread-self/root/proc/thread-self/root/proc/self/root/proc/thread-self/root/proc/self/root/lib/node_modules/npm/node_modules/is-date-object HTTP/1.1" 200 3258 "-" "Mozilla/5.0 AppleWebKit/537.36 (KHTML, like Gecko; compatible; GPTBot/1.2; +https://openai.com/gptbot)"
173.252.95.114 - - [18/Oct/2025:18:53:03 -0400] "GET /robots.txt HTTP/1.1" 206 79 "-" "facebookexternalhit/1.1 (+http://www.facebook.com/externalhit_uatext.php)"
216.244.66.249 - - [18/Oct/2025:18:59:44 -0400] "GET /500-willkommensbonus-200-freispiele/ HTTP/1.1" 200 55016 "-" "Mozilla/5.0 (compatible; DotBot/1.2; +https://opensiteexplorer.org/dotbot; help@moz.com)"
216.244.66.249 - - [18/Oct/2025:19:00:09 -0400] "GET /author/xtw18387be5a/feed/ HTTP/1.1" 200 55016 "-" "Mozilla/5.0 (compatible; DotBot/1.2; +https://opensiteexplorer.org/dotbot; help@moz.com)"
66.249.79.201 - - [18/Oct/2025:19:00:32 -0400] "GET /goods/183021474.phtml HTTP/1.1" 200 18955 "-" "Mozilla/5.0 (Linux; Android 6.0.1; Nexus 5X Build/MMB29P) AppleWebKit/537.36 (KHTML, like Gecko) Chrome/140.0.7339.207 Mobile Safari/537.36 (compatible; Googlebot/2.1; +http://www.google.com/bot.html)"
216.244.66.249 - - [18/Oct/2025:19:00:32 -0400] "GET /wie-man-kostenlos-von-omegle-unblockiert-wird-2/feed/ HTTP/1.1" 200 55016 "-" "Mozilla/5.0 (compatible; DotBot/1.2; +https://opensiteexplorer.org/dotbot; help@moz.com)"
216.244.66.249 - - [18/Oct/2025:19:00:55 -0400] "GET /category/uncategorized/page/3/ HTTP/1.1" 200 55016 "-" "Mozilla/5.0 (compatible; DotBot/1.2; +https://opensiteexplorer.org/dotbot; help@moz.com)"
216.244.66.249 - - [18/Oct/2025:19:01:17 -0400] "GET /?p=10953 HTTP/1.1" 200 55016 "-" "Mozilla/5.0 (compatible; DotBot/1.2; +https://opensiteexplorer.org/dotbot; help@moz.com)"
216.244.66.249 - - [18/Oct/2025:19:01:37 -0400] "GET /?p=9319 HTTP/1.1" 200 55016 "-" "Mozilla/5.0 (compatible; DotBot/1.2; +https://opensiteexplorer.org/dotbot; help@moz.com)"
66.249.79.36 - - [18/Oct/2025:19:02:52 -0400] "GET /goods/699732000.phtml HTTP/1.1" 200 19822 "-" "Mozilla/5.0 (Linux; Android 6.0.1; Nexus 5X Build/MMB29P) AppleWebKit/537.36 (KHTML, like Gecko) Chrome/140.0.7339.207 Mobile Safari/537.36 (compatible; Googlebot/2.1; +http://www.google.com/bot.html)"
20.171.207.185 - - [18/Oct/2025:19:04:41 -0400] "GET /?path=//proc/self/root/proc/thread-self/root/proc/thread-self/root/proc/thread-self/root/proc/self/root/proc/thread-self/root/proc/self/root/lib/node_modules/npm/node_modules/semver-diff HTTP/1.1" 200 3114 "-" "Mozilla/5.0 AppleWebKit/537.36 (KHTML, like Gecko; compatible; GPTBot/1.2; +https://openai.com/gptbot)"
185.166.197.27 - - [18/Oct/2025:19:04:44 -0400] "GET /wp-content/plugins/woocommerce-payments/readme.txt HTTP/1.1" 200 27635 "-" "Mozilla/5.0 (compatible; MSIE 9.0; Windows NT 5.1; WOW64; Trident/5.0)"
20.171.207.185 - - [18/Oct/2025:19:04:44 -0400] "GET /?path=//proc/self/root/proc/thread-self/root/proc/thread-self/root/proc/thread-self/root/proc/self/root/proc/thread-self/root/proc/self/root/lib/node_modules/npm/node_modules/util-extend HTTP/1.1" 200 3169 "-" "Mozilla/5.0 AppleWebKit/537.36 (KHTML, like Gecko; compatible; GPTBot/1.2; +https://openai.com/gptbot)"
185.166.197.27 - - [18/Oct/2025:19:04:44 -0400] "POST /wp-json/wp/v2/users HTTP/1.1" 200 3913 "http://reneesense.com/wp-content/plugins/woocommerce-payments/readme.txt" "Mozilla/5.0 (compatible; MSIE 9.0; Windows NT 5.1; WOW64; Trident/5.0)"
185.166.197.27 - - [18/Oct/2025:19:04:45 -0400] "POST /index.php?rest_route=/wp/v2/users HTTP/1.1" 200 3913 "http://reneesense.com/wp-json/wp/v2/users" "Mozilla/5.0 (compatible; MSIE 9.0; Windows NT 5.1; WOW64; Trident/5.0)"
185.166.197.27 - - [18/Oct/2025:19:04:46 -0400] "POST /wp-json/wp/v2/users HTTP/1.1" 200 3913 "http://reneesense.com/index.php?rest_route=/wp/v2/users" "Mozilla/5.0 (compatible; MSIE 9.0; Windows NT 5.1; WOW64; Trident/5.0)"
185.166.197.27 - - [18/Oct/2025:19:04:47 -0400] "POST /index.php?rest_route=/wp/v2/users HTTP/1.1" 200 3913 "http://reneesense.com/wp-json/wp/v2/users" "Mozilla/5.0 (compatible; MSIE 9.0; Windows NT 5.1; WOW64; Trident/5.0)"
185.166.197.27 - - [18/Oct/2025:19:04:47 -0400] "GET / HTTP/1.1" 200 3913 "http://reneesense.com/index.php?rest_route=/wp/v2/users" "Mozilla/5.0 (compatible; MSIE 9.0; Windows NT 5.1; WOW64; Trident/5.0)"
185.166.197.27 - - [18/Oct/2025:19:04:48 -0400] "POST /wp-json/wp/v2/plugins HTTP/1.1" 200 3913 "http://reneesense.com/" "Mozilla/5.0 (compatible; MSIE 9.0; Windows NT 5.1; WOW64; Trident/5.0)"
185.166.197.27 - - [18/Oct/2025:19:04:48 -0400] "PUT /wp-json/wp/v2/plugins/wp-console/wp-console/?status=active HTTP/1.1" 200 3913 "http://reneesense.com/wp-json/wp/v2/plugins" "Mozilla/5.0 (compatible; MSIE 9.0; Windows NT 5.1; WOW64; Trident/5.0)"
185.166.197.27 - - [18/Oct/2025:19:04:49 -0400] "POST /wp-json/wp-console/v1/console?_locale=user HTTP/1.1" 403 55016 "http://reneesense.com/wp-json/wp/v2/plugins/wp-console/wp-console/?status=active" "Mozilla/5.0 (compatible; MSIE 9.0; Windows NT 5.1; WOW64; Trident/5.0)"
185.166.197.27 - - [18/Oct/2025:19:04:50 -0400] "GET /d67a9a23a3a4.php HTTP/1.1" 403 55016 "http://reneesense.com/wp-json/wp-console/v1/console?_locale=user" "Mozilla/5.0 (compatible; MSIE 9.0; Windows NT 5.1; WOW64; Trident/5.0)"
185.166.197.27 - - [18/Oct/2025:19:04:50 -0400] "POST /wp-json/wp-console/v1/console?_locale=user HTTP/1.1" 200 3913 "http://reneesense.com/d67a9a23a3a4.php" "Mozilla/5.0 (compatible; MSIE 9.0; Windows NT 5.1; WOW64; Trident/5.0)"
185.166.197.27 - - [18/Oct/2025:19:04:51 -0400] "GET /d67a9a23a3a4.php HTTP/1.1" 403 55016 "http://reneesense.com/wp-json/wp-console/v1/console?_locale=user" "Mozilla/5.0 (compatible; MSIE 9.0; Windows NT 5.1; WOW64; Trident/5.0)"
185.166.197.27 - - [18/Oct/2025:19:04:51 -0400] "GET /wp-login.php HTTP/1.1" 200 3913 "http://reneesense.com/d67a9a23a3a4.php" "Mozilla/5.0 (compatible; MSIE 9.0; Windows NT 5.1; WOW64; Trident/5.0)"
157.55.39.223 - - [18/Oct/2025:19:09:42 -0400] "GET /robots.txt HTTP/1.1" 200 94 "-" "Mozilla/5.0 AppleWebKit/537.36 (KHTML, like Gecko; compatible; bingbot/2.0; +http://www.bing.com/bingbot.htm) Chrome/116.0.1938.76 Safari/537.36"
191.98.222.11 - - [18/Oct/2025:19:10:48 -0400] "GET http://reneesense.com/product/edit/R1855806334?path=%2Fhome%2Fwwwrenee%2Fpublic_html%2Fimages HTTP/1.1" 200 2928 "-" "Mozilla/5.0 (Windows NT 10.0; WOW64) AppleWebKit/537.36 (KHTML, like Gecko) Chrome/96.0.4664.45 Safari/537.36"
172.182.204.125 - - [18/Oct/2025:19:21:38 -0400] "GET /robots.txt HTTP/1.1" 200 94 "-" "Mozilla/5.0 AppleWebKit/537.36 (KHTML, like Gecko; compatible; GPTBot/1.0; +https://openai.com/gptbot)"
177.75.23.159 - - [18/Oct/2025:19:24:21 -0400] "GET / HTTP/1.1" 200 3913 "-" "Mozilla/5.0 (Linux; Android 7.0; SM-G892A Build/NRD90M; wv) AppleWebKit/537.36 (KHTML, like Gecko) Version/4.0 Chrome/60.0.3112.107 Mobile Safari/537.36"
217.113.194.32 - - [18/Oct/2025:19:24:22 -0400] "GET /uudet-nettikasinot-24h/?path=/ HTTP/1.1" 200 3155 "-" "Mozilla/5.0 (compatible; Barkrowler/0.9; +https://babbar.tech/crawler)"
177.75.23.159 - - [18/Oct/2025:19:24:22 -0400] "GET /wp-includes/Requests/about.php HTTP/1.1" 403 55016 "-" "Mozilla/5.0 (Linux; Android 7.0; SM-G892A Build/NRD90M; wv) AppleWebKit/537.36 (KHTML, like Gecko) Version/4.0 Chrome/60.0.3112.107 Mobile Safari/537.36"
177.75.23.159 - - [18/Oct/2025:19:24:23 -0400] "GET /wp-content/blogs.dir/about.php HTTP/1.1" 403 55016 "-" "Mozilla/5.0 (Linux; Android 7.0; SM-G892A Build/NRD90M; wv) AppleWebKit/537.36 (KHTML, like Gecko) Version/4.0 Chrome/60.0.3112.107 Mobile Safari/537.36"
177.75.23.159 - - [18/Oct/2025:19:24:24 -0400] "GET /wp-admin/images/about.php HTTP/1.1" 403 55016 "-" "Mozilla/5.0 (Linux; Android 7.0; SM-G892A Build/NRD90M; wv) AppleWebKit/537.36 (KHTML, like Gecko) Version/4.0 Chrome/60.0.3112.107 Mobile Safari/537.36"
177.75.23.159 - - [18/Oct/2025:19:24:25 -0400] "GET /wp-includes/blocks/about.php HTTP/1.1" 403 55016 "-" "Mozilla/5.0 (Linux; Android 7.0; SM-G892A Build/NRD90M; wv) AppleWebKit/537.36 (KHTML, like Gecko) Version/4.0 Chrome/60.0.3112.107 Mobile Safari/537.36"
177.75.23.159 - - [18/Oct/2025:19:24:27 -0400] "GET /wp-includes/SimplePie/about.php HTTP/1.1" 403 55016 "-" "Mozilla/5.0 (Linux; Android 7.0; SM-G892A Build/NRD90M; wv) AppleWebKit/537.36 (KHTML, like Gecko) Version/4.0 Chrome/60.0.3112.107 Mobile Safari/537.36"
177.75.23.159 - - [18/Oct/2025:19:24:28 -0400] "GET /wp-content/gallery/about.php HTTP/1.1" 200 3913 "-" "Mozilla/5.0 (Linux; Android 7.0; SM-G892A Build/NRD90M; wv) AppleWebKit/537.36 (KHTML, like Gecko) Version/4.0 Chrome/60.0.3112.107 Mobile Safari/537.36"
177.75.23.159 - - [18/Oct/2025:19:24:28 -0400] "GET /wp-includes/images/about.php HTTP/1.1" 403 55016 "-" "Mozilla/5.0 (Linux; Android 7.0; SM-G892A Build/NRD90M; wv) AppleWebKit/537.36 (KHTML, like Gecko) Version/4.0 Chrome/60.0.3112.107 Mobile Safari/537.36"
177.75.23.159 - - [18/Oct/2025:19:24:30 -0400] "GET /.well-known/pki-validation/about.php HTTP/1.1" 404 - "-" "Mozilla/5.0 (Linux; Android 7.0; SM-G892A Build/NRD90M; wv) AppleWebKit/537.36 (KHTML, like Gecko) Version/4.0 Chrome/60.0.3112.107 Mobile Safari/537.36"
177.75.23.159 - - [18/Oct/2025:19:24:30 -0400] "GET /wp-includes/rest-api/about.php HTTP/1.1" 403 55016 "-" "Mozilla/5.0 (Linux; Android 7.0; SM-G892A Build/NRD90M; wv) AppleWebKit/537.36 (KHTML, like Gecko) Version/4.0 Chrome/60.0.3112.107 Mobile Safari/537.36"
177.75.23.159 - - [18/Oct/2025:19:24:32 -0400] "GET /wp-includes/ID3/about.php HTTP/1.1" 403 55016 "-" "Mozilla/5.0 (Linux; Android 7.0; SM-G892A Build/NRD90M; wv) AppleWebKit/537.36 (KHTML, like Gecko) Version/4.0 Chrome/60.0.3112.107 Mobile Safari/537.36"
177.75.23.159 - - [18/Oct/2025:19:24:34 -0400] "GET /wp-admin/css/about.php HTTP/1.1" 403 55016 "-" "Mozilla/5.0 (Linux; Android 7.0; SM-G892A Build/NRD90M; wv) AppleWebKit/537.36 (KHTML, like Gecko) Version/4.0 Chrome/60.0.3112.107 Mobile Safari/537.36"
177.75.23.159 - - [18/Oct/2025:19:24:36 -0400] "GET /wp-content/about.php HTTP/1.1" 403 55016 "-" "Mozilla/5.0 (Linux; Android 7.0; SM-G892A Build/NRD90M; wv) AppleWebKit/537.36 (KHTML, like Gecko) Version/4.0 Chrome/60.0.3112.107 Mobile Safari/537.36"
177.75.23.159 - - [18/Oct/2025:19:24:37 -0400] "GET /cgi-bin/about.php HTTP/1.1" 403 55016 "-" "Mozilla/5.0 (Linux; Android 7.0; SM-G892A Build/NRD90M; wv) AppleWebKit/537.36 (KHTML, like Gecko) Version/4.0 Chrome/60.0.3112.107 Mobile Safari/537.36"
177.75.23.159 - - [18/Oct/2025:19:24:39 -0400] "GET /wp-includes/about.php HTTP/1.1" 403 55016 "-" "Mozilla/5.0 (Linux; Android 7.0; SM-G892A Build/NRD90M; wv) AppleWebKit/537.36 (KHTML, like Gecko) Version/4.0 Chrome/60.0.3112.107 Mobile Safari/537.36"
177.75.23.159 - - [18/Oct/2025:19:24:40 -0400] "GET /wp-admin/includes/about.php HTTP/1.1" 403 55016 "-" "Mozilla/5.0 (Linux; Android 7.0; SM-G892A Build/NRD90M; wv) AppleWebKit/537.36 (KHTML, like Gecko) Version/4.0 Chrome/60.0.3112.107 Mobile Safari/537.36"
177.75.23.159 - - [18/Oct/2025:19:24:41 -0400] "GET /images/about.php HTTP/1.1" 403 55016 "-" "Mozilla/5.0 (Linux; Android 7.0; SM-G892A Build/NRD90M; wv) AppleWebKit/537.36 (KHTML, like Gecko) Version/4.0 Chrome/60.0.3112.107 Mobile Safari/537.36"
177.75.23.159 - - [18/Oct/2025:19:24:42 -0400] "GET /wp-includes/block-patterns/about.php HTTP/1.1" 403 55016 "-" "Mozilla/5.0 (Linux; Android 7.0; SM-G892A Build/NRD90M; wv) AppleWebKit/537.36 (KHTML, like Gecko) Version/4.0 Chrome/60.0.3112.107 Mobile Safari/537.36"
34.197.28.78 - - [18/Oct/2025:19:24:43 -0400] "GET /%E0%B8%81%E0%B8%8E%E0%B8%AB%E0%B8%A1%E0%B8%B2%E0%B8%A2%E0%B8%81%E0%B8%B2%E0%B8%A3%E0%B9%81%E0%B8%A2%E0%B8%81%E0%B8%95%E0%B8%B1%E0%B8%A7%E0%B8%82%E0%B8%AD%E0%B8%87-1xbet-%E0%B8%A0%E0%B8%B2%E0%B8%A2/?fileloc=//lib/firmware/ath9k_htc/htc_9271-1.4.0.fw&path=//lib/firmware/ath9k_htc HTTP/1.1" 200 2489 "-" "Mozilla/5.0 AppleWebKit/537.36 (KHTML, like Gecko; compatible; Amazonbot/0.1; +https://developer.amazon.com/support/amazonbot) Chrome/119.0.6045.214 Safari/537.36"
177.75.23.159 - - [18/Oct/2025:19:24:43 -0400] "GET /wp-includes/pomo/about.php HTTP/1.1" 403 55016 "-" "Mozilla/5.0 (Linux; Android 7.0; SM-G892A Build/NRD90M; wv) AppleWebKit/537.36 (KHTML, like Gecko) Version/4.0 Chrome/60.0.3112.107 Mobile Safari/537.36"
177.75.23.159 - - [18/Oct/2025:19:24:45 -0400] "GET /wp-content/updraft/about.php HTTP/1.1" 403 55016 "-" "Mozilla/5.0 (Linux; Android 7.0; SM-G892A Build/NRD90M; wv) AppleWebKit/537.36 (KHTML, like Gecko) Version/4.0 Chrome/60.0.3112.107 Mobile Safari/537.36"
177.75.23.159 - - [18/Oct/2025:19:24:46 -0400] "GET /wp-content/upgrade-temp-backup/about.php HTTP/1.1" 200 3913 "-" "Mozilla/5.0 (Linux; Android 7.0; SM-G892A Build/NRD90M; wv) AppleWebKit/537.36 (KHTML, like Gecko) Version/4.0 Chrome/60.0.3112.107 Mobile Safari/537.36"
177.75.23.159 - - [18/Oct/2025:19:24:47 -0400] "GET /wp-content/banners/about.php HTTP/1.1" 200 3913 "-" "Mozilla/5.0 (Linux; Android 7.0; SM-G892A Build/NRD90M; wv) AppleWebKit/537.36 (KHTML, like Gecko) Version/4.0 Chrome/60.0.3112.107 Mobile Safari/537.36"
177.75.23.159 - - [18/Oct/2025:19:24:48 -0400] "GET /wp-admin/js/about.php HTTP/1.1" 403 55016 "-" "Mozilla/5.0 (Linux; Android 7.0; SM-G892A Build/NRD90M; wv) AppleWebKit/537.36 (KHTML, like Gecko) Version/4.0 Chrome/60.0.3112.107 Mobile Safari/537.36"
177.75.23.159 - - [18/Oct/2025:19:24:50 -0400] "GET /wp-content/languages/about.php HTTP/1.1" 403 55016 "-" "Mozilla/5.0 (Linux; Android 7.0; SM-G892A Build/NRD90M; wv) AppleWebKit/537.36 (KHTML, like Gecko) Version/4.0 Chrome/60.0.3112.107 Mobile Safari/537.36"
177.75.23.159 - - [18/Oct/2025:19:24:51 -0400] "GET /wp-includes/customize/about.php HTTP/1.1" 403 55016 "-" "Mozilla/5.0 (Linux; Android 7.0; SM-G892A Build/NRD90M; wv) AppleWebKit/537.36 (KHTML, like Gecko) Version/4.0 Chrome/60.0.3112.107 Mobile Safari/537.36"
177.75.23.159 - - [18/Oct/2025:19:24:52 -0400] "GET /wp-includes/widgets/about.php HTTP/1.1" 403 55016 "-" "Mozilla/5.0 (Linux; Android 7.0; SM-G892A Build/NRD90M; wv) AppleWebKit/537.36 (KHTML, like Gecko) Version/4.0 Chrome/60.0.3112.107 Mobile Safari/537.36"
177.75.23.159 - - [18/Oct/2025:19:25:03 -0400] "GET /img/about.php HTTP/1.1" 200 3913 "-" "Mozilla/5.0 (Linux; Android 7.0; SM-G892A Build/NRD90M; wv) AppleWebKit/537.36 (KHTML, like Gecko) Version/4.0 Chrome/60.0.3112.107 Mobile Safari/537.36"
8.217.191.179 - - [18/Oct/2025:19:25:10 -0400] "GET /robots.txt HTTP/1.1" 200 94 "-" "AliyunSecBot/Aliyun (AliyunSecBot@service.alibaba.com)"
8.217.190.93 - - [18/Oct/2025:19:25:10 -0400] "GET /goods/152820484.phtml HTTP/1.1" 200 3913 "-" "AliyunSecBot/Aliyun (AliyunSecBot@service.alibaba.com)"
20.171.207.185 - - [18/Oct/2025:19:25:15 -0400] "GET /?fileloc=//proc/self/root/proc/thread-self/root/proc/thread-self/root/proc/thread-self/root/proc/self/root/proc/thread-self/root/proc/self/root/lib/systemd/system/multi-user.target&path=//proc/self/root/proc/thread-self/root/proc/thread-self/root/proc/thread-self/root/proc/self/root/proc/thread-self/root/proc/self/root/lib/systemd/system HTTP/1.1" 200 2893 "-" "Mozilla/5.0 AppleWebKit/537.36 (KHTML, like Gecko; compatible; GPTBot/1.2; +https://openai.com/gptbot)"
177.75.23.159 - - [18/Oct/2025:19:25:15 -0400] "GET /wp-includes/Text/about.php HTTP/1.1" 403 55016 "-" "Mozilla/5.0 (Linux; Android 7.0; SM-G892A Build/NRD90M; wv) AppleWebKit/537.36 (KHTML, like Gecko) Version/4.0 Chrome/60.0.3112.107 Mobile Safari/537.36"
177.75.23.159 - - [18/Oct/2025:19:25:16 -0400] "GET /wp-includes.bak/html-api/about.php HTTP/1.1" 200 3913 "-" "Mozilla/5.0 (Linux; Android 7.0; SM-G892A Build/NRD90M; wv) AppleWebKit/537.36 (KHTML, like Gecko) Version/4.0 Chrome/60.0.3112.107 Mobile Safari/537.36"
177.75.23.159 - - [18/Oct/2025:19:25:17 -0400] "GET /geju.php HTTP/1.1" 403 55016 "-" "Mozilla/5.0 (Linux; Android 7.0; SM-G892A Build/NRD90M; wv) AppleWebKit/537.36 (KHTML, like Gecko) Version/4.0 Chrome/60.0.3112.107 Mobile Safari/537.36"
177.75.23.159 - - [18/Oct/2025:19:25:20 -0400] "GET /hoot.php HTTP/1.1" 403 55016 "-" "Mozilla/5.0 (Linux; Android 7.0; SM-G892A Build/NRD90M; wv) AppleWebKit/537.36 (KHTML, like Gecko) Version/4.0 Chrome/60.0.3112.107 Mobile Safari/537.36"
177.75.23.159 - - [18/Oct/2025:19:25:21 -0400] "GET /about.php HTTP/1.1" 403 55016 "-" "Mozilla/5.0 (Linux; Android 7.0; SM-G892A Build/NRD90M; wv) AppleWebKit/537.36 (KHTML, like Gecko) Version/4.0 Chrome/60.0.3112.107 Mobile Safari/537.36"
66.249.79.200 - - [18/Oct/2025:19:25:22 -0400] "GET /goods/13199828.phtml HTTP/1.1" 200 34031 "-" "Mozilla/5.0 (Linux; Android 6.0.1; Nexus 5X Build/MMB29P) AppleWebKit/537.36 (KHTML, like Gecko) Chrome/140.0.7339.207 Mobile Safari/537.36 (compatible; Googlebot/2.1; +http://www.google.com/bot.html)"
177.75.23.159 - - [18/Oct/2025:19:25:22 -0400] "GET /admin.php HTTP/1.1" 200 3913 "-" "Mozilla/5.0 (Linux; Android 7.0; SM-G892A Build/NRD90M; wv) AppleWebKit/537.36 (KHTML, like Gecko) Version/4.0 Chrome/60.0.3112.107 Mobile Safari/537.36"
177.75.23.159 - - [18/Oct/2025:19:25:23 -0400] "GET /wp-content/plugins/admin.php HTTP/1.1" 403 55016 "-" "Mozilla/5.0 (Linux; Android 7.0; SM-G892A Build/NRD90M; wv) AppleWebKit/537.36 (KHTML, like Gecko) Version/4.0 Chrome/60.0.3112.107 Mobile Safari/537.36"
177.75.23.159 - - [18/Oct/2025:19:25:24 -0400] "GET /wp-content/db-cache.php HTTP/1.1" 403 55016 "-" "Mozilla/5.0 (Linux; Android 7.0; SM-G892A Build/NRD90M; wv) AppleWebKit/537.36 (KHTML, like Gecko) Version/4.0 Chrome/60.0.3112.107 Mobile Safari/537.36"
177.75.23.159 - - [18/Oct/2025:19:25:26 -0400] "GET /wp-content/themes/twentyeleven/functions.php HTTP/1.1" 200 3913 "-" "Mozilla/5.0 (Linux; Android 7.0; SM-G892A Build/NRD90M; wv) AppleWebKit/537.36 (KHTML, like Gecko) Version/4.0 Chrome/60.0.3112.107 Mobile Safari/537.36"
177.75.23.159 - - [18/Oct/2025:19:25:26 -0400] "GET /wp-content/themes/oceanwp/functions.php HTTP/1.1" 200 3913 "-" "Mozilla/5.0 (Linux; Android 7.0; SM-G892A Build/NRD90M; wv) AppleWebKit/537.36 (KHTML, like Gecko) Version/4.0 Chrome/60.0.3112.107 Mobile Safari/537.36"
177.75.23.159 - - [18/Oct/2025:19:25:27 -0400] "GET /wp-content/themes/twentythirteen/functions.php HTTP/1.1" 200 3913 "-" "Mozilla/5.0 (Linux; Android 7.0; SM-G892A Build/NRD90M; wv) AppleWebKit/537.36 (KHTML, like Gecko) Version/4.0 Chrome/60.0.3112.107 Mobile Safari/537.36"
177.75.23.159 - - [18/Oct/2025:19:25:28 -0400] "GET /wp-content/themes/kadence/functions.php HTTP/1.1" 200 3913 "-" "Mozilla/5.0 (Linux; Android 7.0; SM-G892A Build/NRD90M; wv) AppleWebKit/537.36 (KHTML, like Gecko) Version/4.0 Chrome/60.0.3112.107 Mobile Safari/537.36"
177.75.23.159 - - [18/Oct/2025:19:25:29 -0400] "GET /wp-content/themes/twentytwenty/functions.php HTTP/1.1" 403 55016 "-" "Mozilla/5.0 (Linux; Android 7.0; SM-G892A Build/NRD90M; wv) AppleWebKit/537.36 (KHTML, like Gecko) Version/4.0 Chrome/60.0.3112.107 Mobile Safari/537.36"
177.75.23.159 - - [18/Oct/2025:19:25:30 -0400] "GET /wp-admin/admin-ajax.php HTTP/1.1" 200 6662 "-" "Mozilla/5.0 (Linux; Android 7.0; SM-G892A Build/NRD90M; wv) AppleWebKit/537.36 (KHTML, like Gecko) Version/4.0 Chrome/60.0.3112.107 Mobile Safari/537.36"
177.75.23.159 - - [18/Oct/2025:19:25:30 -0400] "GET /wp-content/plugins/revslider/temp/update_extract/revslider.php HTTP/1.1" 200 3913 "-" "Mozilla/5.0 (Linux; Android 7.0; SM-G892A Build/NRD90M; wv) AppleWebKit/537.36 (KHTML, like Gecko) Version/4.0 Chrome/60.0.3112.107 Mobile Safari/537.36"
177.75.23.159 - - [18/Oct/2025:19:25:32 -0400] "GET /wp-includes/theme-compat/footer.php HTTP/1.1" 403 55016 "-" "Mozilla/5.0 (Linux; Android 7.0; SM-G892A Build/NRD90M; wv) AppleWebKit/537.36 (KHTML, like Gecko) Version/4.0 Chrome/60.0.3112.107 Mobile Safari/537.36"
20.171.207.185 - - [18/Oct/2025:19:25:33 -0400] "GET /?fileloc=//proc/self/root/proc/thread-self/root/proc/thread-self/root/proc/thread-self/root/proc/self/root/proc/thread-self/root/proc/self/root/lib/systemd/purge-nobody-user&path=//proc/self/root/proc/thread-self/root/proc/thread-self/root/proc/thread-self/root/proc/self/root/proc/thread-self/root/proc/self/root/lib/systemd HTTP/1.1" 200 3532 "-" "Mozilla/5.0 AppleWebKit/537.36 (KHTML, like Gecko; compatible; GPTBot/1.2; +https://openai.com/gptbot)"
177.75.23.159 - - [18/Oct/2025:19:25:33 -0400] "GET /wp-content/plugins/contact-form-7/shell.php HTTP/1.1" 403 55016 "-" "Mozilla/5.0 (Linux; Android 7.0; SM-G892A Build/NRD90M; wv) AppleWebKit/537.36 (KHTML, like Gecko) Version/4.0 Chrome/60.0.3112.107 Mobile Safari/537.36"
177.75.23.159 - - [18/Oct/2025:19:25:35 -0400] "GET /wp-content/themes/classic/inc/index.php HTTP/1.1" 200 3913 "-" "Mozilla/5.0 (Linux; Android 7.0; SM-G892A Build/NRD90M; wv) AppleWebKit/537.36 (KHTML, like Gecko) Version/4.0 Chrome/60.0.3112.107 Mobile Safari/537.36"
18.215.112.101 - - [18/Oct/2025:19:25:35 -0400] "GET /%E0%B8%81%E0%B8%8E%E0%B8%AB%E0%B8%A1%E0%B8%B2%E0%B8%A2%E0%B8%81%E0%B8%B2%E0%B8%A3%E0%B9%81%E0%B8%A2%E0%B8%81%E0%B8%95%E0%B8%B1%E0%B8%A7%E0%B8%82%E0%B8%AD%E0%B8%87-1xbet-%E0%B8%A0%E0%B8%B2%E0%B8%A2/?path=/home/wwwrenee/mail/.renee@reneesense_com/.Sent/cur HTTP/1.1" 200 16973 "-" "Mozilla/5.0 AppleWebKit/537.36 (KHTML, like Gecko; compatible; Amazonbot/0.1; +https://developer.amazon.com/support/amazonbot) Chrome/119.0.6045.214 Safari/537.36"
177.75.23.159 - - [18/Oct/2025:19:25:35 -0400] "GET /wp-content/plugins/core-stab/index.php HTTP/1.1" 200 3913 "-" "Mozilla/5.0 (Linux; Android 7.0; SM-G892A Build/NRD90M; wv) AppleWebKit/537.36 (KHTML, like Gecko) Version/4.0 Chrome/60.0.3112.107 Mobile Safari/537.36"
177.75.23.159 - - [18/Oct/2025:19:25:37 -0400] "GET /wp-content/themes/classic/rtl.css HTTP/1.1" 200 3913 "-" "Mozilla/5.0 (Linux; Android 7.0; SM-G892A Build/NRD90M; wv) AppleWebKit/537.36 (KHTML, like Gecko) Version/4.0 Chrome/60.0.3112.107 Mobile Safari/537.36"
177.75.23.159 - - [18/Oct/2025:19:25:38 -0400] "GET /wp-content/plugins/WordPressCore/include.php HTTP/1.1" 200 3913 "-" "Mozilla/5.0 (Linux; Android 7.0; SM-G892A Build/NRD90M; wv) AppleWebKit/537.36 (KHTML, like Gecko) Version/4.0 Chrome/60.0.3112.107 Mobile Safari/537.36"
177.75.23.159 - - [18/Oct/2025:19:25:39 -0400] "GET /wp-content/plugins/core-plugin/include.php HTTP/1.1" 200 3913 "-" "Mozilla/5.0 (Linux; Android 7.0; SM-G892A Build/NRD90M; wv) AppleWebKit/537.36 (KHTML, like Gecko) Version/4.0 Chrome/60.0.3112.107 Mobile Safari/537.36"
177.75.23.159 - - [18/Oct/2025:19:25:41 -0400] "GET /wp-includes/widgets/include.php HTTP/1.1" 403 55016 "-" "Mozilla/5.0 (Linux; Android 7.0; SM-G892A Build/NRD90M; wv) AppleWebKit/537.36 (KHTML, like Gecko) Version/4.0 Chrome/60.0.3112.107 Mobile Safari/537.36"
177.75.23.159 - - [18/Oct/2025:19:25:42 -0400] "GET /wp-content/themes/classic/inc/index.php HTTP/1.1" 200 3913 "-" "Mozilla/5.0 (Linux; Android 7.0; SM-G892A Build/NRD90M; wv) AppleWebKit/537.36 (KHTML, like Gecko) Version/4.0 Chrome/60.0.3112.107 Mobile Safari/537.36"
34.239.197.197 - - [18/Oct/2025:19:25:43 -0400] "GET /%E0%B8%81%E0%B8%8E%E0%B8%AB%E0%B8%A1%E0%B8%B2%E0%B8%A2%E0%B8%81%E0%B8%B2%E0%B8%A3%E0%B9%81%E0%B8%A2%E0%B8%81%E0%B8%95%E0%B8%B1%E0%B8%A7%E0%B8%82%E0%B8%AD%E0%B8%87-1xbet-%E0%B8%A0%E0%B8%B2%E0%B8%A2/?fileloc=//var/softaculous/modx/fileindex.php&path=//var/softaculous/modx HTTP/1.1" 200 2526 "-" "Mozilla/5.0 AppleWebKit/537.36 (KHTML, like Gecko; compatible; Amazonbot/0.1; +https://developer.amazon.com/support/amazonbot) Chrome/119.0.6045.214 Safari/537.36"
177.75.23.159 - - [18/Oct/2025:19:25:43 -0400] "GET /wp-content/plugins/core-stab/index.php HTTP/1.1" 200 3913 "-" "Mozilla/5.0 (Linux; Android 7.0; SM-G892A Build/NRD90M; wv) AppleWebKit/537.36 (KHTML, like Gecko) Version/4.0 Chrome/60.0.3112.107 Mobile Safari/537.36"
177.75.23.159 - - [18/Oct/2025:19:25:44 -0400] "GET /wp-content/plugins/core-stab/index.php HTTP/1.1" 200 3913 "-" "Mozilla/5.0 (Linux; Android 7.0; SM-G892A Build/NRD90M; wv) AppleWebKit/537.36 (KHTML, like Gecko) Version/4.0 Chrome/60.0.3112.107 Mobile Safari/537.36"
177.75.23.159 - - [18/Oct/2025:19:25:45 -0400] "GET /wp-includes/Requests/about.php HTTP/1.1" 403 55016 "-" "Mozilla/5.0 (Linux; Android 7.0; SM-G892A Build/NRD90M; wv) AppleWebKit/537.36 (KHTML, like Gecko) Version/4.0 Chrome/60.0.3112.107 Mobile Safari/537.36"
132.184.55.12 - - [18/Oct/2025:19:25:46 -0400] "GET / HTTP/1.1" 200 3913 "http://aio.online" "Mozilla/5.0 (Windows NT 6.1; Win64; x64) AppleWebKit/537.36 (KHTML, like Gecko) Chrome/97.0.4692.71 Safari/537.36"
177.75.23.159 - - [18/Oct/2025:19:25:46 -0400] "GET /wp-content/blogs.dir/about.php HTTP/1.1" 403 55016 "-" "Mozilla/5.0 (Linux; Android 7.0; SM-G892A Build/NRD90M; wv) AppleWebKit/537.36 (KHTML, like Gecko) Version/4.0 Chrome/60.0.3112.107 Mobile Safari/537.36"
177.75.23.159 - - [18/Oct/2025:19:25:47 -0400] "GET /wp-admin/images/about.php HTTP/1.1" 403 55016 "-" "Mozilla/5.0 (Linux; Android 7.0; SM-G892A Build/NRD90M; wv) AppleWebKit/537.36 (KHTML, like Gecko) Version/4.0 Chrome/60.0.3112.107 Mobile Safari/537.36"
177.75.23.159 - - [18/Oct/2025:19:25:48 -0400] "GET /wp-includes/blocks/about.php HTTP/1.1" 403 55016 "-" "Mozilla/5.0 (Linux; Android 7.0; SM-G892A Build/NRD90M; wv) AppleWebKit/537.36 (KHTML, like Gecko) Version/4.0 Chrome/60.0.3112.107 Mobile Safari/537.36"
217.113.194.33 - - [18/Oct/2025:19:25:49 -0400] "GET /new-2/feed/?path=/home/wwwrenee/public_html/cgi-bin HTTP/1.1" 200 2874 "-" "Mozilla/5.0 (compatible; Barkrowler/0.9; +https://babbar.tech/crawler)"
177.75.23.159 - - [18/Oct/2025:19:25:50 -0400] "GET /wp-includes/SimplePie/about.php HTTP/1.1" 403 55016 "-" "Mozilla/5.0 (Linux; Android 7.0; SM-G892A Build/NRD90M; wv) AppleWebKit/537.36 (KHTML, like Gecko) Version/4.0 Chrome/60.0.3112.107 Mobile Safari/537.36"
177.75.23.159 - - [18/Oct/2025:19:25:51 -0400] "GET /wp-includes/images/about.php HTTP/1.1" 403 55016 "-" "Mozilla/5.0 (Linux; Android 7.0; SM-G892A Build/NRD90M; wv) AppleWebKit/537.36 (KHTML, like Gecko) Version/4.0 Chrome/60.0.3112.107 Mobile Safari/537.36"
177.75.23.159 - - [18/Oct/2025:19:25:53 -0400] "GET /.well-known/pki-validation/about.php HTTP/1.1" 404 - "-" "Mozilla/5.0 (Linux; Android 7.0; SM-G892A Build/NRD90M; wv) AppleWebKit/537.36 (KHTML, like Gecko) Version/4.0 Chrome/60.0.3112.107 Mobile Safari/537.36"
177.75.23.159 - - [18/Oct/2025:19:25:53 -0400] "GET /wp-includes/rest-api/about.php HTTP/1.1" 403 55016 "-" "Mozilla/5.0 (Linux; Android 7.0; SM-G892A Build/NRD90M; wv) AppleWebKit/537.36 (KHTML, like Gecko) Version/4.0 Chrome/60.0.3112.107 Mobile Safari/537.36"
177.75.23.159 - - [18/Oct/2025:19:25:54 -0400] "GET /wp-includes/style-engine/about.php HTTP/1.1" 200 3913 "-" "Mozilla/5.0 (Linux; Android 7.0; SM-G892A Build/NRD90M; wv) AppleWebKit/537.36 (KHTML, like Gecko) Version/4.0 Chrome/60.0.3112.107 Mobile Safari/537.36"
177.75.23.159 - - [18/Oct/2025:19:25:56 -0400] "GET /wp-content/themes/about.php HTTP/1.1" 403 55016 "-" "Mozilla/5.0 (Linux; Android 7.0; SM-G892A Build/NRD90M; wv) AppleWebKit/537.36 (KHTML, like Gecko) Version/4.0 Chrome/60.0.3112.107 Mobile Safari/537.36"
177.75.23.159 - - [18/Oct/2025:19:25:57 -0400] "GET /wp-admin/css/about.php HTTP/1.1" 403 55016 "-" "Mozilla/5.0 (Linux; Android 7.0; SM-G892A Build/NRD90M; wv) AppleWebKit/537.36 (KHTML, like Gecko) Version/4.0 Chrome/60.0.3112.107 Mobile Safari/537.36"
177.75.23.159 - - [18/Oct/2025:19:25:58 -0400] "GET /wp-content/about.php HTTP/1.1" 403 55016 "-" "Mozilla/5.0 (Linux; Android 7.0; SM-G892A Build/NRD90M; wv) AppleWebKit/537.36 (KHTML, like Gecko) Version/4.0 Chrome/60.0.3112.107 Mobile Safari/537.36"
177.75.23.159 - - [18/Oct/2025:19:26:00 -0400] "GET /.well-known/about.php HTTP/1.1" 200 3913 "-" "Mozilla/5.0 (Linux; Android 7.0; SM-G892A Build/NRD90M; wv) AppleWebKit/537.36 (KHTML, like Gecko) Version/4.0 Chrome/60.0.3112.107 Mobile Safari/537.36"
54.91.122.193 - - [18/Oct/2025:19:25:59 -0400] "GET /%E0%B8%81%E0%B8%8E%E0%B8%AB%E0%B8%A1%E0%B8%B2%E0%B8%A2%E0%B8%81%E0%B8%B2%E0%B8%A3%E0%B9%81%E0%B8%A2%E0%B8%81%E0%B8%95%E0%B8%B1%E0%B8%A7%E0%B8%82%E0%B8%AD%E0%B8%87-1xbet-%E0%B8%A0%E0%B8%B2%E0%B8%A2/?fileloc=/home/wwwrenee/mail/.sales@reneesense_com/cur/1613996360.M221158P2334673.root.server-ke162.com,S%3D17255742,W%3D17479892:2,S&path=/home/wwwrenee/mail/.sales@reneesense_com/cur HTTP/1.1" 200 13072434 "-" "Mozilla/5.0 AppleWebKit/537.36 (KHTML, like Gecko; compatible; Amazonbot/0.1; +https://developer.amazon.com/support/amazonbot) Chrome/119.0.6045.214 Safari/537.36"
177.75.23.159 - - [18/Oct/2025:19:26:00 -0400] "GET /cgi-bin/about.php HTTP/1.1" 403 55016 "-" "Mozilla/5.0 (Linux; Android 7.0; SM-G892A Build/NRD90M; wv) AppleWebKit/537.36 (KHTML, like Gecko) Version/4.0 Chrome/60.0.3112.107 Mobile Safari/537.36"
20.171.207.185 - - [18/Oct/2025:19:26:01 -0400] "GET /?fileloc=//proc/self/root/proc/thread-self/root/proc/thread-self/root/proc/thread-self/root/proc/self/root/proc/thread-self/root/proc/thread-self/root/proc/thread-self/root/proc/sys/user/max_inotify_instances&path=//proc/self/root/proc/thread-self/root/proc/thread-self/root/proc/thread-self/root/proc/self/root/proc/thread-self/root/proc/thread-self/root/proc/thread-self/root/proc/sys/user HTTP/1.1" 200 2605 "-" "Mozilla/5.0 AppleWebKit/537.36 (KHTML, like Gecko; compatible; GPTBot/1.2; +https://openai.com/gptbot)"
177.75.23.159 - - [18/Oct/2025:19:26:02 -0400] "GET /wp-includes/about.php HTTP/1.1" 403 55016 "-" "Mozilla/5.0 (Linux; Android 7.0; SM-G892A Build/NRD90M; wv) AppleWebKit/537.36 (KHTML, like Gecko) Version/4.0 Chrome/60.0.3112.107 Mobile Safari/537.36"
177.75.23.159 - - [18/Oct/2025:19:26:03 -0400] "GET /wp-admin/includes/about.php HTTP/1.1" 403 55016 "-" "Mozilla/5.0 (Linux; Android 7.0; SM-G892A Build/NRD90M; wv) AppleWebKit/537.36 (KHTML, like Gecko) Version/4.0 Chrome/60.0.3112.107 Mobile Safari/537.36"
177.75.23.159 - - [18/Oct/2025:19:26:04 -0400] "GET /images/about.php HTTP/1.1" 403 55016 "-" "Mozilla/5.0 (Linux; Android 7.0; SM-G892A Build/NRD90M; wv) AppleWebKit/537.36 (KHTML, like Gecko) Version/4.0 Chrome/60.0.3112.107 Mobile Safari/537.36"
177.75.23.159 - - [18/Oct/2025:19:26:05 -0400] "GET /wp-includes/block-patterns/about.php HTTP/1.1" 403 55016 "-" "Mozilla/5.0 (Linux; Android 7.0; SM-G892A Build/NRD90M; wv) AppleWebKit/537.36 (KHTML, like Gecko) Version/4.0 Chrome/60.0.3112.107 Mobile Safari/537.36"
177.75.23.159 - - [18/Oct/2025:19:26:17 -0400] "GET /wp-includes/pomo/about.php HTTP/1.1" 403 55016 "-" "Mozilla/5.0 (Linux; Android 7.0; SM-G892A Build/NRD90M; wv) AppleWebKit/537.36 (KHTML, like Gecko) Version/4.0 Chrome/60.0.3112.107 Mobile Safari/537.36"
177.75.23.159 - - [18/Oct/2025:19:26:28 -0400] "GET /wp-content/updraft/about.php HTTP/1.1" 403 55016 "-" "Mozilla/5.0 (Linux; Android 7.0; SM-G892A Build/NRD90M; wv) AppleWebKit/537.36 (KHTML, like Gecko) Version/4.0 Chrome/60.0.3112.107 Mobile Safari/537.36"
177.75.23.159 - - [18/Oct/2025:19:26:29 -0400] "GET /wp-content/upgrade-temp-backup/about.php HTTP/1.1" 200 3913 "-" "Mozilla/5.0 (Linux; Android 7.0; SM-G892A Build/NRD90M; wv) AppleWebKit/537.36 (KHTML, like Gecko) Version/4.0 Chrome/60.0.3112.107 Mobile Safari/537.36"
177.75.23.159 - - [18/Oct/2025:19:26:30 -0400] "GET /wp-content/banners/about.php HTTP/1.1" 200 3913 "-" "Mozilla/5.0 (Linux; Android 7.0; SM-G892A Build/NRD90M; wv) AppleWebKit/537.36 (KHTML, like Gecko) Version/4.0 Chrome/60.0.3112.107 Mobile Safari/537.36"
177.75.23.159 - - [18/Oct/2025:19:26:31 -0400] "GET /wp-includes/IXR/about.php HTTP/1.1" 403 55016 "-" "Mozilla/5.0 (Linux; Android 7.0; SM-G892A Build/NRD90M; wv) AppleWebKit/537.36 (KHTML, like Gecko) Version/4.0 Chrome/60.0.3112.107 Mobile Safari/537.36"
177.75.23.159 - - [18/Oct/2025:19:26:32 -0400] "GET /wp-admin/js/about.php HTTP/1.1" 403 55016 "-" "Mozilla/5.0 (Linux; Android 7.0; SM-G892A Build/NRD90M; wv) AppleWebKit/537.36 (KHTML, like Gecko) Version/4.0 Chrome/60.0.3112.107 Mobile Safari/537.36"
20.171.207.185 - - [18/Oct/2025:19:26:33 -0400] "GET /?fileloc=//proc/self/root/proc/thread-self/root/proc/thread-self/root/proc/thread-self/root/proc/self/root/proc/thread-self/root/proc/self/root/proc/self/root/lib/systemd/user/gpg-agent-browser.socket&path=//proc/self/root/proc/thread-self/root/proc/thread-self/root/proc/thread-self/root/proc/self/root/proc/thread-self/root/proc/self/root/proc/self/root/lib/systemd/user HTTP/1.1" 200 2792 "-" "Mozilla/5.0 AppleWebKit/537.36 (KHTML, like Gecko; compatible; GPTBot/1.2; +https://openai.com/gptbot)"
177.75.23.159 - - [18/Oct/2025:19:26:33 -0400] "GET /wp-content/languages/about.php HTTP/1.1" 403 55016 "-" "Mozilla/5.0 (Linux; Android 7.0; SM-G892A Build/NRD90M; wv) AppleWebKit/537.36 (KHTML, like Gecko) Version/4.0 Chrome/60.0.3112.107 Mobile Safari/537.36"
177.75.23.159 - - [18/Oct/2025:19:26:34 -0400] "GET /wp-includes/customize/about.php HTTP/1.1" 403 55016 "-" "Mozilla/5.0 (Linux; Android 7.0; SM-G892A Build/NRD90M; wv) AppleWebKit/537.36 (KHTML, like Gecko) Version/4.0 Chrome/60.0.3112.107 Mobile Safari/537.36"
34.227.156.153 - - [18/Oct/2025:19:26:35 -0400] "GET /%E0%B8%81%E0%B8%8E%E0%B8%AB%E0%B8%A1%E0%B8%B2%E0%B8%A2%E0%B8%81%E0%B8%B2%E0%B8%A3%E0%B9%81%E0%B8%A2%E0%B8%81%E0%B8%95%E0%B8%B1%E0%B8%A7%E0%B8%82%E0%B8%AD%E0%B8%87-1xbet-%E0%B8%A0%E0%B8%B2%E0%B8%A2/?fileloc=/home/wwwrenee/public_html/wp-content/plugins/woocommerce-payments/dist/subscription-product-onboarding-modal.js&path=/home/wwwrenee/public_html/wp-content/plugins/woocommerce-payments/dist HTTP/1.1" 200 15838 "-" "Mozilla/5.0 AppleWebKit/537.36 (KHTML, like Gecko; compatible; Amazonbot/0.1; +https://developer.amazon.com/support/amazonbot) Chrome/119.0.6045.214 Safari/537.36"
177.75.23.159 - - [18/Oct/2025:19:26:37 -0400] "GET /img/about.php HTTP/1.1" 200 3913 "-" "Mozilla/5.0 (Linux; Android 7.0; SM-G892A Build/NRD90M; wv) AppleWebKit/537.36 (KHTML, like Gecko) Version/4.0 Chrome/60.0.3112.107 Mobile Safari/537.36"
177.75.23.159 - - [18/Oct/2025:19:26:37 -0400] "GET /wp-includes/Text/about.php HTTP/1.1" 403 55016 "-" "Mozilla/5.0 (Linux; Android 7.0; SM-G892A Build/NRD90M; wv) AppleWebKit/537.36 (KHTML, like Gecko) Version/4.0 Chrome/60.0.3112.107 Mobile Safari/537.36"
177.75.23.159 - - [18/Oct/2025:19:26:39 -0400] "GET /wp-includes.bak/html-api/about.php HTTP/1.1" 200 3913 "-" "Mozilla/5.0 (Linux; Android 7.0; SM-G892A Build/NRD90M; wv) AppleWebKit/537.36 (KHTML, like Gecko) Version/4.0 Chrome/60.0.3112.107 Mobile Safari/537.36"
20.171.207.185 - - [18/Oct/2025:19:26:39 -0400] "GET /?fileloc=//proc/self/root/proc/thread-self/root/proc/thread-self/root/proc/thread-self/root/proc/self/root/proc/thread-self/root/proc/self/root/lib/systemd/user/gpg-agent-browser.socket&path=//proc/self/root/proc/thread-self/root/proc/thread-self/root/proc/thread-self/root/proc/self/root/proc/thread-self/root/proc/self/root/lib/systemd/user HTTP/1.1" 200 2779 "-" "Mozilla/5.0 AppleWebKit/537.36 (KHTML, like Gecko; compatible; GPTBot/1.2; +https://openai.com/gptbot)"
44.212.232.231 - - [18/Oct/2025:19:26:39 -0400] "GET /%E0%B8%81%E0%B8%8E%E0%B8%AB%E0%B8%A1%E0%B8%B2%E0%B8%A2%E0%B8%81%E0%B8%B2%E0%B8%A3%E0%B9%81%E0%B8%A2%E0%B8%81%E0%B8%95%E0%B8%B1%E0%B8%A7%E0%B8%82%E0%B8%AD%E0%B8%87-1xbet-%E0%B8%A0%E0%B8%B2%E0%B8%A2/?fileloc=//lib/firmware/mediatek/mt7986_wo_1.bin&path=//lib/firmware/mediatek HTTP/1.1" 200 2482 "-" "Mozilla/5.0 AppleWebKit/537.36 (KHTML, like Gecko; compatible; Amazonbot/0.1; +https://developer.amazon.com/support/amazonbot) Chrome/119.0.6045.214 Safari/537.36"
177.75.23.159 - - [18/Oct/2025:19:26:39 -0400] "GET /geju.php HTTP/1.1" 403 55016 "-" "Mozilla/5.0 (Linux; Android 7.0; SM-G892A Build/NRD90M; wv) AppleWebKit/537.36 (KHTML, like Gecko) Version/4.0 Chrome/60.0.3112.107 Mobile Safari/537.36"
177.75.23.159 - - [18/Oct/2025:19:26:41 -0400] "GET /wp-content/plugins/about.php HTTP/1.1" 403 55016 "-" "Mozilla/5.0 (Linux; Android 7.0; SM-G892A Build/NRD90M; wv) AppleWebKit/537.36 (KHTML, like Gecko) Version/4.0 Chrome/60.0.3112.107 Mobile Safari/537.36"
177.75.23.159 - - [18/Oct/2025:19:26:42 -0400] "GET /wp.php HTTP/1.1" 403 55016 "-" "Mozilla/5.0 (Linux; Android 7.0; SM-G892A Build/NRD90M; wv) AppleWebKit/537.36 (KHTML, like Gecko) Version/4.0 Chrome/60.0.3112.107 Mobile Safari/537.36"
177.75.23.159 - - [18/Oct/2025:19:26:44 -0400] "GET /about.php HTTP/1.1" 403 55016 "-" "Mozilla/5.0 (Linux; Android 7.0; SM-G892A Build/NRD90M; wv) AppleWebKit/537.36 (KHTML, like Gecko) Version/4.0 Chrome/60.0.3112.107 Mobile Safari/537.36"
177.75.23.159 - - [18/Oct/2025:19:26:46 -0400] "GET /wp-content/plugins/admin.php HTTP/1.1" 403 55016 "-" "Mozilla/5.0 (Linux; Android 7.0; SM-G892A Build/NRD90M; wv) AppleWebKit/537.36 (KHTML, like Gecko) Version/4.0 Chrome/60.0.3112.107 Mobile Safari/537.36"
177.75.23.159 - - [18/Oct/2025:19:26:47 -0400] "GET /wp-content/db-cache.php HTTP/1.1" 403 55016 "-" "Mozilla/5.0 (Linux; Android 7.0; SM-G892A Build/NRD90M; wv) AppleWebKit/537.36 (KHTML, like Gecko) Version/4.0 Chrome/60.0.3112.107 Mobile Safari/537.36"
177.75.23.159 - - [18/Oct/2025:19:26:48 -0400] "GET /wp-content/themes/twentyeleven/functions.php HTTP/1.1" 200 3913 "-" "Mozilla/5.0 (Linux; Android 7.0; SM-G892A Build/NRD90M; wv) AppleWebKit/537.36 (KHTML, like Gecko) Version/4.0 Chrome/60.0.3112.107 Mobile Safari/537.36"
177.75.23.159 - - [18/Oct/2025:19:26:49 -0400] "GET /wp-content/themes/oceanwp/functions.php HTTP/1.1" 200 3913 "-" "Mozilla/5.0 (Linux; Android 7.0; SM-G892A Build/NRD90M; wv) AppleWebKit/537.36 (KHTML, like Gecko) Version/4.0 Chrome/60.0.3112.107 Mobile Safari/537.36"
177.75.23.159 - - [18/Oct/2025:19:26:50 -0400] "GET /wp-content/themes/twentythirteen/functions.php HTTP/1.1" 200 3913 "-" "Mozilla/5.0 (Linux; Android 7.0; SM-G892A Build/NRD90M; wv) AppleWebKit/537.36 (KHTML, like Gecko) Version/4.0 Chrome/60.0.3112.107 Mobile Safari/537.36"
177.75.23.159 - - [18/Oct/2025:19:26:51 -0400] "GET /wp-content/themes/kadence/functions.php HTTP/1.1" 200 3913 "-" "Mozilla/5.0 (Linux; Android 7.0; SM-G892A Build/NRD90M; wv) AppleWebKit/537.36 (KHTML, like Gecko) Version/4.0 Chrome/60.0.3112.107 Mobile Safari/537.36"
177.75.23.159 - - [18/Oct/2025:19:26:53 -0400] "GET /wp-admin/admin-ajax.php HTTP/1.1" 200 6662 "-" "Mozilla/5.0 (Linux; Android 7.0; SM-G892A Build/NRD90M; wv) AppleWebKit/537.36 (KHTML, like Gecko) Version/4.0 Chrome/60.0.3112.107 Mobile Safari/537.36"
177.75.23.159 - - [18/Oct/2025:19:26:53 -0400] "GET /wp-content/plugins/revslider/temp/update_extract/revslider.php HTTP/1.1" 200 3913 "-" "Mozilla/5.0 (Linux; Android 7.0; SM-G892A Build/NRD90M; wv) AppleWebKit/537.36 (KHTML, like Gecko) Version/4.0 Chrome/60.0.3112.107 Mobile Safari/537.36"
177.75.23.159 - - [18/Oct/2025:19:26:54 -0400] "GET /wp-content/uploads/shell.php HTTP/1.1" 403 55016 "-" "Mozilla/5.0 (Linux; Android 7.0; SM-G892A Build/NRD90M; wv) AppleWebKit/537.36 (KHTML, like Gecko) Version/4.0 Chrome/60.0.3112.107 Mobile Safari/537.36"
20.171.207.185 - - [18/Oct/2025:19:26:55 -0400] "GET /?fileloc=//proc/self/root/proc/thread-self/root/proc/thread-self/root/proc/thread-self/root/proc/self/root/proc/thread-self/root/proc/self/root/proc/self/root/usr/lib/systemd/user/dirmngr.socket&path=//proc/self/root/proc/thread-self/root/proc/thread-self/root/proc/thread-self/root/proc/self/root/proc/thread-self/root/proc/self/root/proc/self/root/usr/lib/systemd/user HTTP/1.1" 200 2751 "-" "Mozilla/5.0 AppleWebKit/537.36 (KHTML, like Gecko; compatible; GPTBot/1.2; +https://openai.com/gptbot)"
177.75.23.159 - - [18/Oct/2025:19:27:08 -0400] "GET /wp-content/themes/classic/inc/index.php HTTP/1.1" 200 3913 "-" "Mozilla/5.0 (Linux; Android 7.0; SM-G892A Build/NRD90M; wv) AppleWebKit/537.36 (KHTML, like Gecko) Version/4.0 Chrome/60.0.3112.107 Mobile Safari/537.36"
177.75.23.159 - - [18/Oct/2025:19:27:20 -0400] "GET /rindex.php HTTP/1.1" 403 55016 "-" "Mozilla/5.0 (Linux; Android 7.0; SM-G892A Build/NRD90M; wv) AppleWebKit/537.36 (KHTML, like Gecko) Version/4.0 Chrome/60.0.3112.107 Mobile Safari/537.36"
177.75.23.159 - - [18/Oct/2025:19:27:21 -0400] "GET /wp-content/themes/classic/rtl.css HTTP/1.1" 200 3913 "-" "Mozilla/5.0 (Linux; Android 7.0; SM-G892A Build/NRD90M; wv) AppleWebKit/537.36 (KHTML, like Gecko) Version/4.0 Chrome/60.0.3112.107 Mobile Safari/537.36"
177.75.23.159 - - [18/Oct/2025:19:27:22 -0400] "GET /wp-content/plugins/WordPressCore/include.php HTTP/1.1" 200 3913 "-" "Mozilla/5.0 (Linux; Android 7.0; SM-G892A Build/NRD90M; wv) AppleWebKit/537.36 (KHTML, like Gecko) Version/4.0 Chrome/60.0.3112.107 Mobile Safari/537.36"
177.75.23.159 - - [18/Oct/2025:19:27:22 -0400] "GET /wp-content/plugins/core-plugin/include.php HTTP/1.1" 200 3913 "-" "Mozilla/5.0 (Linux; Android 7.0; SM-G892A Build/NRD90M; wv) AppleWebKit/537.36 (KHTML, like Gecko) Version/4.0 Chrome/60.0.3112.107 Mobile Safari/537.36"
20.171.207.185 - - [18/Oct/2025:19:27:23 -0400] "GET /?fileloc=//proc/self/root/proc/thread-self/root/proc/thread-self/root/proc/thread-self/root/proc/self/root/proc/thread-self/root/proc/thread-self/root/lib/systemd/user/sockets.target&path=//proc/self/root/proc/thread-self/root/proc/thread-self/root/proc/thread-self/root/proc/self/root/proc/thread-self/root/proc/thread-self/root/lib/systemd/user HTTP/1.1" 200 2834 "-" "Mozilla/5.0 AppleWebKit/537.36 (KHTML, like Gecko; compatible; GPTBot/1.2; +https://openai.com/gptbot)"
177.75.23.159 - - [18/Oct/2025:19:27:23 -0400] "GET /wp-includes/images/include.php HTTP/1.1" 403 55016 "-" "Mozilla/5.0 (Linux; Android 7.0; SM-G892A Build/NRD90M; wv) AppleWebKit/537.36 (KHTML, like Gecko) Version/4.0 Chrome/60.0.3112.107 Mobile Safari/537.36"
177.75.23.159 - - [18/Oct/2025:19:27:24 -0400] "GET /wp-includes/widgets/include.php HTTP/1.1" 403 55016 "-" "Mozilla/5.0 (Linux; Android 7.0; SM-G892A Build/NRD90M; wv) AppleWebKit/537.36 (KHTML, like Gecko) Version/4.0 Chrome/60.0.3112.107 Mobile Safari/537.36"
177.75.23.159 - - [18/Oct/2025:19:27:25 -0400] "GET /wp-content/plugins/WordPressCore/include.php HTTP/1.1" 200 3913 "-" "Mozilla/5.0 (Linux; Android 7.0; SM-G892A Build/NRD90M; wv) AppleWebKit/537.36 (KHTML, like Gecko) Version/4.0 Chrome/60.0.3112.107 Mobile Safari/537.36"
177.75.23.159 - - [18/Oct/2025:19:27:26 -0400] "GET /wp-content/plugins/core-plugin/include.php HTTP/1.1" 200 3913 "-" "Mozilla/5.0 (Linux; Android 7.0; SM-G892A Build/NRD90M; wv) AppleWebKit/537.36 (KHTML, like Gecko) Version/4.0 Chrome/60.0.3112.107 Mobile Safari/537.36"
177.75.23.159 - - [18/Oct/2025:19:27:27 -0400] "GET /wp-includes/images/include.php HTTP/1.1" 403 55016 "-" "Mozilla/5.0 (Linux; Android 7.0; SM-G892A Build/NRD90M; wv) AppleWebKit/537.36 (KHTML, like Gecko) Version/4.0 Chrome/60.0.3112.107 Mobile Safari/537.36"
177.75.23.159 - - [18/Oct/2025:19:27:28 -0400] "GET /wp-includes/widgets/include.php HTTP/1.1" 403 55016 "-" "Mozilla/5.0 (Linux; Android 7.0; SM-G892A Build/NRD90M; wv) AppleWebKit/537.36 (KHTML, like Gecko) Version/4.0 Chrome/60.0.3112.107 Mobile Safari/537.36"
177.75.23.159 - - [18/Oct/2025:19:27:29 -0400] "POST /wp-content/plugins/vulnerable-plugin/upload.php HTTP/1.1" 403 55016 "-" "Mozilla/5.0 (Linux; Android 7.0; SM-G892A Build/NRD90M; wv) AppleWebKit/537.36 (KHTML, like Gecko) Version/4.0 Chrome/60.0.3112.107 Mobile Safari/537.36"
177.75.23.159 - - [18/Oct/2025:19:27:31 -0400] "GET /wp-content/uploads/RxR_mxl8p.php?key=EnigmaCyberSecurity HTTP/1.1" 403 55016 "-" "Mozilla/5.0 (Linux; Android 7.0; SM-G892A Build/NRD90M; wv) AppleWebKit/537.36 (KHTML, like Gecko) Version/4.0 Chrome/60.0.3112.107 Mobile Safari/537.36"
216.244.66.249 - - [18/Oct/2025:19:43:04 -0400] "GET /robots.txt HTTP/1.1" 200 79 "-" "Mozilla/5.0 (compatible; DotBot/1.2; +https://opensiteexplorer.org/dotbot; help@moz.com)"
45.227.253.15 - - [18/Oct/2025:19:51:05 -0400] "GET /index.php/jk HTTP/1.1" 200 59 "-" "Mozilla/5.0 (Windows NT 10.0; Win64; x64) AppleWebKit/537.36 (KHTML, like Gecko) Chrome/82.0.3292.140 Safari/537.36 Edge/18.18761"
113.177.128.14 - - [18/Oct/2025:20:11:17 -0400] "GET http://reneesense.com/goods/594292410.phtml?path=%2Fhome%2Fwwwrenee HTTP/1.1" 200 4133 "-" "Mozilla/5.0 (Macintosh; Intel Mac OS X 10_15_7) AppleWebKit/537.36 (KHTML, like Gecko) Chrome/101.0.0.0 Safari/537.36"
20.171.207.185 - - [18/Oct/2025:20:11:39 -0400] "GET /?path=//proc/self/root/proc/thread-self/root/proc/thread-self/root/proc/thread-self/root/proc/self/root/proc/thread-self/root/proc/self/root/proc/self/root/proc/self/root/var/softaculous/faveo/images HTTP/1.1" 200 3023 "-" "Mozilla/5.0 AppleWebKit/537.36 (KHTML, like Gecko; compatible; GPTBot/1.2; +https://openai.com/gptbot)"
187.183.77.31 - - [18/Oct/2025:20:11:39 -0400] "GET http://reneesense.com/goods/27121292.phtml HTTP/1.1" 200 3913 "-" "Mozilla/5.0 (Macintosh; Intel Mac OS X 10_15_0) AppleWebKit/537.36 (KHTML, like Gecko) Chrome/80.0.3987.122 Safari/537.36"
14.191.225.163 - - [18/Oct/2025:20:13:20 -0400] "GET http://reneesense.com/goods/26593064.phtml?fileloc=%2Fhome%2Fwwwrenee%2Fpublic_html%2Fwp-links-opml.php&path=%2Fhome%2Fwwwrenee%2Fpublic_html HTTP/1.1" 200 3594 "-" "Mozilla/5.0 (Macintosh; Intel Mac OS X 10_11_6) AppleWebKit/537.36 (KHTML, like Gecko) Chrome/96.0.4664.93 Safari/537.36"
147.185.132.168 - - [18/Oct/2025:20:17:07 -0400] "GET /webshell HTTP/1.1" 200 55016 "-" "Hello from Palo Alto Networks, find out more about our scans in https://docs-cortex.paloaltonetworks.com/r/1/Cortex-Xpanse/Scanning-activity"
168.0.83.84 - - [18/Oct/2025:20:18:58 -0400] "GET http://reneesense.com/goods/606737746.phtml?path=%2Fhome%2Fwwwrenee%2Fpublic_html%2Fimages HTTP/1.1" 200 2928 "-" "Mozilla/5.0 (Windows NT 10.0; WOW64) AppleWebKit/537.36 (KHTML, like Gecko) Chrome/67.0.3396.87 Safari/537.36"
216.244.66.249 - - [18/Oct/2025:20:23:57 -0400] "GET /?path=/home/wwwrenee/.cl.selector HTTP/1.1" 200 20197 "-" "Mozilla/5.0 (compatible; DotBot/1.2; +https://opensiteexplorer.org/dotbot; help@moz.com)"
216.244.66.249 - - [18/Oct/2025:20:24:02 -0400] "GET /texas-holdem-pelikone/?path=/ HTTP/1.1" 200 30400 "-" "Mozilla/5.0 (compatible; DotBot/1.2; +https://opensiteexplorer.org/dotbot; help@moz.com)"
205.210.31.238 - - [18/Oct/2025:20:25:13 -0400] "GET /shell.php HTTP/1.1" 403 55016 "-" "Hello from Palo Alto Networks, find out more about our scans in https://docs-cortex.paloaltonetworks.com/r/1/Cortex-Xpanse/Scanning-activity"
205.210.31.128 - - [18/Oct/2025:20:25:14 -0400] "GET /webshell.php HTTP/1.1" 403 55016 "-" "Hello from Palo Alto Networks, find out more about our scans in https://docs-cortex.paloaltonetworks.com/r/1/Cortex-Xpanse/Scanning-activity"
102.218.215.24 - - [18/Oct/2025:20:29:34 -0400] "GET /.well-known/acme-challenge/8L4F5HP_YTKJL2C3L7OAJXE02W--NNIO HTTP/1.1" 404 - "-" "Cpanel-HTTP-Client/1.0"
102.218.215.24 - - [18/Oct/2025:20:29:35 -0400] "GET /.well-known/acme-challenge/Z_885XX6XS04M_2ICIRN3GXZPIQERIRB HTTP/1.1" 404 - "-" "Cpanel-HTTP-Client/1.0"
217.113.194.210 - - [18/Oct/2025:20:29:34 -0400] "GET /author/xtw18387ba1d/page/7/?path=/ HTTP/1.1" 200 3155 "-" "Mozilla/5.0 (compatible; Barkrowler/0.9; +https://babbar.tech/crawler)"
102.218.215.24 - - [18/Oct/2025:20:29:35 -0400] "GET /.well-known/acme-challenge/9A9NEBOD0-JU_GEYK7WCGGHHZVL_USVO HTTP/1.1" 404 - "-" "Cpanel-HTTP-Client/1.0"
185.61.153.74 - - [18/Oct/2025:20:29:38 -0400] "GET /.well-known/acme-challenge/H1OZ1Y8JGTPHKPO9ARP-_8EG0NLR1JIR HTTP/1.1" 404 - "-" "Cpanel-HTTP-Client/1.0"
185.61.153.74 - - [18/Oct/2025:20:29:39 -0400] "GET /.well-known/acme-challenge/0U9KWV6HGGXOHRX8QF24AM5PPLFES74Z HTTP/1.1" 404 - "-" "Cpanel-HTTP-Client/1.0"
20.171.207.185 - - [18/Oct/2025:20:29:38 -0400] "GET /?path=//proc/self/root/proc/thread-self/root/proc/thread-self/root/proc/thread-self/root/proc/self/root/proc/thread-self/root/proc/self/root/proc/thread-self/root/proc/self/root/proc/self/root/var/softaculous/modx HTTP/1.1" 200 4192 "-" "Mozilla/5.0 AppleWebKit/537.36 (KHTML, like Gecko; compatible; GPTBot/1.2; +https://openai.com/gptbot)"
185.61.153.74 - - [18/Oct/2025:20:29:39 -0400] "GET /.well-known/acme-challenge/86XI31N_IFM9FF6E9ASFV53K7AUXT_I2 HTTP/1.1" 404 - "-" "Cpanel-HTTP-Client/1.0"
216.244.66.249 - - [18/Oct/2025:20:32:45 -0400] "GET /robots.txt HTTP/1.1" 200 79 "-" "Mozilla/5.0 (compatible; DotBot/1.2; +https://opensiteexplorer.org/dotbot; help@moz.com)"
8.217.211.181 - - [18/Oct/2025:20:36:52 -0400] "GET /robots.txt HTTP/1.1" 200 94 "-" "AliyunSecBot/Aliyun (AliyunSecBot@service.alibaba.com)"
147.185.132.36 - - [18/Oct/2025:20:37:25 -0400] "GET /shell HTTP/1.1" 200 55016 "-" "Hello from Palo Alto Networks, find out more about our scans in https://docs-cortex.paloaltonetworks.com/r/1/Cortex-Xpanse/Scanning-activity"
8.217.209.129 - - [18/Oct/2025:20:53:48 -0400] "GET /goods/669320370.phtml HTTP/1.1" 200 3913 "-" "AliyunSecBot/Aliyun (AliyunSecBot@service.alibaba.com)"
190.213.162.200 - - [18/Oct/2025:21:09:45 -0400] "GET http://reneesense.com/goods/23226762.phtml HTTP/1.1" 200 3913 "-" "Mozilla/5.0 (Macintosh; Intel Mac OS X 10_15_7) AppleWebKit/537.36 (KHTML, like Gecko) Chrome/99.0.4844.84 Safari/537.36"
14.191.70.60 - - [18/Oct/2025:21:09:59 -0400] "GET http://reneesense.com/goods/607266868.phtml?path=%2Fhome%2Fwwwrenee HTTP/1.1" 200 4133 "-" "Mozilla/5.0 (Macintosh; Intel Mac OS X 11_2_1) AppleWebKit/537.36 (KHTML, like Gecko) Chrome/89.0.4389.90 Safari/537.36"
200.52.30.219 - - [18/Oct/2025:21:11:15 -0400] "GET http://reneesense.com/goods/594292410.phtml?fileloc=%2Fhome%2Fwwwrenee%2Fpublic_html%2Fwp-links-opml.php&path=%2Fhome%2Fwwwrenee%2Fpublic_html HTTP/1.1" 200 3594 "-" "Mozilla/5.0 (Windows NT 6.2; WOW64) AppleWebKit/537.36 (KHTML, like Gecko) Chrome/30.0.1599.17 Safari/537.36"
45.227.253.15 - - [18/Oct/2025:21:11:57 -0400] "GET /index.php/jk HTTP/1.1" 200 59 "-" "Mozilla/5.0 (Windows NT 10.0; Win64; x64) AppleWebKit/537.36 (KHTML, like Gecko) Chrome/79.0.3970 Safari/537.36 Edg/79.0.143.5"
