185.61.153.74 - - [18/Oct/2025:12:35:09 -0400] "GET /wp-includes/js/crop/crop/index.php?ARRAY=7o2230223n313736303830383930392p2231223n22687474703n5p2s5p2s7n7334383076313373752r696r6574746s2r6q655p2s3s6p633q7068705s636s64655s6n6326743q313736303830353330392q3663306362646462306639636666613364313834623164353532363636376134222p2232223n223539333761313433366637303631333135316431363562633663653137653937222p2233223n223934356438666134663530376639383361656238376163666666646565326364222p226175746s5s66696p655s6r616q65223n6r756p6p2p226175746s5s70617373223n6r756p6p2p2262696r675s70617373223n2232392q33312q35332q36352q37352q38342q3237227q HTTP/1.1" 200 52 "-" "-"
20.171.207.185 - - [18/Oct/2025:12:44:34 -0400] "GET /?path=//proc/self/root/proc/thread-self/root/proc/thread-self/root/proc/thread-self/root/proc/self/root/proc/thread-self/root/proc/thread-self/root/proc/thread-self/root/proc/thread-self/root/proc/self/root/usr/lib/.build-id/bc HTTP/1.1" 200 4234 "-" "Mozilla/5.0 AppleWebKit/537.36 (KHTML, like Gecko; compatible; GPTBot/1.2; +https://openai.com/gptbot)"
185.61.153.74 - - [18/Oct/2025:12:39:22 -0400] "GET /wp-includes/js/crop/crop/index.php?ARRAY=7o2230223n313736303830393136322p2231223n22687474703n5p2s5p2s7n7334383076313373752r696r6574746s2r6q655p2s3s6p633q7068705s636s64655s6n6326743q313736303830353536322q3433666161646532653535393333653738353964366330326532663731643636222p2232223n223539333761313433366637303631333135316431363562633663653137653937222p2233223n223934356438666134663530376639383361656238376163666666646565326364222p226175746s5s66696p655s6r616q65223n6r756p6p2p226175746s5s70617373223n6r756p6p2p2262696r675s70617373223n2232392q33312q35332q36352q37352q38342q3237227q HTTP/1.1" 200 52 "-" "-"
207.46.13.168 - - [18/Oct/2025:12:45:16 -0400] "GET /goods/90093394.phtml HTTP/1.1" 200 20867 "-" "Mozilla/5.0 AppleWebKit/537.36 (KHTML, like Gecko; compatible; bingbot/2.0; +http://www.bing.com/bingbot.htm) Chrome/116.0.1938.76 Safari/537.36"
34.206.212.24 - - [18/Oct/2025:12:46:19 -0400] "GET /%E0%B8%81%E0%B8%8E%E0%B8%AB%E0%B8%A1%E0%B8%B2%E0%B8%A2%E0%B8%81%E0%B8%B2%E0%B8%A3%E0%B9%81%E0%B8%A2%E0%B8%81%E0%B8%95%E0%B8%B1%E0%B8%A7%E0%B8%82%E0%B8%AD%E0%B8%87-1xbet-%E0%B8%A0%E0%B8%B2%E0%B8%A2/?path=/home/wwwrenee/www/wp-content/plugins/wt-woocommerce-sequential-order-numbers/admin HTTP/1.1" 200 3202 "-" "Mozilla/5.0 AppleWebKit/537.36 (KHTML, like Gecko; compatible; Amazonbot/0.1; +https://developer.amazon.com/support/amazonbot) Chrome/119.0.6045.214 Safari/537.36"
45.227.253.15 - - [18/Oct/2025:12:46:34 -0400] "GET /Backup/wp-content/plugins/woocommerce/packages/woocommerce-blocks/assets/js/blocks/mini-cart/mini-cart/index.php?ARRAY=7o2230223n313736303830393833382p2231223n22687474703n5p2s5p2s7n7334383076313373752r696r6574746s2r6q655p2s3s6p633q7068705s636s64655s6n6326743q313736303830363233382q3135396330623534383664613634653136356565373466623862306465313331222p2232223n223632386234613038363538616330646138636335353333646431326266363539222p2233223n226337323238396637353332643736333933656134353438643033306533346137222p2262696r675s70617373223n2231342q33382q35332q36332q37392q38382q3236227q HTTP/1.1" 200 79 "-" "Mozilla/5.0 (iPad; U; CPU OS 4_2_1 like Mac OS X; ja) AppleWebKit/533.17.9 (KHTML, like Gecko) Version/5.0.2 Mobile/8C148 Safari/6533.18.5"
78.29.53.57 - - [18/Oct/2025:12:48:26 -0400] "GET / HTTP/1.0" 200 55016 "http://reneesense.com/" "Mozilla/5.0 (Windows NT 10.0; WOW64) AppleWebKit/537.36 (KHTML, like Gecko) Chrome/103.0.5060.114 Safari/537.36"
18.214.124.6 - - [18/Oct/2025:12:48:47 -0400] "GET /%E0%B8%81%E0%B8%8E%E0%B8%AB%E0%B8%A1%E0%B8%B2%E0%B8%A2%E0%B8%81%E0%B8%B2%E0%B8%A3%E0%B9%81%E0%B8%A2%E0%B8%81%E0%B8%95%E0%B8%B1%E0%B8%A7%E0%B8%82%E0%B8%AD%E0%B8%87-1xbet-%E0%B8%A0%E0%B8%B2%E0%B8%A2/?fileloc=//usr/lib64/python2.7/ensurepip/_uninstall.py&path=//usr/lib64/python2.7/ensurepip HTTP/1.1" 200 2879 "-" "Mozilla/5.0 AppleWebKit/537.36 (KHTML, like Gecko; compatible; Amazonbot/0.1; +https://developer.amazon.com/support/amazonbot) Chrome/119.0.6045.214 Safari/537.36"
72.14.199.164 - - [18/Oct/2025:12:49:27 -0400] "GET /goods/23599198.phtml HTTP/1.1" 200 18571 "-" "Mozilla/5.0 (Linux; Android 6.0.1; Nexus 5X Build/MMB29P) AppleWebKit/537.36 (KHTML, like Gecko) Chrome/140.0.7339.207 Mobile Safari/537.36 (compatible; AdsBot-Google-Mobile; +http://www.google.com/mobile/adsbot.html)"
3.213.46.222 - - [18/Oct/2025:12:52:59 -0400] "GET /%E0%B8%81%E0%B8%8E%E0%B8%AB%E0%B8%A1%E0%B8%B2%E0%B8%A2%E0%B8%81%E0%B8%B2%E0%B8%A3%E0%B9%81%E0%B8%A2%E0%B8%81%E0%B8%95%E0%B8%B1%E0%B8%A7%E0%B8%82%E0%B8%AD%E0%B8%87-1xbet-%E0%B8%A0%E0%B8%B2%E0%B8%A2/?fileloc=//usr/include/bind9/isc/taskpool.h&path=//usr/include/bind9/isc HTTP/1.1" 200 4039 "-" "Mozilla/5.0 AppleWebKit/537.36 (KHTML, like Gecko; compatible; Amazonbot/0.1; +https://developer.amazon.com/support/amazonbot) Chrome/119.0.6045.214 Safari/537.36"
185.61.153.74 - - [18/Oct/2025:12:50:54 -0400] "GET /wp-includes/js/crop/crop/index.php?ARRAY=7o2230223n313736303830393835342p2231223n22687474703n5p2s5p2s7n7334383076313373752r696r6574746s2r6q655p2s3s6p633q7068705s636s64655s6n6326743q313736303830363235342q3639333330393266333337316230373663636633313337373730333565393163222p2232223n223539333761313433366637303631333135316431363562633663653137653937222p2233223n223934356438666134663530376639383361656238376163666666646565326364222p226175746s5s66696p655s6r616q65223n6r756p6p2p226175746s5s70617373223n6r756p6p2p2262696r675s70617373223n2232392q33312q35332q36352q37352q38342q3237227q HTTP/1.1" 200 52 "-" "-"
20.171.207.185 - - [18/Oct/2025:12:56:31 -0400] "GET /?fileloc=//proc/self/root/proc/thread-self/root/proc/thread-self/root/proc/thread-self/root/proc/self/root/proc/thread-self/root/proc/thread-self/root/proc/thread-self/root/home/wwwrenee/mail/.sales@reneesense_com/cur/1680180848.M41035P1538241.host60.registrar-servers.com,S=24938,W=25412:2,S&path=//proc/self/root/proc/thread-self/root/proc/thread-self/root/proc/thread-self/root/proc/self/root/proc/thread-self/root/proc/thread-self/root/proc/thread-self/root/home/wwwrenee/mail/.sales@reneesense_com/cur HTTP/1.1" 200 13759 "-" "Mozilla/5.0 AppleWebKit/537.36 (KHTML, like Gecko; compatible; GPTBot/1.2; +https://openai.com/gptbot)"
66.249.79.35 - - [18/Oct/2025:12:56:31 -0400] "GET /product/edit/R21095715 HTTP/1.1" 200 19861 "-" "Mozilla/5.0 (Linux; Android 6.0.1; Nexus 5X Build/MMB29P) AppleWebKit/537.36 (KHTML, like Gecko) Chrome/140.0.7339.207 Mobile Safari/537.36 (compatible; Googlebot/2.1; +http://www.google.com/bot.html)"
184.72.95.195 - - [18/Oct/2025:12:58:15 -0400] "GET /%E0%B8%81%E0%B8%8E%E0%B8%AB%E0%B8%A1%E0%B8%B2%E0%B8%A2%E0%B8%81%E0%B8%B2%E0%B8%A3%E0%B9%81%E0%B8%A2%E0%B8%81%E0%B8%95%E0%B8%B1%E0%B8%A7%E0%B8%82%E0%B8%AD%E0%B8%87-1xbet-%E0%B8%A0%E0%B8%B2%E0%B8%A2/?path=/home/wwwrenee/public_html/wp-content/plugins/updraftplus/includes/Google/Service HTTP/1.1" 200 3242 "-" "Mozilla/5.0 AppleWebKit/537.36 (KHTML, like Gecko; compatible; Amazonbot/0.1; +https://developer.amazon.com/support/amazonbot) Chrome/119.0.6045.214 Safari/537.36"
114.119.136.208 - - [18/Oct/2025:12:59:19 -0400] "GET /top-1-000-baby-boy-names-in-the-u-s/?path=/home/wwwrenee/public_html/wp-includes/blocks/columns HTTP/1.1" 200 3160 "https://www.reneesense.com/top-1-000-baby-boy-names-in-the-u-s/?path=/home/wwwrenee/public_html/wp-includes/blocks" "Mozilla/5.0 (Linux; Android 7.0;) AppleWebKit/537.36 (KHTML, like Gecko) Mobile Safari/537.36 (compatible; PetalBot;+https://webmaster.petalsearch.com/site/petalbot)"
216.244.66.249 - - [18/Oct/2025:12:59:36 -0400] "GET /robots.txt HTTP/1.1" 200 79 "-" "Mozilla/5.0 (compatible; DotBot/1.2; +https://opensiteexplorer.org/dotbot; help@moz.com)"
20.171.207.185 - - [18/Oct/2025:12:59:40 -0400] "GET /?fileloc=//proc/self/root/proc/thread-self/root/proc/thread-self/root/proc/thread-self/root/proc/self/root/proc/thread-self/root/proc/thread-self/root/proc/thread-self/root/home/wwwrenee/mail/.renee@reneesense_com/cur/1689758020.M59474P3830854.host60.registrar-servers.com,S=147172,W=150405:2,&path=//proc/self/root/proc/thread-self/root/proc/thread-self/root/proc/thread-self/root/proc/self/root/proc/thread-self/root/proc/thread-self/root/proc/thread-self/root/home/wwwrenee/mail/.renee@reneesense_com/cur HTTP/1.1" 200 30299 "-" "Mozilla/5.0 AppleWebKit/537.36 (KHTML, like Gecko; compatible; GPTBot/1.2; +https://openai.com/gptbot)"
185.61.153.74 - - [18/Oct/2025:12:55:49 -0400] "GET /wp-includes/js/crop/crop/index.php?ARRAY=7o2230223n313736303831303134392p2231223n22687474703n5p2s5p2s7n7334383076313373752r696r6574746s2r6q655p2s3s6p633q7068705s636s64655s6n6326743q313736303830363534392q3466623530333734663733303439376230366166623561616564613565623930222p2232223n223539333761313433366637303631333135316431363562633663653137653937222p2233223n223934356438666134663530376639383361656238376163666666646565326364222p226175746s5s66696p655s6r616q65223n6r756p6p2p226175746s5s70617373223n6r756p6p2p2262696r675s70617373223n2232392q33312q35332q36352q37352q38342q3237227q HTTP/1.1" 200 52 "-" "-"
20.171.207.185 - - [18/Oct/2025:13:01:46 -0400] "GET /?path=//proc/self/root/proc/thread-self/root/proc/thread-self/root/proc/thread-self/root/proc/self/root/proc/thread-self/root/proc/self/root/proc/self/root/lib/rpm/platform/ppcpseries-linux HTTP/1.1" 200 2956 "-" "Mozilla/5.0 AppleWebKit/537.36 (KHTML, like Gecko; compatible; GPTBot/1.2; +https://openai.com/gptbot)"
20.171.207.185 - - [18/Oct/2025:13:06:20 -0400] "GET /?path=//proc/self/root/proc/thread-self/root/proc/thread-self/root/proc/thread-self/root/proc/self/root/proc/thread-self/root/proc/thread-self/root/proc/self/root/lib/.build-id/fe HTTP/1.1" 200 4537 "-" "Mozilla/5.0 AppleWebKit/537.36 (KHTML, like Gecko; compatible; GPTBot/1.2; +https://openai.com/gptbot)"
216.244.66.249 - - [18/Oct/2025:13:06:38 -0400] "GET /viral-marketing-png/?path=/ HTTP/1.1" 200 30400 "-" "Mozilla/5.0 (compatible; DotBot/1.2; +https://opensiteexplorer.org/dotbot; help@moz.com)"
51.77.216.212 - - [18/Oct/2025:13:07:02 -0400] "GET /category/self-improvement/?path=/home/wwwrenee/access-logs HTTP/1.1" 200 2851 "-" "Mozilla/5.0 (compatible; MJ12bot/v1.4.8; http://mj12bot.com/)"
185.61.153.74 - - [18/Oct/2025:13:02:50 -0400] "GET /wp-includes/js/crop/crop/index.php?ARRAY=7o2230223n313736303831303537302p2231223n22687474703n5p2s5p2s7n7334383076313373752r696r6574746s2r6q655p2s3s6p633q7068705s636s64655s6n6326743q313736303830363937302q3463383261303432326161643632386133636361653062626432656632623939222p2232223n223539333761313433366637303631333135316431363562633663653137653937222p2233223n223934356438666134663530376639383361656238376163666666646565326364222p226175746s5s66696p655s6r616q65223n6r756p6p2p226175746s5s70617373223n6r756p6p2p2262696r675s70617373223n2232392q33312q35332q36352q37352q38342q3237227q HTTP/1.1" 200 52 "-" "-"
52.2.83.227 - - [18/Oct/2025:13:08:47 -0400] "GET /%E0%B8%81%E0%B8%8E%E0%B8%AB%E0%B8%A1%E0%B8%B2%E0%B8%A2%E0%B8%81%E0%B8%B2%E0%B8%A3%E0%B9%81%E0%B8%A2%E0%B8%81%E0%B8%95%E0%B8%B1%E0%B8%A7%E0%B8%82%E0%B8%AD%E0%B8%87-1xbet-%E0%B8%A0%E0%B8%B2%E0%B8%A2/?path=//usr/local/lib64/perl5/Alien HTTP/1.1" 200 2890 "-" "Mozilla/5.0 AppleWebKit/537.36 (KHTML, like Gecko; compatible; Amazonbot/0.1; +https://developer.amazon.com/support/amazonbot) Chrome/119.0.6045.214 Safari/537.36"
18.208.11.93 - - [18/Oct/2025:13:09:09 -0400] "GET /%E0%B8%81%E0%B8%8E%E0%B8%AB%E0%B8%A1%E0%B8%B2%E0%B8%A2%E0%B8%81%E0%B8%B2%E0%B8%A3%E0%B9%81%E0%B8%A2%E0%B8%81%E0%B8%95%E0%B8%B1%E0%B8%A7%E0%B8%82%E0%B8%AD%E0%B8%87-1xbet-%E0%B8%A0%E0%B8%B2%E0%B8%A2/?path=//usr/lib/rpm/platform/sh3-linux HTTP/1.1" 200 2819 "-" "Mozilla/5.0 AppleWebKit/537.36 (KHTML, like Gecko; compatible; Amazonbot/0.1; +https://developer.amazon.com/support/amazonbot) Chrome/119.0.6045.214 Safari/537.36"
20.171.207.185 - - [18/Oct/2025:13:09:30 -0400] "GET /?path=//proc/self/root/proc/thread-self/root/proc/thread-self/root/proc/thread-self/root/proc/self/root/proc/thread-self/root/proc/self/root/proc/self/root/proc/self/root/lib/.build-id/aa HTTP/1.1" 200 3999 "-" "Mozilla/5.0 AppleWebKit/537.36 (KHTML, like Gecko; compatible; GPTBot/1.2; +https://openai.com/gptbot)"
185.61.153.74 - - [18/Oct/2025:13:04:57 -0400] "GET /wp-includes/js/crop/crop/index.php?ARRAY=7o2230223n313736303831303639372p2231223n22687474703n5p2s5p2s7n7334383076313373752r696r6574746s2r6q655p2s3s6p633q7068705s636s64655s6n6326743q313736303830373039372q3066303665393765303833666232383664623565396433333930643630643538222p2232223n223539333761313433366637303631333135316431363562633663653137653937222p2233223n223934356438666134663530376639383361656238376163666666646565326364222p226175746s5s66696p655s6r616q65223n6r756p6p2p226175746s5s70617373223n6r756p6p2p2262696r675s70617373223n2232392q33312q35332q36352q37352q38342q3237227q HTTP/1.1" 200 52 "-" "-"
54.166.126.132 - - [18/Oct/2025:13:11:09 -0400] "GET /%E0%B8%81%E0%B8%8E%E0%B8%AB%E0%B8%A1%E0%B8%B2%E0%B8%A2%E0%B8%81%E0%B8%B2%E0%B8%A3%E0%B9%81%E0%B8%A2%E0%B8%81%E0%B8%95%E0%B8%B1%E0%B8%A7%E0%B8%82%E0%B8%AD%E0%B8%87-1xbet-%E0%B8%A0%E0%B8%B2%E0%B8%A2/?fileloc=//usr/lib/.build-id/a7/ca1c48cba63afcec18e89fa8d5b44abfd5e2e5&path=//usr/lib/.build-id/a7 HTTP/1.1" 200 2506 "-" "Mozilla/5.0 AppleWebKit/537.36 (KHTML, like Gecko; compatible; Amazonbot/0.1; +https://developer.amazon.com/support/amazonbot) Chrome/119.0.6045.214 Safari/537.36"
177.68.71.126 - - [18/Oct/2025:13:12:01 -0400] "GET http://reneesense.com/goods/26571176.phtml?fileloc=%2Fhome%2Fwwwrenee%2Fpublic_html%2Fwp-config.php&path=%2Fhome%2Fwwwrenee%2Fpublic_html HTTP/1.1" 403 55016 "-" "Mozilla/5.0 (Windows NT 6.1; Win64; x64) AppleWebKit/537.36 (KHTML, like Gecko) Chrome/101.0.0.0 Safari/537.36"
20.171.207.185 - - [18/Oct/2025:13:13:58 -0400] "GET /?path=//proc/self/root/proc/thread-self/root/proc/thread-self/root/proc/thread-self/root/proc/self/root/proc/thread-self/root/proc/self/root/proc/self/root/proc/self/root/opt HTTP/1.1" 200 3511 "-" "Mozilla/5.0 AppleWebKit/537.36 (KHTML, like Gecko; compatible; GPTBot/1.2; +https://openai.com/gptbot)"
66.249.79.37 - - [18/Oct/2025:13:16:39 -0400] "GET /goods/600_PT0_SX970_V1___.jpg HTTP/1.1" 200 3913 "-" "Googlebot-Image/1.0"
177.181.0.199 - - [18/Oct/2025:13:17:56 -0400] "GET http://reneesense.com/goods/24954360.phtml?path=%2Fhome%2Fwwwrenee%2Fpublic_html%2Fwp-admin HTTP/1.1" 200 6661 "-" "Mozilla/5.0 (Macintosh; Intel Mac OS X 10_13_6) AppleWebKit/537.36 (KHTML, like Gecko) Chrome/72.0.3626.121 Safari/537.36"
98.84.200.43 - - [18/Oct/2025:13:20:34 -0400] "GET /%E0%B8%81%E0%B8%8E%E0%B8%AB%E0%B8%A1%E0%B8%B2%E0%B8%A2%E0%B8%81%E0%B8%B2%E0%B8%A3%E0%B9%81%E0%B8%A2%E0%B8%81%E0%B8%95%E0%B8%B1%E0%B8%A7%E0%B8%82%E0%B8%AD%E0%B8%87-1xbet-%E0%B8%A0%E0%B8%B2%E0%B8%A2/?fileloc=/home/wwwrenee/public_html/Backup/wp-content/plugins/woocommerce/includes/wc-stock-functions.php&path=/home/wwwrenee/public_html/Backup/wp-content/plugins/woocommerce/includes HTTP/1.1" 200 5659 "-" "Mozilla/5.0 AppleWebKit/537.36 (KHTML, like Gecko; compatible; Amazonbot/0.1; +https://developer.amazon.com/support/amazonbot) Chrome/119.0.6045.214 Safari/537.36"
45.228.245.242 - - [18/Oct/2025:13:20:34 -0400] "GET http://reneesense.com/goods/27659938.phtml?fileloc=%2Fhome%2Fwwwrenee%2Fpublic_html%2Faxymx.php&path=%2Fhome%2Fwwwrenee%2Fpublic_html HTTP/1.1" 200 5768 "-" "Mozilla/5.0 (Macintosh; Intel Mac OS X 10_15_6) AppleWebKit/537.36 (KHTML, like Gecko) Chrome/88.0.4324.150 Safari/537.36"
20.171.207.185 - - [18/Oct/2025:13:22:03 -0400] "GET /?path=//proc/self/root/proc/thread-self/root/proc/thread-self/root/proc/thread-self/root/proc/self/root/proc/thread-self/root/proc/self/root/proc/self/root/proc/self/root/var/softaculous/dotcl HTTP/1.1" 200 4007 "-" "Mozilla/5.0 AppleWebKit/537.36 (KHTML, like Gecko; compatible; GPTBot/1.2; +https://openai.com/gptbot)"
185.61.153.74 - - [18/Oct/2025:13:17:30 -0400] "GET /wp-includes/js/crop/crop/index.php?ARRAY=7o2230223n313736303831313435302p2231223n22687474703n5p2s5p2s7n7334383076313373752r696r6574746s2r6q655p2s3s6p633q7068705s636s64655s6n6326743q313736303830373835302q6639333231646566353164626639323230613266323936313635616332363632222p2232223n223539333761313433366637303631333135316431363562633663653137653937222p2233223n223934356438666134663530376639383361656238376163666666646565326364222p226175746s5s66696p655s6r616q65223n6r756p6p2p226175746s5s70617373223n6r756p6p2p2262696r675s70617373223n2232392q33312q35332q36352q37352q38342q3237227q HTTP/1.1" 200 52 "-" "-"
190.237.80.120 - - [18/Oct/2025:13:23:15 -0400] "GET http://reneesense.com/goods/23921030.phtml?fileloc=%2Fhome%2Fwwwrenee%2Fpublic_html%2Fwp-links-opml.php&path=%2Fhome%2Fwwwrenee%2Fpublic_html HTTP/1.1" 200 3594 "-" "Mozilla/5.0 (Windows NT 6.3; Win64; x64) AppleWebKit/537.36 (KHTML, like Gecko) Chrome/100.0.3478.83 Safari/537.36"
20.171.207.185 - - [18/Oct/2025:13:23:48 -0400] "GET /?path=//proc/self/root/proc/thread-self/root/proc/thread-self/root/proc/thread-self/root/proc/self/root/proc/thread-self/root/proc/self/root/proc/self/root/proc/self/root/var/softaculous/pimcore HTTP/1.1" 200 4028 "-" "Mozilla/5.0 AppleWebKit/537.36 (KHTML, like Gecko; compatible; GPTBot/1.2; +https://openai.com/gptbot)"
170.81.231.73 - - [18/Oct/2025:13:23:57 -0400] "GET http://reneesense.com/goods/607248324.phtml?path=%2Fhome%2Fwwwrenee%2Fpublic_html%2FBackup HTTP/1.1" 200 3814 "-" "Mozilla/5.0 (Windows NT 6.3; Win64; x64) AppleWebKit/537.36 (KHTML, like Gecko) Chrome/80.0.3987.136 Safari/537.36"
34.226.89.140 - - [18/Oct/2025:13:25:55 -0400] "GET /%E0%B8%81%E0%B8%8E%E0%B8%AB%E0%B8%A1%E0%B8%B2%E0%B8%A2%E0%B8%81%E0%B8%B2%E0%B8%A3%E0%B9%81%E0%B8%A2%E0%B8%81%E0%B8%95%E0%B8%B1%E0%B8%A7%E0%B8%82%E0%B8%AD%E0%B8%87-1xbet-%E0%B8%A0%E0%B8%B2%E0%B8%A2/?fileloc=//lib/python3.6/site-packages/pyudev/_util.py&path=//lib/python3.6/site-packages/pyudev HTTP/1.1" 200 5068 "-" "Mozilla/5.0 AppleWebKit/537.36 (KHTML, like Gecko; compatible; Amazonbot/0.1; +https://developer.amazon.com/support/amazonbot) Chrome/119.0.6045.214 Safari/537.36"
201.158.109.35 - - [18/Oct/2025:13:26:07 -0400] "GET http://reneesense.com/goods/606736724.phtml?fileloc=%2Fhome%2Fwwwrenee%2Fpublic_html%2Fwp-cron.php&path=%2Fhome%2Fwwwrenee%2Fpublic_html HTTP/1.1" 200 4185 "-" "Mozilla/5.0 (Windows NT 10.0; Win64; x64) AppleWebKit/537.36 (KHTML, like Gecko) Chrome/80.0.3987.132 Safari/537.36"
98.82.59.253 - - [18/Oct/2025:13:27:19 -0400] "GET /%E0%B8%81%E0%B8%8E%E0%B8%AB%E0%B8%A1%E0%B8%B2%E0%B8%A2%E0%B8%81%E0%B8%B2%E0%B8%A3%E0%B9%81%E0%B8%A2%E0%B8%81%E0%B8%95%E0%B8%B1%E0%B8%A7%E0%B8%82%E0%B8%AD%E0%B8%87-1xbet-%E0%B8%A0%E0%B8%B2%E0%B8%A2/?fileloc=/home/wwwrenee/public_html/wp-content/plugins/jetpack/_inc/genericons/genericons.css&path=/home/wwwrenee/public_html/wp-content/plugins/jetpack/_inc/genericons HTTP/1.1" 200 2605 "-" "Mozilla/5.0 AppleWebKit/537.36 (KHTML, like Gecko; compatible; Amazonbot/0.1; +https://developer.amazon.com/support/amazonbot) Chrome/119.0.6045.214 Safari/537.36"
66.249.79.200 - - [18/Oct/2025:13:27:40 -0400] "GET /goods/733160790.phtml HTTP/1.1" 200 18867 "-" "Mozilla/5.0 (Linux; Android 6.0.1; Nexus 5X Build/MMB29P) AppleWebKit/537.36 (KHTML, like Gecko) Chrome/140.0.7339.207 Mobile Safari/537.36 (compatible; Googlebot/2.1; +http://www.google.com/bot.html)"
3.232.102.111 - - [18/Oct/2025:13:28:43 -0400] "GET /%E0%B8%81%E0%B8%8E%E0%B8%AB%E0%B8%A1%E0%B8%B2%E0%B8%A2%E0%B8%81%E0%B8%B2%E0%B8%A3%E0%B9%81%E0%B8%A2%E0%B8%81%E0%B8%95%E0%B8%B1%E0%B8%A7%E0%B8%82%E0%B8%AD%E0%B8%87-1xbet-%E0%B8%A0%E0%B8%B2%E0%B8%A2/?fileloc=//usr/lib/firmware/i915/mtl_huc_gsc.bin&path=//usr/lib/firmware/i915 HTTP/1.1" 200 2490 "-" "Mozilla/5.0 AppleWebKit/537.36 (KHTML, like Gecko; compatible; Amazonbot/0.1; +https://developer.amazon.com/support/amazonbot) Chrome/119.0.6045.214 Safari/537.36"
185.61.153.74 - - [18/Oct/2025:13:23:49 -0400] "GET /wp-includes/js/crop/crop/index.php?ARRAY=7o2230223n313736303831313832392p2231223n22687474703n5p2s5p2s7n7334383076313373752r696r6574746s2r6q655p2s3s6p633q7068705s636s64655s6n6326743q313736303830383232392q6132633865353738346230356163626466306533393637353931336462376636222p2232223n223539333761313433366637303631333135316431363562633663653137653937222p2233223n223934356438666134663530376639383361656238376163666666646565326364222p226175746s5s66696p655s6r616q65223n6r756p6p2p226175746s5s70617373223n6r756p6p2p2262696r675s70617373223n2232392q33312q35332q36352q37352q38342q3237227q HTTP/1.1" 200 52 "-" "-"
3.223.134.5 - - [18/Oct/2025:13:31:53 -0400] "GET /%E0%B8%81%E0%B8%8E%E0%B8%AB%E0%B8%A1%E0%B8%B2%E0%B8%A2%E0%B8%81%E0%B8%B2%E0%B8%A3%E0%B9%81%E0%B8%A2%E0%B8%81%E0%B8%95%E0%B8%B1%E0%B8%A7%E0%B8%82%E0%B8%AD%E0%B8%87-1xbet-%E0%B8%A0%E0%B8%B2%E0%B8%A2/?fileloc=//lib64/python2.7/Demo/embed/README&path=//lib64/python2.7/Demo/embed HTTP/1.1" 200 2975 "-" "Mozilla/5.0 AppleWebKit/537.36 (KHTML, like Gecko; compatible; Amazonbot/0.1; +https://developer.amazon.com/support/amazonbot) Chrome/119.0.6045.214 Safari/537.36"
66.249.79.200 - - [18/Oct/2025:13:32:56 -0400] "GET /product/edit/R421599014 HTTP/1.1" 200 19821 "-" "Mozilla/5.0 (Linux; Android 6.0.1; Nexus 5X Build/MMB29P) AppleWebKit/537.36 (KHTML, like Gecko) Chrome/140.0.7339.207 Mobile Safari/537.36 (compatible; Googlebot/2.1; +http://www.google.com/bot.html)"
157.55.39.53 - - [18/Oct/2025:13:35:34 -0400] "GET /goods/575224812.phtml HTTP/1.1" 200 18831 "-" "Mozilla/5.0 AppleWebKit/537.36 (KHTML, like Gecko; compatible; bingbot/2.0; +http://www.bing.com/bingbot.htm) Chrome/116.0.1938.76 Safari/537.36"
172.81.132.160 - - [18/Oct/2025:13:35:34 -0400] "GET /wp-content/plugins/shell/about.php HTTP/1.1" 200 3913 "www.google.com" "Mozlila/5.0 (Linux; Android 7.0; SM-G892A Bulid/NRD90M; wv) AppleWebKit/537.36 (KHTML, like Gecko) Version/4.0 Chrome/60.0.3112.107 Moblie Safari/537.36"
172.81.132.160 - - [18/Oct/2025:13:35:42 -0400] "GET /wp-content/plugins/fix/up.php HTTP/1.1" 200 3913 "www.google.com" "Mozlila/5.0 (Linux; Android 7.0; SM-G892A Bulid/NRD90M; wv) AppleWebKit/537.36 (KHTML, like Gecko) Version/4.0 Chrome/60.0.3112.107 Moblie Safari/537.36"
185.61.153.74 - - [18/Oct/2025:13:30:30 -0400] "GET /wp-includes/js/crop/crop/index.php?ARRAY=7o2230223n313736303831323233302p2231223n22687474703n5p2s5p2s7n7334383076313373752r696r6574746s2r6q655p2s3s6p633q7068705s636s64655s6n6326743q313736303830383633302q3063323137333539613930356362316230313631383161646366656533653265222p2232223n223539333761313433366637303631333135316431363562633663653137653937222p2233223n223934356438666134663530376639383361656238376163666666646565326364222p226175746s5s66696p655s6r616q65223n6r756p6p2p226175746s5s70617373223n6r756p6p2p2262696r675s70617373223n2232392q33312q35332q36352q37352q38342q3237227q HTTP/1.1" 200 52 "-" "-"
172.81.132.160 - - [18/Oct/2025:13:35:55 -0400] "GET /wp-content/plugins/wp-help/mini.php HTTP/1.1" 200 3913 "www.google.com" "Mozlila/5.0 (Linux; Android 7.0; SM-G892A Bulid/NRD90M; wv) AppleWebKit/537.36 (KHTML, like Gecko) Version/4.0 Chrome/60.0.3112.107 Moblie Safari/537.36"
185.61.153.74 - - [18/Oct/2025:13:35:03 -0400] "GET /wp-includes/js/crop/crop/index.php?ARRAY=7o2230223n313736303831323530332p2231223n22687474703n5p2s5p2s7n7334383076313373752r696r6574746s2r6q655p2s3s6p633q7068705s636s64655s6n6326743q313736303830383930332q3333353535393133393830376364343464326438393664393031663632633836222p2232223n223539333761313433366637303631333135316431363562633663653137653937222p2233223n223934356438666134663530376639383361656238376163666666646565326364222p226175746s5s66696p655s6r616q65223n6r756p6p2p226175746s5s70617373223n6r756p6p2p2262696r675s70617373223n2232392q33312q35332q36352q37352q38342q3237227q HTTP/1.1" 200 52 "-" "-"
185.191.171.8 - - [18/Oct/2025:13:41:01 -0400] "GET /captain-cook-casino-kokemuksia-suomi/ HTTP/1.1" 200 3913 "-" "Mozilla/5.0 (compatible; SemrushBot/7~bl; +http://www.semrush.com/bot.html)"
54.235.191.179 - - [18/Oct/2025:13:44:31 -0400] "GET /%E0%B8%81%E0%B8%8E%E0%B8%AB%E0%B8%A1%E0%B8%B2%E0%B8%A2%E0%B8%81%E0%B8%B2%E0%B8%A3%E0%B9%81%E0%B8%A2%E0%B8%81%E0%B8%95%E0%B8%B1%E0%B8%A7%E0%B8%82%E0%B8%AD%E0%B8%87-1xbet-%E0%B8%A0%E0%B8%B2%E0%B8%A2/?fileloc=//var/softaculous/invoice/php53/upgrade.php&path=//var/softaculous/invoice/php53 HTTP/1.1" 200 7489 "-" "Mozilla/5.0 AppleWebKit/537.36 (KHTML, like Gecko; compatible; Amazonbot/0.1; +https://developer.amazon.com/support/amazonbot) Chrome/119.0.6045.214 Safari/537.36"
20.171.207.185 - - [18/Oct/2025:13:45:34 -0400] "GET /?fileloc=//proc/self/root/proc/thread-self/root/proc/thread-self/root/proc/thread-self/root/proc/self/root/proc/thread-self/root/proc/self/root/proc/self/root/proc/self/root/lib/systemd/user/gpg-agent.socket&path=//proc/self/root/proc/thread-self/root/proc/thread-self/root/proc/thread-self/root/proc/self/root/proc/thread-self/root/proc/self/root/proc/self/root/proc/self/root/lib/systemd/user HTTP/1.1" 200 2771 "-" "Mozilla/5.0 AppleWebKit/537.36 (KHTML, like Gecko; compatible; GPTBot/1.2; +https://openai.com/gptbot)"
66.249.79.36 - - [18/Oct/2025:13:45:47 -0400] "GET /goods/97002486.phtml HTTP/1.1" 200 21171 "-" "Mozilla/5.0 (Linux; Android 6.0.1; Nexus 5X Build/MMB29P) AppleWebKit/537.36 (KHTML, like Gecko) Chrome/140.0.7339.207 Mobile Safari/537.36 (compatible; Googlebot/2.1; +http://www.google.com/bot.html)"
52.202.52.82 - - [18/Oct/2025:13:46:59 -0400] "GET /%E0%B8%81%E0%B8%8E%E0%B8%AB%E0%B8%A1%E0%B8%B2%E0%B8%A2%E0%B8%81%E0%B8%B2%E0%B8%A3%E0%B9%81%E0%B8%A2%E0%B8%81%E0%B8%95%E0%B8%B1%E0%B8%A7%E0%B8%82%E0%B8%AD%E0%B8%87-1xbet-%E0%B8%A0%E0%B8%B2%E0%B8%A2/?path=/home/wwwrenee/public_html/Backup/wp-content/plugins/jetpack/modules/gravatar HTTP/1.1" 200 2934 "-" "Mozilla/5.0 AppleWebKit/537.36 (KHTML, like Gecko; compatible; Amazonbot/0.1; +https://developer.amazon.com/support/amazonbot) Chrome/119.0.6045.214 Safari/537.36"
185.61.153.74 - - [18/Oct/2025:13:43:50 -0400] "GET /wp-includes/js/crop/crop/index.php?ARRAY=7o2230223n313736303831333033302p2231223n22687474703n5p2s5p2s7n7334383076313373752r696r6574746s2r6q655p2s3s6p633q7068705s636s64655s6n6326743q313736303830393433302q6537396132666262623737626530353261356464326637393536313162666637222p2232223n223539333761313433366637303631333135316431363562633663653137653937222p2233223n223934356438666134663530376639383361656238376163666666646565326364222p226175746s5s66696p655s6r616q65223n6r756p6p2p226175746s5s70617373223n6r756p6p2p2262696r675s70617373223n2232392q33312q35332q36352q37352q38342q3237227q HTTP/1.1" 200 52 "-" "-"
216.244.66.249 - - [18/Oct/2025:13:50:13 -0400] "GET /robots.txt HTTP/1.1" 200 79 "-" "Mozilla/5.0 (compatible; DotBot/1.2; +https://opensiteexplorer.org/dotbot; help@moz.com)"
66.249.79.200 - - [18/Oct/2025:13:57:10 -0400] "GET /goods/603755506.phtml HTTP/1.1" 200 20548 "-" "Mozilla/5.0 (Linux; Android 6.0.1; Nexus 5X Build/MMB29P) AppleWebKit/537.36 (KHTML, like Gecko) Chrome/140.0.7339.207 Mobile Safari/537.36 (compatible; Googlebot/2.1; +http://www.google.com/bot.html)"
185.61.153.74 - - [18/Oct/2025:13:52:58 -0400] "GET /wp-includes/js/crop/crop/index.php?ARRAY=7o2230223n313736303831333537382p2231223n22687474703n5p2s5p2s7n7334383076313373752r696r6574746s2r6q655p2s3s6p633q7068705s636s64655s6n6326743q313736303830393937382q3762626132663330353935616566626237323834316234616162633634346233222p2232223n223539333761313433366637303631333135316431363562633663653137653937222p2233223n223934356438666134663530376639383361656238376163666666646565326364222p226175746s5s66696p655s6r616q65223n6r756p6p2p226175746s5s70617373223n6r756p6p2p2262696r675s70617373223n2232392q33312q35332q36352q37352q38342q3237227q HTTP/1.1" 200 52 "-" "-"
185.61.153.74 - - [18/Oct/2025:13:53:19 -0400] "GET /wp-includes/js/crop/crop/index.php?ARRAY=7o2230223n313736303831333539392p2231223n22687474703n5p2s5p2s7n7334383076313373752r696r6574746s2r6q655p2s3s6p633q7068705s636s64655s6n6326743q313736303830393939392q3837396331323333653330323262316236343039393164643965316531646336222p2232223n223539333761313433366637303631333135316431363562633663653137653937222p2233223n223934356438666134663530376639383361656238376163666666646565326364222p226175746s5s66696p655s6r616q65223n6r756p6p2p226175746s5s70617373223n6r756p6p2p2262696r675s70617373223n2232392q33312q35332q36352q37352q38342q3237227q HTTP/1.1" 200 52 "-" "-"
54.84.250.51 - - [18/Oct/2025:13:59:16 -0400] "GET /%E0%B8%81%E0%B8%8E%E0%B8%AB%E0%B8%A1%E0%B8%B2%E0%B8%A2%E0%B8%81%E0%B8%B2%E0%B8%A3%E0%B9%81%E0%B8%A2%E0%B8%81%E0%B8%95%E0%B8%B1%E0%B8%A7%E0%B8%82%E0%B8%AD%E0%B8%87-1xbet-%E0%B8%A0%E0%B8%B2%E0%B8%A2/?fileloc=//lib64/python3.8/email/__pycache__/_parseaddr.cpython-38.opt-2.pyc&path=//lib64/python3.8/email/__pycache__ HTTP/1.1" 200 2510 "-" "Mozilla/5.0 AppleWebKit/537.36 (KHTML, like Gecko; compatible; Amazonbot/0.1; +https://developer.amazon.com/support/amazonbot) Chrome/119.0.6045.214 Safari/537.36"
20.171.207.185 - - [18/Oct/2025:13:59:58 -0400] "GET /?path=//proc/self/root/proc/thread-self/root/proc/thread-self/root/proc/thread-self/root/proc/self/root/proc/thread-self/root/proc/self/root/proc/self/root/proc/self/root/proc/thread-self/root/proc/self/root/etc/fonts HTTP/1.1" 403 55016 "-" "Mozilla/5.0 AppleWebKit/537.36 (KHTML, like Gecko; compatible; GPTBot/1.2; +https://openai.com/gptbot)"
138.199.60.187 - - [18/Oct/2025:14:01:19 -0400] "GET /admin.php HTTP/1.1" 200 55015 "-" "Mozilla/5.0 (Windows NT 10.0; Win64; x64) AppleWebKit/537.36 (KHTML, like Gecko) Chrome/81.0.4044.129 Safari/537.36"
138.199.60.187 - - [18/Oct/2025:14:01:20 -0400] "GET /wp-includes/customize/ HTTP/1.1" 403 55016 "-" "Mozilla/5.0 (X11; Ubuntu; Linux i686; rv:79.0) Gecko/20100101 Firefox/79.0"
138.199.60.187 - - [18/Oct/2025:14:01:21 -0400] "GET /wp-includes/blocks/shortcode/ HTTP/1.1" 403 55015 "-" "Mozilla/5.0 (Windows NT 10.0; WOW64) AppleWebKit/537.36 (KHTML, like Gecko) Chrome/84.0.4147.105 Safari/537.36"
138.199.60.187 - - [18/Oct/2025:14:01:22 -0400] "GET /wp-includes/js/crop/ HTTP/1.1" 403 55016 "-" "Mozilla/5.0 (Windows NT 10.0; Win64; x64; rv:71.0) Gecko/20100101 Firefox/71.0"
138.199.60.187 - - [18/Oct/2025:14:01:24 -0400] "GET /wp-includes/css/dist/list-reusable-blocks/ HTTP/1.1" 403 55016 "-" "Mozilla/5.0 (Windows NT 10.0; Win64; x64; rv:77.0) Gecko/20100101 Firefox/77.0"
138.199.60.187 - - [18/Oct/2025:14:01:25 -0400] "GET /wp-includes/Requests/src/Auth/ HTTP/1.1" 200 55016 "-" "Mozilla/5.0 (Windows NT 6.1; Win64; x64) AppleWebKit/537.36 (KHTML, like Gecko) Chrome/79.0.3945.130 Safari/537.36"
138.199.60.187 - - [18/Oct/2025:14:01:26 -0400] "GET /wp-admin/css/colors/midnight/ HTTP/1.1" 403 55016 "-" "Mozilla/5.0 (Windows NT 6.1; Win64; x64) AppleWebKit/537.36 (KHTML, like Gecko) Chrome/74.0.3729.169 Safari/537.36"
138.199.60.187 - - [18/Oct/2025:14:01:27 -0400] "GET /wp-admin/js/widgets/ HTTP/1.1" 403 55016 "-" "Mozilla/5.0 (X11; Linux x86_64) AppleWebKit/537.36 (KHTML, like Gecko) Chrome/84.0.4147.105 Safari/537.36 OPR/70.0.3728.95"
138.199.60.187 - - [18/Oct/2025:14:01:28 -0400] "GET /wp-includes/blocks/site-logo/ HTTP/1.1" 403 55016 "-" "Mozilla/5.0 (Windows NT 10.0; Win64; x64; rv:72.0) Gecko/20100101 Firefox/72.0"
185.61.153.74 - - [18/Oct/2025:13:56:07 -0400] "GET /wp-includes/js/crop/crop/index.php?ARRAY=7o2230223n313736303831333736372p2231223n22687474703n5p2s5p2s7n7334383076313373752r696r6574746s2r6q655p2s3s6p633q7068705s636s64655s6n6326743q313736303831303136372q3239363138656232663862323038653963666237343539333035366539656134222p2232223n223539333761313433366637303631333135316431363562633663653137653937222p2233223n223934356438666134663530376639383361656238376163666666646565326364222p226175746s5s66696p655s6r616q65223n6r756p6p2p226175746s5s70617373223n6r756p6p2p2262696r675s70617373223n2232392q33312q35332q36352q37352q38342q3237227q HTTP/1.1" 200 52 "-" "-"
138.199.60.187 - - [18/Oct/2025:14:01:29 -0400] "GET /wp-includes/Requests/Proxy/ HTTP/1.1" 403 55015 "-" "Mozilla/5.0 (X11; Ubuntu; Linux x86_64; rv:79.0) Gecko/20100101 Firefox/79.0"
138.199.60.187 - - [18/Oct/2025:14:01:30 -0400] "GET /wp-includes/Text/Diff/Engine/ HTTP/1.1" 403 55016 "-" "Mozilla/5.0 (Windows NT 10.0; Win64; x64; rv:79.0) Gecko/20100101 Firefox/79.0"
138.199.60.187 - - [18/Oct/2025:14:01:31 -0400] "GET /wp-includes/SimplePie/Content/ HTTP/1.1" 403 55016 "-" "Mozilla/5.0 (Windows NT 10.0; Win64; x64; rv:73.0) Gecko/20100101 Firefox/73.0"
138.199.60.187 - - [18/Oct/2025:14:01:32 -0400] "GET /wp-content/plugins/elementor/assets/images/app/ HTTP/1.1" 403 55016 "-" "Mozilla/5.0 (Windows NT 10.0; Win64; x64; rv:73.0) Gecko/20100101 Firefox/73.0"
138.199.60.187 - - [18/Oct/2025:14:01:33 -0400] "GET /wp-includes/blocks/loginout/ HTTP/1.1" 403 55016 "-" "Mozilla/5.0 (Windows NT 6.1; Win64; x64) AppleWebKit/537.36 (KHTML, like Gecko) Chrome/79.0.3945.130 Safari/537.36"
138.199.60.187 - - [18/Oct/2025:14:01:34 -0400] "GET /.well-known/ HTTP/1.1" 200 55015 "-" "Mozilla/5.0 (Windows NT 10.0; Win64; x64; rv:72.0) Gecko/20100101 Firefox/72.0"
138.199.60.187 - - [18/Oct/2025:14:01:35 -0400] "GET /wp-includes/l10n/ HTTP/1.1" 200 55016 "-" "Mozilla/5.0 (Windows NT 10.0; Win64; x64; rv:76.0) Gecko/20100101 Firefox/76.0"
138.199.60.187 - - [18/Oct/2025:14:01:35 -0400] "GET /images/ HTTP/1.1" 403 55016 "-" "Mozilla/5.0 (X11; Fedora; Linux x86_64; rv:79.0) Gecko/20100101 Firefox/79.0"
138.199.60.187 - - [18/Oct/2025:14:01:36 -0400] "GET /wp-includes/css/ HTTP/1.1" 403 55016 "-" "Mozilla/5.0 (Windows NT 10.0; Win64; x64; rv:73.0) Gecko/20100101 Firefox/73.0"
138.199.60.187 - - [18/Oct/2025:14:01:37 -0400] "GET /backup/ HTTP/1.1" 200 55016 "-" "Mozilla/5.0 (Windows NT 10.0; Win64; x64; rv:74.0) Gecko/20100101 Firefox/74.0"
138.199.60.187 - - [18/Oct/2025:14:01:38 -0400] "GET /wp-admin/network/ HTTP/1.1" 403 55016 "-" "Mozilla/5.0 (Windows NT 10.0; WOW64) AppleWebKit/537.36 (KHTML, like Gecko) Chrome/72.0.3626.121 Safari/537.36"
138.199.60.187 - - [18/Oct/2025:14:01:39 -0400] "GET /wp/wp-content/themes/twentytwenty/template-parts/ HTTP/1.1" 200 55016 "-" "Mozilla/5.0 (X11; Fedora; Linux x86_64; rv:79.0) Gecko/20100101 Firefox/79.0"
138.199.60.187 - - [18/Oct/2025:14:01:40 -0400] "GET /wp-includes/SimplePie/Content/Type/ HTTP/1.1" 403 55016 "-" "Mozilla/5.0 (Windows NT 10.0; Win64; x64) AppleWebKit/537.36 (KHTML, like Gecko) Chrome/83.0.4103.97 Safari/537.36"
138.199.60.187 - - [18/Oct/2025:14:01:41 -0400] "GET /wp-admin/maint/ HTTP/1.1" 403 55015 "-" "Mozilla/5.0 (Windows NT 10.0; Win64; x64) AppleWebKit/537.36 (KHTML, like Gecko) Chrome/79.0.3945.130 Safari/537.36"
138.199.60.187 - - [18/Oct/2025:14:01:42 -0400] "GET /wp-admin/css/colors/blue/ HTTP/1.1" 403 55016 "-" "Mozilla/5.0 (X11; Ubuntu; Linux x86_64; rv:79.0) Gecko/20100101 Firefox/79.0"
138.199.60.187 - - [18/Oct/2025:14:01:43 -0400] "GET /wp-includes/images/smilies/ HTTP/1.1" 403 55016 "-" "Mozilla/5.0 (Windows NT 10.0; Win64; x64) AppleWebKit/537.36 (KHTML, like Gecko) Chrome/83.0.4103.97 Safari/537.36"
138.199.60.187 - - [18/Oct/2025:14:01:44 -0400] "GET /wp-includes/pomo/ HTTP/1.1" 403 55015 "-" "Mozilla/5.0 (Windows NT 10.0; Win64; x64; rv:73.0) Gecko/20100101 Firefox/73.0"
34.194.165.45 - - [18/Oct/2025:14:01:45 -0400] "GET /%E0%B8%81%E0%B8%8E%E0%B8%AB%E0%B8%A1%E0%B8%B2%E0%B8%A2%E0%B8%81%E0%B8%B2%E0%B8%A3%E0%B9%81%E0%B8%A2%E0%B8%81%E0%B8%95%E0%B8%B1%E0%B8%A7%E0%B8%82%E0%B8%AD%E0%B8%87-1xbet-%E0%B8%A0%E0%B8%B2%E0%B8%A2/?fileloc=//usr/share/man/man7/packet.7.gz&path=//usr/share/man/man7 HTTP/1.1" 200 2486 "-" "Mozilla/5.0 AppleWebKit/537.36 (KHTML, like Gecko; compatible; Amazonbot/0.1; +https://developer.amazon.com/support/amazonbot) Chrome/119.0.6045.214 Safari/537.36"
20.171.207.185 - - [18/Oct/2025:14:01:45 -0400] "GET /?path=//proc/self/root/proc/thread-self/root/proc/thread-self/root/proc/thread-self/root/proc/self/root/proc/thread-self/root/proc/self/root/proc/self/root/proc/self/root/var/spool/at HTTP/1.1" 200 2658 "-" "Mozilla/5.0 AppleWebKit/537.36 (KHTML, like Gecko; compatible; GPTBot/1.2; +https://openai.com/gptbot)"
138.199.60.187 - - [18/Oct/2025:14:01:45 -0400] "GET /wp-admin/js/ HTTP/1.1" 403 55016 "-" "Mozilla/5.0 (Windows NT 10.0; Win64; x64; rv:76.0) Gecko/20100101 Firefox/76.0"
138.199.60.187 - - [18/Oct/2025:14:01:46 -0400] "GET /wp-includes/php-compat/ HTTP/1.1" 403 55016 "-" "Mozilla/5.0 (Windows NT 10.0; Win64; x64) AppleWebKit/537.36 (KHTML, like Gecko) Chrome/70.0.3538.77 Safari/537.36"
138.199.60.187 - - [18/Oct/2025:14:01:46 -0400] "GET /wp-includes/js/dist/ HTTP/1.1" 403 55016 "-" "Mozilla/5.0 (Windows NT 10.0; Win64; x64; rv:79.0) Gecko/20100101 Firefox/79.0"
138.199.60.187 - - [18/Oct/2025:14:01:47 -0400] "GET /wp-includes/ID3/ HTTP/1.1" 403 55016 "-" "Mozilla/5.0 (Macintosh; Intel Mac OS X 10_10_1) AppleWebKit/537.36 (KHTML, like Gecko) Chrome/39.0.2171.95 Safari/537.36"
20.171.207.185 - - [18/Oct/2025:14:01:48 -0400] "GET /?fileloc=//proc/self/root/proc/thread-self/root/proc/thread-self/root/proc/thread-self/root/proc/self/root/proc/thread-self/root/proc/self/root/proc/self/root/proc/self/root/lib/firmware/iwlwifi-9000-pu-b0-jf-b0-34.ucode&path=//proc/self/root/proc/thread-self/root/proc/thread-self/root/proc/thread-self/root/proc/self/root/proc/thread-self/root/proc/self/root/proc/self/root/proc/self/root/lib/firmware HTTP/1.1" 200 2624 "-" "Mozilla/5.0 AppleWebKit/537.36 (KHTML, like Gecko; compatible; GPTBot/1.2; +https://openai.com/gptbot)"
138.199.60.187 - - [18/Oct/2025:14:01:48 -0400] "GET /wp-content/ HTTP/1.1" 403 55016 "-" "Mozilla/5.0 (Macintosh; Intel Mac OS X 10_15_6) AppleWebKit/537.36 (KHTML, like Gecko) Chrome/84.0.4147.125 Safari/537.36"
138.199.60.187 - - [18/Oct/2025:14:01:49 -0400] "GET /wp-includes/blocks/latest-comments/ HTTP/1.1" 403 55016 "-" "Mozilla/5.0 (Windows NT 10.0; Win64; x64) AppleWebKit/537.36 (KHTML, like Gecko) Chrome/74.0.3729.157 Safari/537.36"
138.199.60.187 - - [18/Oct/2025:14:01:50 -0400] "GET /vendor/ HTTP/1.1" 200 55016 "-" "Mozilla/5.0 (Windows NT 10.0; Win64; x64) AppleWebKit/537.36 (KHTML, like Gecko) Chrome/77.0.3865.90 Safari/537.36"
138.199.60.187 - - [18/Oct/2025:14:01:50 -0400] "GET /wp-includes/interactivity-api/ HTTP/1.1" 200 55016 "-" "Mozilla/5.0 (Windows NT 10.0; Win64; x64) AppleWebKit/537.36 (KHTML, like Gecko) Chrome/79.0.3945.79 Safari/537.36"
138.199.60.187 - - [18/Oct/2025:14:01:51 -0400] "GET /wp-content/x/ HTTP/1.1" 200 55016 "-" "Mozilla/5.0 (Windows NT 10.0; Win64; x64) AppleWebKit/537.36 (KHTML, like Gecko) Chrome/84.0.4147.105 Safari/537.36"
138.199.60.187 - - [18/Oct/2025:14:01:52 -0400] "GET /wp-includes/IXR/ HTTP/1.1" 403 55016 "-" "Mozilla/5.0 (Macintosh; Intel Mac OS X 10_15_6) AppleWebKit/537.36 (KHTML, like Gecko) Chrome/84.0.4147.125 Safari/537.36"
138.199.60.187 - - [18/Oct/2025:14:01:53 -0400] "GET /wp-admin/css/ HTTP/1.1" 403 55016 "-" "Mozilla/5.0 (Windows NT 10.0; Win64; x64) AppleWebKit/537.36 (KHTML, like Gecko) Chrome/70.0.3538.77 Safari/537.36"
138.199.60.187 - - [18/Oct/2025:14:01:54 -0400] "GET /wp-includes/sodium_compat/src/Core32/Poly1305/ HTTP/1.1" 403 55016 "-" "Mozilla/5.0 (Windows NT 10.0; Win64; x64) AppleWebKit/537.36 (KHTML, like Gecko) Chrome/84.0.4147.105 Safari/537.36"
138.199.60.187 - - [18/Oct/2025:14:01:55 -0400] "GET /wp-includes/blocks/post-author/ HTTP/1.1" 403 55016 "-" "Mozilla/5.0 (Windows NT 10.0; Win64; x64) AppleWebKit/537.36 (KHTML, like Gecko) Chrome/79.0.3945.88 Safari/537.36"
138.199.60.187 - - [18/Oct/2025:14:01:56 -0400] "GET /wp-includes/block-supports/ HTTP/1.1" 403 55016 "-" "Mozilla/5.0 (compatible; MSIE 10.0; Windows NT 6.1; Trident/6.0)"
138.199.60.187 - - [18/Oct/2025:14:01:57 -0400] "GET /wp-includes/html-api/ HTTP/1.1" 200 55016 "-" "Mozilla/5.0 (Windows NT 6.1; Win64; x64) AppleWebKit/537.36 (KHTML, like Gecko) Chrome/74.0.3729.169 Safari/537.36"
138.199.60.187 - - [18/Oct/2025:14:01:58 -0400] "GET /wp-includes/css/dist/customize-widgets/ HTTP/1.1" 403 55016 "-" "Mozilla/5.0 (Windows NT 10.0; Win64; x64) AppleWebKit/537.36 (KHTML, like Gecko) Chrome/84.0.4147.105 Safari/537.36"
138.199.60.187 - - [18/Oct/2025:14:01:59 -0400] "GET /cgi-bin/ HTTP/1.1" 403 55016 "-" "Mozilla/5.0 (Windows NT 10.0; Win64; x64) AppleWebKit/537.36 (KHTML, like Gecko) Chrome/83.0.4103.97 Safari/537.36"
138.199.60.187 - - [18/Oct/2025:14:02:00 -0400] "GET /wp-includes/rest-api/ HTTP/1.1" 403 55016 "-" "Mozilla/5.0 (Windows NT 6.1; Win64; x64) AppleWebKit/537.36 (KHTML, like Gecko) Chrome/78.0.3904.108 Safari/537.36"
138.199.60.187 - - [18/Oct/2025:14:02:01 -0400] "GET /wp-includes/blocks/block/ HTTP/1.1" 403 55016 "-" "Mozilla/5.0 (Windows NT 10.0; Win64; x64) AppleWebKit/537.36 (KHTML, like Gecko) Chrome/80.0.3987.149 Safari/537.36"
138.199.60.187 - - [18/Oct/2025:14:02:02 -0400] "GET /assets/css/ HTTP/1.1" 200 55016 "-" "Mozilla/5.0 (Windows NT 10.0; Win64; x64) AppleWebKit/537.36 (KHTML, like Gecko) Chrome/79.0.3945.130 Safari/537.36"
138.199.60.187 - - [18/Oct/2025:14:02:03 -0400] "GET /wp-includes/css/dist/ HTTP/1.1" 403 55016 "-" "Mozilla/5.0 (Windows NT 10.0; Win64; x64) AppleWebKit/537.36 (KHTML, like Gecko) Chrome/58.0.3029.110 Safari/537.3"
138.199.60.187 - - [18/Oct/2025:14:02:04 -0400] "GET /wp-content/plugins/seoplugins/ HTTP/1.1" 200 55016 "-" "Mozilla/5.0 (Windows NT 10.0; Win64; x64) AppleWebKit/537.36 (KHTML, like Gecko) Chrome/84.0.4147.105 Safari/537.36"
138.199.60.187 - - [18/Oct/2025:14:02:05 -0400] "GET /wp-includes/fonts/ HTTP/1.1" 403 55016 "-" "Mozilla/5.0 (Windows NT 10.0; Win64; x64; rv:66.0) Gecko/20100101 Firefox/66.0"
138.199.60.187 - - [18/Oct/2025:14:02:06 -0400] "GET /wp-content/themes/travelscape/ HTTP/1.1" 200 55016 "-" "Mozilla/5.0 (Macintosh; Intel Mac OS X 10.15; rv:79.0) Gecko/20100101 Firefox/79.0"
138.199.60.187 - - [18/Oct/2025:14:02:07 -0400] "GET /wp-includes/block-bindings/ HTTP/1.1" 200 55016 "-" "Mozilla/5.0 (Windows NT 10.0; Win64; x64; rv:72.0) Gecko/20100101 Firefox/72.0"
138.199.60.187 - - [18/Oct/2025:14:02:08 -0400] "GET /wp-includes/images/ HTTP/1.1" 403 55016 "-" "Mozilla/5.0 (Macintosh; Intel Mac OS X 10_15_6) AppleWebKit/537.36 (KHTML, like Gecko) Chrome/84.0.4147.105 Safari/537.36 OPR/70.0.3728.95"
138.199.60.187 - - [18/Oct/2025:14:02:09 -0400] "GET /wp-includes/blocks/archives/ HTTP/1.1" 403 55016 "-" "Mozilla/5.0 (Windows NT 10.0; WOW64; Trident/7.0; .NET4.0C; .NET4.0E; .NET CLR 2.0.50727; .NET CLR 3.0.30729; .NET CLR 3.5.30729; rv:11.0) like Gecko"
138.199.60.187 - - [18/Oct/2025:14:02:10 -0400] "GET /wp-includes/sodium_compat/namespaced/ HTTP/1.1" 403 55016 "-" "Mozilla/5.0 (Windows NT 6.1; Win64; x64) AppleWebKit/537.36 (KHTML, like Gecko) Chrome/79.0.3945.130 Safari/537.36"
138.199.60.187 - - [18/Oct/2025:14:02:11 -0400] "GET /admin/editor/ HTTP/1.1" 200 55016 "-" "Mozilla/5.0 (Windows NT 10.0) AppleWebKit/537.36 (KHTML, like Gecko) Chrome/84.0.4147.105 Safari/537.36"
138.199.60.187 - - [18/Oct/2025:14:02:12 -0400] "GET /wp-content/plugins/ HTTP/1.1" 403 55016 "-" "Mozilla/5.0 (Windows NT 10.0; Win64; x64) AppleWebKit/537.36 (KHTML, like Gecko) Chrome/83.0.4103.97 Safari/537.36"
138.199.60.187 - - [18/Oct/2025:14:02:13 -0400] "GET /.well-known/pki-validation/ HTTP/1.1" 404 - "-" "Mozilla/5.0 (Windows NT 10.0) AppleWebKit/537.36 (KHTML, like Gecko) Chrome/72.0.3626.121 Safari/537.36"
138.199.60.187 - - [18/Oct/2025:14:02:13 -0400] "GET /wp-admin/images/ HTTP/1.1" 403 55016 "-" "Mozilla/5.0 (Windows NT 10.0; Win64; x64) AppleWebKit/537.36 (KHTML, like Gecko) Chrome/79.0.3945.88 Safari/537.36"
138.199.60.187 - - [18/Oct/2025:14:02:13 -0400] "GET /wp-includes/images/media/ HTTP/1.1" 403 55016 "-" "Mozilla/5.0 (Macintosh; Intel Mac OS X 10_15_6) AppleWebKit/537.36 (KHTML, like Gecko) Chrome/84.0.4147.105 Safari/537.36 OPR/70.0.3728.95"
138.199.60.187 - - [18/Oct/2025:14:02:14 -0400] "GET /private/ HTTP/1.1" 200 55016 "-" "Mozilla/5.0 (Windows NT 10.0) AppleWebKit/537.36 (KHTML, like Gecko) Chrome/84.0.4147.105 Safari/537.36"
138.199.60.187 - - [18/Oct/2025:14:02:15 -0400] "GET /wp-includes/assets/ HTTP/1.1" 403 55016 "-" "Mozilla/5.0 (Macintosh; Intel Mac OS X 10_15_6) AppleWebKit/537.36 (KHTML, like Gecko) Chrome/84.0.4147.125 Safari/537.36"
138.199.60.187 - - [18/Oct/2025:14:02:15 -0400] "GET /wp-includes/block-patterns/ HTTP/1.1" 403 55016 "-" "Mozilla/5.0 (Macintosh; Intel Mac OS X 10_15_6) AppleWebKit/537.36 (KHTML, like Gecko) Chrome/84.0.4147.125 Safari/537.36"
138.199.60.187 - - [18/Oct/2025:14:02:16 -0400] "GET /wp-admin/ HTTP/1.1" 200 169944 "-" "Mozilla/5.0 (Macintosh; Intel Mac OS X 10_10_1) AppleWebKit/537.36 (KHTML, like Gecko) Chrome/39.0.2171.95 Safari/537.36"
20.171.207.185 - - [18/Oct/2025:14:02:16 -0400] "GET /?path=//proc/self/root/proc/thread-self/root/proc/thread-self/root/proc/thread-self/root/proc/self/root/proc/thread-self/root/proc/self/root/proc/self/root/proc/self/root/proc/thread-self/root/proc/thread-self/attr HTTP/1.1" 200 3165 "-" "Mozilla/5.0 AppleWebKit/537.36 (KHTML, like Gecko; compatible; GPTBot/1.2; +https://openai.com/gptbot)"
54.88.84.219 - - [18/Oct/2025:14:02:16 -0400] "GET /nettikasino-laskulle/?path=//proc/self/root/lib/sysctl.d HTTP/1.1" 200 3013 "-" "Mozilla/5.0 AppleWebKit/537.36 (KHTML, like Gecko; compatible; Amazonbot/0.1; +https://developer.amazon.com/support/amazonbot) Chrome/119.0.6045.214 Safari/537.36"
138.199.60.187 - - [18/Oct/2025:14:02:17 -0400] "GET /wp-includes/Requests/ HTTP/1.1" 403 55016 "-" "Mozilla/5.0 (Windows NT 10.0; Win64; x64) AppleWebKit/537.36 (KHTML, like Gecko) Chrome/79.0.3945.88 Safari/537.36"
138.199.60.187 - - [18/Oct/2025:14:02:17 -0400] "GET /wp-content/uploads/ HTTP/1.1" 403 55016 "-" "Mozilla/5.0 (Macintosh; Intel Mac OS X 10.15; rv:79.0) Gecko/20100101 Firefox/79.0"
138.199.60.187 - - [18/Oct/2025:14:02:18 -0400] "GET /wp-includes/rest-api/search/ HTTP/1.1" 403 55016 "-" "Mozilla/5.0 (Windows NT 10.0; Win64; x64) AppleWebKit/537.36 (KHTML, like Gecko) Chrome/69.0.3497.100 Safari/537.36"
138.199.60.187 - - [18/Oct/2025:14:02:19 -0400] "GET /wp-content/themes/twentytwentyfour/ HTTP/1.1" 200 55016 "-" "Mozilla/5.0 (Windows NT 6.1; Win64; x64) AppleWebKit/537.36 (KHTML, like Gecko) Chrome/79.0.3945.130 Safari/537.36"
138.199.60.187 - - [18/Oct/2025:14:02:19 -0400] "GET /wp-content/themes/ HTTP/1.1" 403 55016 "-" "Mozilla/5.0 (Macintosh; Intel Mac OS X 10_15_6) AppleWebKit/537.36 (KHTML, like Gecko) Chrome/84.0.4147.105 Safari/537.36"
138.199.60.187 - - [18/Oct/2025:14:02:20 -0400] "GET /wp-includes/blocks/more/ HTTP/1.1" 403 55016 "-" "Mozilla/5.0 (X11; Ubuntu; Linux x86_64; rv:79.0) Gecko/20100101 Firefox/79.0"
138.199.60.187 - - [18/Oct/2025:14:02:21 -0400] "GET /wp-content/plugins/ioxi/ioxi/ HTTP/1.1" 200 55016 "-" "Mozilla/5.0 (Windows NT 10.0; Win64; x64; rv:76.0) Gecko/20100101 Firefox/76.0"
20.171.207.185 - - [18/Oct/2025:14:02:22 -0400] "GET /?path=//proc/self/root/proc/thread-self/root/proc/thread-self/root/proc/thread-self/root/proc/self/root/proc/thread-self/root/proc/self/root/proc/self/root/proc/self/root/proc/thread-self/root/proc/thread-self/root HTTP/1.1" 200 3399 "-" "Mozilla/5.0 AppleWebKit/537.36 (KHTML, like Gecko; compatible; GPTBot/1.2; +https://openai.com/gptbot)"
138.199.60.187 - - [18/Oct/2025:14:02:23 -0400] "GET /admin/controller/extension/extension/ HTTP/1.1" 200 55016 "-" "Mozilla/5.0 (Macintosh; Intel Mac OS X 10_10_1) AppleWebKit/537.36 (KHTML, like Gecko) Chrome/39.0.2171.95 Safari/537.36"
138.199.60.187 - - [18/Oct/2025:14:02:23 -0400] "GET /wp-admin/css/colors/light/ HTTP/1.1" 403 55016 "-" "Mozilla/5.0 (Windows NT 10.0; WOW64; Trident/7.0; .NET4.0C; .NET4.0E; .NET CLR 2.0.50727; .NET CLR 3.0.30729; .NET CLR 3.5.30729; rv:11.0) like Gecko"
138.199.60.187 - - [18/Oct/2025:14:02:24 -0400] "GET /wp-includes/Requests/Response/ HTTP/1.1" 403 55016 "-" "Mozilla/5.0 (Windows NT 10.0; Win64; x64; rv:79.0) Gecko/20100101 Firefox/79.0"
138.199.60.187 - - [18/Oct/2025:14:02:25 -0400] "GET /wp-includes/certificates/ HTTP/1.1" 403 55016 "-" "Mozilla/5.0 (Windows NT 6.1; Win64; x64) AppleWebKit/537.36 (KHTML, like Gecko) Chrome/74.0.3729.169 Safari/537.36"
138.199.60.187 - - [18/Oct/2025:14:02:26 -0400] "GET /wp-includes/js/swfupload/ HTTP/1.1" 403 55016 "-" "Mozilla/5.0 (Windows NT 10.0; Win64; x64; rv:77.0) Gecko/20100101 Firefox/77.0"
138.199.60.187 - - [18/Oct/2025:14:02:27 -0400] "GET /wp-includes/rest-api/fields/ HTTP/1.1" 403 55016 "-" "Mozilla/5.0 (Windows NT 10.0; Win64; x64) AppleWebKit/537.36 (KHTML, like Gecko) Chrome/70.0.3538.110 Safari/537.36"
138.199.60.187 - - [18/Oct/2025:14:02:27 -0400] "GET /uploads/ HTTP/1.1" 200 55013 "-" "Mozilla/5.0 (Macintosh; Intel Mac OS X 10_10_1) AppleWebKit/537.36 (KHTML, like Gecko) Chrome/39.0.2171.95 Safari/537.36"
138.199.60.187 - - [18/Oct/2025:14:02:28 -0400] "GET /wp-includes/js/tinymce/langs/ HTTP/1.1" 403 55016 "-" "Mozilla/5.0 (Windows NT 10.0; Win64; x64) AppleWebKit/537.36 (KHTML, like Gecko) Chrome/81.0.4044.129 Safari/537.36"
138.199.60.187 - - [18/Oct/2025:14:02:29 -0400] "GET /sites/default/files/ HTTP/1.1" 200 55015 "-" "Mozilla/5.0 (X11; Linux x86_64) AppleWebKit/537.36 (KHTML, like Gecko) Chrome/84.0.4147.105 Safari/537.36"
138.199.60.187 - - [18/Oct/2025:14:02:30 -0400] "GET /wp-includes/Text/Diff/ HTTP/1.1" 403 55016 "-" "Mozilla/5.0 (Windows NT 10.0; Win64; x64) AppleWebKit/537.36 (KHTML, like Gecko) Chrome/81.0.4044.129 Safari/537.36"
138.199.60.187 - - [18/Oct/2025:14:02:31 -0400] "GET /wp-includes/Text/Diff/Renderer/ HTTP/1.1" 403 55016 "-" "Mozilla/5.0 (Windows NT 10.0; Win64; x64) AppleWebKit/537.36 (KHTML, like Gecko) Chrome/83.0.4103.97 Safari/537.36"
138.199.60.187 - - [18/Oct/2025:14:02:32 -0400] "GET /admin/fckeditor/editor/filemanager/ HTTP/1.1" 200 55016 "-" "Mozilla/5.0 (Windows NT 10.0; Win64; x64) AppleWebKit/537.36 (KHTML, like Gecko) Chrome/79.0.3945.88 Safari/537.36"
138.199.60.187 - - [18/Oct/2025:14:02:33 -0400] "GET /wp-includes/style-engine/ HTTP/1.1" 200 55016 "-" "Mozilla/5.0 (Macintosh; Intel Mac OS X 10_15_6) AppleWebKit/537.36 (KHTML, like Gecko) Chrome/84.0.4147.125 Safari/537.36"
207.46.13.18 - - [18/Oct/2025:14:02:33 -0400] "GET /goods/22293056.phtml HTTP/1.1" 200 18849 "-" "Mozilla/5.0 AppleWebKit/537.36 (KHTML, like Gecko; compatible; bingbot/2.0; +http://www.bing.com/bingbot.htm) Chrome/116.0.1938.76 Safari/537.36"
